I/dalvikvm( 551): threadid=1: recursive native library load attempt (/system/lib/libmedia_jni.so)
I/dalvikvm( 546): threadid=1: recursive native library load attempt (/system/lib/libwebcore.so)
I/dalvikvm( 551): threadid=1: recursive native library load attempt (/system/lib/libwebcore.so)
D/dalvikvm( 551): No JNI_OnLoad found in /system/lib/libchromium_net.so 0x0, skipping init
D/dalvikvm( 546): No JNI_OnLoad found in /system/lib/libchromium_net.so 0x0, skipping init
W/dalvikvm( 546): Exception Ljava/lang/RuntimeException; thrown while initializing Lorg/apache/harmony/security/provider/crypto/RandomBitsSupplier;
W/dalvikvm( 546): Exception Ljava/lang/ExceptionInInitializerError; thrown while initializing Lorg/apache/harmony/security/fortress/Services;
W/dalvikvm( 546): Exception Ljava/lang/ExceptionInInitializerError; thrown while initializing Ljava/security/KeyPairGenerator;
D/AndroidRuntime( 700):
D/AndroidRuntime( 700): >>>>>> AndroidRuntime START com.android.internal.os.ZygoteInit <<<<<<
D/AndroidRuntime( 700): CheckJNI is ON
E/Zygote ( 546): Error preloading java.security.KeyPairGenerator.
E/Zygote ( 546): java.lang.ExceptionInInitializerError
E/Zygote ( 546): at org.apache.harmony.security.provider.crypto.CryptoProvider.<init>(CryptoProvider.java:58)
E/Zygote ( 546): at java.lang.Class.newInstanceImpl(Native Method)
E/Zygote ( 546): at java.lang.Class.newInstance(Class.java:1130)
E/Zygote ( 546): at org.apache.harmony.security.fortress.Services.<clinit>(Services.java:79)
E/Zygote ( 546): at java.security.SecureRandom.<init>(SecureRandom.java:89)
E/Zygote ( 546): at java.security.KeyPairGenerator.<clinit>(KeyPairGenerator.java:40)
E/Zygote ( 546): at java.lang.Class.classForName(Native Method)
E/Zygote ( 546): at java.lang.Class.forName(Class.java:204)
E/Zygote ( 546): at java.lang.Class.forName(Class.java:169)
E/Zygote ( 546): at com.android.internal.os.ZygoteInit.preloadClasses(ZygoteInit.java:280)
E/Zygote ( 546): at com.android.internal.os.ZygoteInit.preload(ZygoteInit.java:227)
E/Zygote ( 546): at com.android.internal.os.ZygoteInit.main(ZygoteInit.java:524)
E/Zygote ( 546): at dalvik.system.NativeStart.main(Native Method)
E/Zygote ( 546): Caused by: java.lang.RuntimeException: java.io.FileNotFoundException: /dev/urandom: open failed: EACCES (Permission denied)
E/Zygote ( 546): at org.apache.harmony.security.provider.crypto.RandomBitsSupplier.<clinit>(RandomBitsSupplier.java:36)
E/Zygote ( 546): ... 13 more
E/Zygote ( 546): Caused by: java.io.FileNotFoundException: /dev/urandom: open failed: EACCES (Permission denied)
E/Zygote ( 546): at libcore.io.IoBridge.open(IoBridge.java:409)
E/Zygote ( 546): at java.io.FileInputStream.<init>(FileInputStream.java:78)
E/Zygote ( 546): at org.apache.harmony.security.provider.crypto.RandomBitsSupplier.<clinit>(RandomBitsSupplier.java:34)
E/Zygote ( 546): ... 13 more
E/Zygote ( 546): Caused by: libcore.io.ErrnoException: open failed: EACCES (Permission denied)
E/Zygote ( 546): at libcore.io.Posix.open(Native Method)
E/Zygote ( 546): at libcore.io.BlockGuardOs.open(BlockGuardOs.java:110)
E/Zygote ( 546): at libcore.io.IoBridge.open(IoBridge.java:393)
E/Zygote ( 546): ... 15 more
D/AndroidRuntime( 546): Shutting down VM
W/dalvikvm( 546): threadid=1: thread exiting with uncaught exception (group=0x40f1e7c0)
D/dalvikvm( 700): Trying to load lib libjavacore.so 0x0
D/dalvikvm( 700): Added shared lib libjavacore.so 0x0
D/dalvikvm( 700): Trying to load lib libnativehelper.so 0x0
D/dalvikvm( 700): Added shared lib libnativehelper.so 0x0
W/dalvikvm( 700): PR_SET_NO_NEW_PRIVS failed. Is your kernel compiled correctly?: Invalid argument
I/SamplingProfilerIntegration( 700): Profiling disabled.
D/MDnsDS ( 544): MDnsSdListener::Hander starting up
D/MDnsDS ( 544): MDnsSdListener starting to monitor
D/MDnsDS ( 544): Going to poll with pollCount 1
I/Zygote ( 700): Preloading classes...
E/cutils-trace( 700): Error opening trace file: No such file or directory (2)
D/dalvikvm( 700): Note: class Landroid/app/ActivityManagerNative; has 164 unimplemented (abstract) methods
Any idea to help me ? Thanks in advance.
If you want more information just tell me.
My device continue to go in bootloop. Don't know what to do or what information can be useful to find a solution.
Is there another way to try to port cyanogenmod to my device by small patch beginning with my stock rom ?

[Q] Some application is stopping my phone from booting

Somehow last night my phone (Galaxy S4 running AOSP 4.4.2) crashed and now it wont reboot. It just sticks on the screen with the four colours animation for ever. I tried deleting the Cache, and Davilik Cache but it has not fixed the problem .. after this is went through the Upgrading Android process for all the apps but then stuck on "Starting Apps" .. so pretty clearly some application is starting and has a problem and so my phone wont boot .. but is there anyway of finding out which application it is?? Im aware I can wipe data and start again but would like to solve the problem without this if its possible. I also tried re-flashing my ROM but it didnt help.
Thanks for any help in advance.
If it helps anybody help me, I plugged my phone into usb while it is stuck in the bootloop and ran
adb logcat *:E .. here is the result
--------- beginning of /dev/log/system
--------- beginning of /dev/log/main
E/DataRouter( 198): USB Interface is open with 0x9
E/kickstart-qcks( 226): Couldn't find "/dev/mdm", 1 of 10
E/macloader( 210): CID info file will be created!!!
E/wcnss_service( 221): CAL file not found
E/wcnss_service( 221): Failed to open wcnss device : No such file or directory
E/mm-camera( 211): qcamsvr_start: old_mode = 3f
E/INSTHK ( 249): Checked...
E/PPDaemon( 217): Failed to open the config file!
E/PPDaemon( 217): Panel type: 8
E/rmt_storage( 223): Remote storage service is not supported on mdm target
E/AT_Distributor( 212): Failed to init ATD
E/mm-camera( 211): qcamsvr_load_gesture_lib Error opening gesture library
E/mm-camera( 211): Cannot init Gesture library
E/mm-camera( 211): camera_plugin_create_func: handle = 0xb6c10008, client_open_fn = 0xb6c0d565, destroy_fn = 0xb6c0db99
E/QC-time-services( 220): Daemon:genoff_boot_tod_init: Unable to set TOD at boot up
E/QC-time-services( 220): Daemon: Unable to set TOD at boot up
E/QMI_FW ( 220): QMUXD: WARNING qmi_qmux_if_pwr_up_init failed! rc=-1
E/QMI_FW ( 220): QMUXD: WARNING qmi_qmux_if_pwr_up_init failed! rc=-1
E/QMI_FW ( 220): QMUXD: WARNING qmi_qmux_if_pwr_up_init failed! rc=-1
E/QMI_FW ( 220): QMUXD: WARNING qmi_qmux_if_pwr_up_init failed! rc=-1
E/QMI_FW ( 220): QMUXD: WARNING qmi_qmux_if_pwr_up_init failed! rc=-1
E/QMI_FW ( 220): QMUXD: WARNING qmi_qmux_if_pwr_up_init failed! rc=-1
E/QC-time-services( 220): Daemon:genoff_modem_qmi_init: qmi_client_get_service_list returned -2num_services 0
E/Diag_Lib( 195): Diag_LSM_Init: Failed to open handle to diag driver, error = 13
E/QCNEA ( 214): CnE Standard Version 4.01
E/QCNEA ( 214): CnE Pro Version 1.01
E/QCNEA ( 214): Cne WQE Version 0.1
E/QCNEA ( 214): Cne NSRM Version 1.01
E/Sensorhubs( 207): couldn't find 'ssp_context' input device
E/Sensorhubs( 207): SSPContext: open sensorhub device failed(-1)
E/PRDrmPlugIn( 202): PRDrmPlugin:RDrmPlugin
E/PRDrmPlugInImp( 202): PRDRMPluginAPI::create
E/PRDrmPlugInImp( 202): PRDRMPluginAPI::SetEventHandler
E/kickstart-qcks( 226): Couldn't find "/dev/mdm", 2 of 10
E/PRDrmPlugIn( 202): PRDrmPlugin:nGetSupportInfo, uniqueId = 0
E/Sensorhubs( 207): couldn't find 'gesture_sensor' input device
E/MediaPlayerFactory( 203): calling dlopen on FACTORY_LIB
E/MediaPlayerFactory( 203): calling dlsym on pFactoryLib for FACTORY_CREATE_FN
E/MediaPlayerFactory( 203): registering DASH Player factory...
E/QualcommCamera( 203): Qint android::get_number_of_cameras(): E
E/alsa_mixer( 203): Control open failed
E/ ( 203): [ACDB RTC]->rtc init done!->result [0]
E/Diag_Lib( 203): actp_diag_init: call diag init function with B50181DD
E/ ( 203): [ACDB ACPH]->actp diag init done!
E/ACDB-LOADER( 203): done with conversion, anc config size is 148
E/ACDB-LOADER( 203): done with conversion, anc config size is 148
E/ACDB-LOADER( 203): done with conversion, anc config size is 148
E/ACDB-LOADER( 203): done with conversion, anc config size is 148
E/ACDB-LOADER( 203): done with conversion, anc config size is 74
E/ACDB-LOADER( 203): done with conversion, anc config size is 74
E/AndroidRuntime( 201): cannot open customer xml file
E/AndroidRuntime( 201): /system/csc/customer.xml can't open file
E/kickstart-qcks( 226): Couldn't find "/dev/mdm", 3 of 10
E/ICD ( 194): There is no file or permission.
E/BootAnimation( 613): Could not open '/sys/devices/w1_bus_master1/w1_master_check_id'
E/kickstart-qcks( 226): Couldn't find "/dev/mdm", 4 of 10
E/EmojiFactory_jni( 201): Failed to load libemoji.so: dlopen failed: library "libemoji.so" not found
E/kickstart-qcks( 226): Couldn't find "/dev/mdm", 5 of 10
E/QMI_FW ( 220): QMUXD: WARNING qmi_qmux_if_pwr_up_init failed! rc=-1
E/QMI_FW ( 220): QMUXD: WARNING qmi_qmux_if_pwr_up_init failed! rc=-1
E/QMI_FW ( 220): QMUXD: WARNING qmi_qmux_if_pwr_up_init failed! rc=-1
E/QC-time-services( 220): Daemon:genoff_modem_qmi_init: qmi_client_get_service_list returned -2num_services 0
E/kickstart-qcks( 226): Couldn't find "/dev/mdm", 6 of 10
E/kickstart-qcks( 226): Couldn't find "/dev/mdm", 7 of 10
E/Sensors ( 768): getName gyro_sensor name file open error.
E/GyroSensor( 768): GyroSensor : getName of gyro_sensor failed.
E/TemperatureHumiditySensor( 768): Failed to open send_accuracy sysfs
E/Sensors ( 768): sensors__get_sensors_list gyro_sensor name file open error.
E/MagneticSensor( 768): enable, 122, data_fd = -1
E/GyroSensor( 768): enable, 148, data_fd = -1
E/TemperatureHumiditySensor( 768): enable, 216, data_fd = -1
E/TemperatureHumiditySensor( 768): enable, 216, data_fd = -1
E/Sensors ( 768): sensors__get_sensors_list gyro_sensor name file open error.
E/Sensors ( 768): sensors__get_sensors_list gyro_sensor name file open error.
E/kickstart-qcks( 226): Couldn't find "/dev/mdm", 8 of 10
E/kickstart-qcks( 226): Couldn't find "/dev/mdm", 9 of 10
E/QMI_FW ( 220): QMUXD: WARNING qmi_qmux_if_pwr_up_init failed! rc=-1
E/QMI_FW ( 220): QMUXD: WARNING qmi_qmux_if_pwr_up_init failed! rc=-1
E/QMI_FW ( 220): QMUXD: WARNING qmi_qmux_if_pwr_up_init failed! rc=-1
E/QC-time-services( 220): Daemon:genoff_modem_qmi_init: qmi_client_get_service_list returned -2num_services 0
E/kickstart-qcks( 226): Couldn't find "/dev/mdm", 10 of 10
E/kickstart-qcks( 226): '/dev/mdm' was not found
E/kickstart-qcks( 226): ERROR: Can't bring MDM9K out of reset
E/alsa_ucm( 203): EC_REF_RX mixer ctl: SLIM_RX
E/alsa_ucm( 203): EC_REF_RX mixer ctl: SLIM_RX
E/alsa_ucm( 203): EC_REF_RX mixer ctl: SLIM_RX
E/alsa_ucm( 203): EC_REF_RX mixer ctl: SLIM_RX
E/alsa_mixer( 203): Control open failed
E/ ( 203): csd_client_service_init: Invalid rx device 0, setting to handset
E/ ( 203): csd_client_service_init: Invalid tx device 0, setting to handset
E/alsa_ucm( 203): Invalid current verb value: Inactive - -1
E/alsa_ucm( 203): No valid device Speaker found
E/alsa_ucm( 203): Control device not initialized
E/alsa_ucm( 203): Control device not initialized
E/alsa_pcm( 203): cannot open device '/dev/snd/pcmC0D0p', errno 2
E/ALSADevice( 203): open: Failed to initialize ALSA device 'hw:0,0'
E/AudioHardwareALSA( 203): Device open failed
E/QMI_FW ( 203): xport_open: socket creation failed - 1
E/AudioPolicyManagerBase( 203): Not output found for attached devices 00000003
E/AudioPolicyManagerBase( 203): Failed to open primary output
E/AudioPolicyManagerBase( 203): getDeviceForStrategy() speaker device not found for STRATEGY_SONIFICATION
E/AudioPolicyManagerBase( 203): getDeviceForStrategy() speaker device not found for STRATEGY_SONIFICATION
E/Audio_Control_CSC( 203): /system/csc/sales_code.dat ==> cannot open file
E/AudioPolicyService( 203): couldn't init_check the audio policy (No such device)
E/QMI_FW ( 220): QMUXD: WARNING qmi_qmux_if_pwr_up_init failed! rc=-1
E/QMI_FW ( 220): QMUXD: WARNING qmi_qmux_if_pwr_up_init failed! rc=-1
E/QMI_FW ( 220): QMUXD: WARNING qmi_qmux_if_pwr_up_init failed! rc=-1
E/QC-time-services( 220): Daemon:genoff_modem_qmi_init: qmi_client_get_service_list returned -2num_services 0
E/QMI_FW ( 220): QMUXD: WARNING qmi_qmux_if_pwr_up_init failed! rc=-1
E/QMI_FW ( 220): QMUXD: WARNING qmi_qmux_if_pwr_up_init failed! rc=-1
E/QMI_FW ( 220): QMUXD: WARNING qmi_qmux_if_pwr_up_init failed! rc=-1
E/QC-time-services( 220): Daemon:genoff_modem_qmi_init: qmi_client_get_service_list returned -2num_services 0
E/QMI_FW ( 220): QMUXD: WARNING qmi_qmux_if_pwr_up_init failed! rc=-1
E/QMI_FW ( 220): QMUXD: WARNING qmi_qmux_if_pwr_up_init failed! rc=-1
E/QMI_FW ( 220): QMUXD: WARNING qmi_qmux_if_pwr_up_init failed! rc=-1
E/QC-time-services( 220): Daemon:genoff_modem_qmi_init: qmi_client_get_service_list returned -2num_services 0
E/QC-time-services( 220): Daemon:genoff_modem_qmi_init:retry count exceeds limitQMI init failed continuing withoutserver
E/QC-time-services( 220): Daemon: QMI init failed, QMI calls inactive
E/QC-time-services( 220): Daemon: Time-services: Waiting to acceptconnection
E/QMI_FW ( 203): QMUXD: Service_id=20 not found over conn_id=0
E/QMI_FW ( 203): QMUXD: Service_id=20 not found over conn_id=18
E/QMI_FW ( 203): QMUXD: Service_id=20 not found over conn_id=37
E/QMI_FW ( 203): open_lookup_sock_fd: Lookup sock fd creation failed
E/QMI_FW ( 203): QMUXD: Service_id=20 not found over conn_id=0
E/QMI_FW ( 203): QMUXD: Service_id=20 not found over conn_id=18
E/QMI_FW ( 203): QMUXD: Service_id=20 not found over conn_id=37
E/SensorHubManager( 768): JNI: sensorhubs_get_next_module: getSensorHubList: count= 2
E/SensorHubManager( 768): JNI: sensorhubs_get_next_module: getSensorHubList: count= 2
E/SensorHubManager( 768): JNI: sensorhubs_enabledisable: delay= 0
E/EventHub( 768): could not get driver version for /dev/input/mice, Not a typewriter
E/ConnectivityService( 768): Error in networkAttributes - ignoring attempt to define type 17
E/ConnectivityService( 768): Ignoring protectedNetwork 14
E/MobileDataStateTracker( 768): default: Ignoring feature request because could not acquire PhoneService
E/MobileDataStateTracker( 768): default: Could not enable APN type "default"
F/SystemServer( 768): BOOT FAILURE Creating Connectivity Engine Service
F/SystemServer( 768): java.lang.ClassNotFoundException: Didn't find class "com.quicinc.cne.CNE" on path: DexPathList[[],nativeLibraryDirectories=[/vendor/lib, /system/lib]]
F/SystemServer( 768): at dalvik.system.BaseDexClassLoader.findClass(BaseDexClassLoader.java:56)
F/SystemServer( 768): at java.lang.ClassLoader.loadClass(ClassLoader.java:497)
F/SystemServer( 768): at java.lang.ClassLoader.loadClass(ClassLoader.java:457)
F/SystemServer( 768): at com.android.server.ServerThread.initAndLoop(SystemServer.java:572)
F/SystemServer( 768): at com.android.server.SystemServer.main(SystemServer.java:1263)
F/SystemServer( 768): at java.lang.reflect.Method.invokeNative(Native Method)
F/SystemServer( 768): at java.lang.reflect.Method.invoke(Method.java:515)
F/SystemServer( 768): at com.android.internal.os.ZygoteInit$MethodAndArgsCaller.run(ZygoteInit.java:1264)
F/SystemServer( 768): at com.android.internal.os.ZygoteInit.main(ZygoteInit.java:1080)
F/SystemServer( 768): at dalvik.system.NativeStart.main(Native Method)
E/SystemServer( 768): Failed to load CNE class
E/SystemServer( 768): java.lang.ClassNotFoundException: Didn't find class "com.quicinc.cne.CNE" on path: DexPathList[[],nativeLibraryDirectories=[/vendor/lib, /system/lib]]
E/SystemServer( 768): at dalvik.system.BaseDexClassLoader.findClass(BaseDexClassLoader.java:56)
E/SystemServer( 768): at java.lang.ClassLoader.loadClass(ClassLoader.java:497)
E/SystemServer( 768): at java.lang.ClassLoader.loadClass(ClassLoader.java:457)
E/SystemServer( 768): at com.android.server.ServerThread.initAndLoop(SystemServer.java:572)
E/SystemServer( 768): at com.android.server.SystemServer.main(SystemServer.java:1263)
E/SystemServer( 768): at java.lang.reflect.Method.invokeNative(Native Method)
E/SystemServer( 768): at java.lang.reflect.Method.invoke(Method.java:515)
E/SystemServer( 768): at com.android.internal.os.ZygoteInit$MethodAndArgsCaller.run(ZygoteInit.java:1264)
E/SystemServer( 768): at com.android.internal.os.ZygoteInit.main(ZygoteInit.java:1080)
E/SystemServer( 768): at dalvik.system.NativeStart.main(Native Method)
E/wpa_supplicant( 1981): wpa_driver_nl80211_driver_cmd: failed to issue private commands
E/WifiStateMachine( 768): Unexpected BatchedScanResults :null
E/wpa_supplicant( 1981): wpa_driver_nl80211_driver_cmd: failed to issue private commands
E/ActivityManager( 768): Attempt to launch receivers of broadcast intent Intent { act=android.net.ConnectivityService.action.PKT_CNT_SAMPLE_INTERVAL_ELAPSED flg=0x4 (has extras) } before boot completion

[Q] Ingress not working on CM11 WEEKLY-7 Xperia P

Recently installed CM11 on my Sony Xperia P. Works great, even my Polar IWL pulse meter started working!
But i got sad when i tried to start ingress. It crashes after a few seconds.
So far i've tried wiping user data, reinstall, running from internal storage aswell as SD-card and rebooting. None of these helped.
Here is a logcat from when i try to start the app:
build.board: montblanc
build.bootloader: s1
build.brand: Sony
build.cpu_abi: armeabi-v7a
build.cpu_abi2: armeabi
build.device: nypon
build.display: cm_nypon-eng 4.4.2 KVT49L 53720c238d test-keys
build.fingerprint: Sony/cm_nypon/nypon:4.4.2/KVT49L/53720c238d:eng/test-keys
build.hardware: st-ericsson
build.host: LinuxHost
build.id: KVT49L
build.manufacturer: Sony
build.model: Xperia P
build.product: cm_nypon
build.radio: unknown
build.serial: CB511YSV33
build.tags: test-keys
build.time: 1400507778000
build.type: eng
build.user: Androiduser
version.codename: REL
version.incremental: 53720c238d
version.release: 4.4.2
version.sdk_int: 19
05-21 23:57:45.385 I/ActivityManager(2141): Start proc com.nianticproject.ingress for service com.nianticproject.ingress/.alarms.NemesisAlarmHandlingService: pid=11968 uid=10125 gids={50125, 3003, 1028, 1015}
05-22 00:00:24.478 I/ActivityManager(2141): START u0 {act=android.intent.action.MAIN cat=[android.intent.category.LAUNCHER] flg=0x10304000 pkg=com.nianticproject.ingress cmp=com.nianticproject.ingress/.NemesisActivity} from pid 2404
05-22 00:00:27.351 W/ActivityManager(2141): Force finishing activity com.nianticproject.ingress/.NemesisActivity
05-22 00:00:27.581 I/WindowState(2141): WIN DEATH: Window{424bd3a0 u0 com.nianticproject.ingress/com.nianticproject.ingress.NemesisActivity}
05-22 00:00:27.621 I/ActivityManager(2141): Process com.nianticproject.ingress (pid 11968) has died.
05-22 00:02:25.176 I/ActivityManager(2141): Start proc com.nianticproject.ingress for service com.nianticproject.ingress/.alarms.NemesisAlarmHandlingService: pid=12807 uid=10125 gids={50125, 3003, 1028, 1015}
05-22 00:02:59.615 I/ActivityManager(2141): START u0 {act=android.intent.action.MAIN cat=[android.intent.category.LAUNCHER] flg=0x10304000 pkg=com.nianticproject.ingress cmp=com.nianticproject.ingress/.NemesisActivity bnds=[226,249][482,476]} from pid 2404
05-22 00:03:02.948 W/ActivityManager(2141): Force finishing activity com.nianticproject.ingress/.NemesisActivity
05-22 00:03:03.159 I/WindowState(2141): WIN DEATH: Window{42471f68 u0 com.nianticproject.ingress/com.nianticproject.ingress.NemesisActivity}
05-22 00:03:03.189 I/ActivityManager(2141): Process com.nianticproject.ingress (pid 12807) has died.
05-22 00:05:04.364 I/ActivityManager(2141): Start proc com.nianticproject.ingress for service com.nianticproject.ingress/.alarms.NemesisAlarmHandlingService: pid=13238 uid=10125 gids={50125, 3003, 1028, 1015}
05-22 00:05:04.474 D/ActivityThread(13238): handleBindApplication:com.nianticproject.ingress
05-22 00:06:21.136 I/ActivityManager(2141): Process com.nianticproject.ingress (pid 13238) has died.
05-22 00:07:01.556 I/ActivityManager(2141): START u0 {act=android.intent.action.MAIN cat=[android.intent.category.LAUNCHER] flg=0x10304000 pkg=com.nianticproject.ingress cmp=com.nianticproject.ingress/.NemesisActivity} from pid 2404
05-22 00:07:01.906 I/ActivityManager(2141): Start proc com.nianticproject.ingress for activity com.nianticproject.ingress/.NemesisActivity: pid=14020 uid=10125 gids={50125, 3003, 1028, 1015}
05-22 00:07:02.006 D/ActivityThread(14020): handleBindApplication:com.nianticproject.ingress
05-22 00:07:02.226 D/dalvikvm(14020): Trying to load lib /mnt/asec/com.nianticproject.ingress-1/lib/libgdx.so 0x41b7b488
05-22 00:07:02.236 D/dalvikvm(14020): Added shared lib /mnt/asec/com.nianticproject.ingress-1/lib/libgdx.so 0x41b7b488
05-22 00:07:02.236 D/dalvikvm(14020): No JNI_OnLoad found in /mnt/asec/com.nianticproject.ingress-1/lib/libgdx.so 0x41b7b488, skipping init
05-22 00:07:02.877 D/dalvikvm(14020): Trying to load lib /mnt/asec/com.nianticproject.ingress-1/lib/libgdx.so 0x41b7b488
05-22 00:07:02.877 D/dalvikvm(14020): Shared lib '/mnt/asec/com.nianticproject.ingress-1/lib/libgdx.so' already loaded in same CL 0x41b7b488
05-22 00:07:02.947 I/ActivityManager(2141): Displayed com.nianticproject.ingress/.NemesisActivity: +1s59ms
05-22 00:07:02.947 I/Timeline(2141): Timeline: Activity_windows_visible id: ActivityRecord{41f1df48 u0 com.nianticproject.ingress/.NemesisActivity t26} time:2824479
05-22 00:07:03.437 D/dalvikvm(14020): Trying to load lib /mnt/asec/com.nianticproject.ingress-1/lib/libnemesis_native_release.so 0x41b7b488
05-22 00:07:03.467 D/dalvikvm(14020): Added shared lib /mnt/asec/com.nianticproject.ingress-1/lib/libnemesis_native_release.so 0x41b7b488
05-22 00:07:03.467 D/dalvikvm(14020): No JNI_OnLoad found in /mnt/asec/com.nianticproject.ingress-1/lib/libnemesis_native_release.so 0x41b7b488, skipping init
05-22 00:07:03.507 D/AwesomePlayer(1541): printFileName fd(33) -> /mnt/asec/com.nianticproject.ingress-1/pkg.apk
05-22 00:07:05.249 W/dalvikvm(14020): in Lcom/nianticproject/ingress/common/utility/Native;.aLjava/lang/Object;Ljava/lang/StringV (CallStaticObjectMethod)
05-22 00:07:05.259 I/dalvikvm(14020): at com.nianticproject.ingress.common.utility.Native.a(Native Method)
05-22 00:07:05.259 I/dalvikvm(14020): at com.nianticproject.ingress.j.a(SourceFile:119)
05-22 00:07:05.269 I/dalvikvm(14020): at com.nianticproject.ingress.common.aa.ac.a(SourceFile:27)
05-22 00:07:05.269 I/dalvikvm(14020): at com.nianticproject.ingress.common.aa.am.b(SourceFile:132)
05-22 00:07:05.269 I/dalvikvm(14020): at com.nianticproject.ingress.common.aa.bq.a(SourceFile:56)
05-22 00:07:05.269 I/dalvikvm(14020): at com.nianticproject.ingress.common.aa.u.a(SourceFile:99)
05-22 00:07:05.279 I/dalvikvm(14020): at com.nianticproject.ingress.common.startup.ae.a(SourceFile:57)
05-22 00:07:05.299 I/dalvikvm(14020): at com.nianticproject.ingress.common.f.c.call(SourceFile:382)
05-22 00:07:05.409 I/DEBUG (1536): pid: 14020, tid: 14064, name: BackgroundTask >>> com.nianticproject.ingress <<<
05-22 00:07:05.579 I/DEBUG (1536): #09 pc 00042339 /mnt/asec/com.nianticproject.ingress-1/lib/libnemesis_native_release.so
05-22 00:07:06.230 W/InputDispatcher(2141): channel '41ddbd58 com.nianticproject.ingress/com.nianticproject.ingress.NemesisActivity (server)' ~ Consumer closed input channel or an error occurred. events=0x9
05-22 00:07:06.230 E/InputDispatcher(2141): channel '41ddbd58 com.nianticproject.ingress/com.nianticproject.ingress.NemesisActivity (server)' ~ Channel is unrecoverably broken and will be disposed!
05-22 00:07:06.370 I/ActivityManager(2141): Process com.nianticproject.ingress (pid 14020) has died.
05-22 00:07:06.370 W/ActivityManager(2141): Force removing ActivityRecord{41f1df48 u0 com.nianticproject.ingress/.NemesisActivity t26}: app died, no saved state
05-22 00:07:06.380 W/InputDispatcher(2141): Attempted to unregister already unregistered input channel '41ddbd58 com.nianticproject.ingress/com.nianticproject.ingress.NemesisActivity (server)'
05-22 00:07:06.380 I/WindowState(2141): WIN DEATH: Window{41ddbd58 u0 com.nianticproject.ingress/com.nianticproject.ingress.NemesisActivity}
05-22 00:09:02.604 I/ActivityManager(2141): Start proc com.nianticproject.ingress for service com.nianticproject.ingress/.alarms.NemesisAlarmHandlingService: pid=14429 uid=10125 gids={50125, 3003, 1028, 1015}
05-22 00:09:02.674 D/ActivityThread(14429): handleBindApplication:com.nianticproject.ingress
Any help appreaciated!

s905x tv boxes problems with different launchers

I have a tv box with s905x running android 7.1.2. When i try to use different launcher than default (droidlogic mbox launcher), it force close it.
I searce the android log and i found that the error is probably with wallpaper manager. I have found that many people with tv boxes have the same problem.
Also if i try to put a wallpaper with an wallpaper app it crashes too.
The error is that WallpaperService not running.
How can i solve that?
Code:
9-05 20:22:06.328 4371 5498 I ActivityManager: START u0 {act=android.intent.action.MAIN cat=[android.intent.category.HOME] flg=0x13200000 cmp=net.pierrox.lightning_launcher_extreme/net.pierrox.lightning_launcher.activities.Dashboard (has extras)} from uid 1000 on display 0
09-05 20:22:06.400 4371 4526 I ActivityManager: Start proc 11428:net.pierrox.lightning_launcher_extreme/u0a50 for activity net.pierrox.lightning_launcher_extreme/net.pierrox.lightning_launcher.activities.Dashboard
09-05 20:22:06.512 4371 8711 W Binder : Binder call failed.
09-05 20:22:06.512 4371 8711 W Binder : java.lang.SecurityException: Neither user 1041 nor current process has android.permission.WAKE_LOCK.
09-05 20:22:06.512 4371 8711 W Binder : at android.app.ContextImpl.enforce(ContextImpl.java:1585)
09-05 20:22:06.512 4371 8711 W Binder : at android.app.ContextImpl.enforceCallingOrSelfPermission(ContextImpl.java:1617)
09-05 20:22:06.512 4371 8711 W Binder : at com.android.server.power.PowerManagerService$BinderService.updateWakeLockWorkSource(PowerManagerService.java:3453)
09-05 20:22:06.512 4371 8711 W Binder : at com.android.server.power.PowerManagerService$BinderService.updateWakeLockUids(PowerManagerService.java:3444)
09-05 20:22:06.512 4371 8711 W Binder : at android.os.IPowerManager$Stub.onTransact(IPowerManager.java:105)
09-05 20:22:06.512 4371 8711 W Binder : at android.os.Binder.execTransact(Binder.java:565)
09-05 20:22:06.514 4371 4642 I WindowManager: mLongPressOnHomeBehavior = 0
09-05 20:22:06.585 11428 11428 I art : Starting a blocking GC AddRemoveAppImageSpace
09-05 20:22:06.586 4371 4380 I art : Background partial concurrent mark sweep GC freed 13995(815KB) AllocSpace objects, 0(0B) LOS objects, 33% free, 8MB/13MB, paused 2.095ms total 126.137ms
09-05 20:22:06.586 11428 11428 W System : ClassLoader referenced unknown path: /system/lib/LightningLauncher
09-05 20:22:06.742 11428 11444 E ActivityThread: Failed to find provider info for net.pierrox.lightning_launcher.lwp_key
09-05 20:22:06.880 11428 11428 I auncher_extreme: type=1400 audit(0.0:297): avc: denied { read write } for name="gsm" dev="tmpfs" ino=10303 scontext=u:r:priv_app:s0:c512,c768 tcontext=u:object_r:gsm_device:s0 tclass=chr_file permissive=1
09-05 20:22:06.880 11428 11428 I auncher_extreme: type=1400 audit(0.0:298): avc: denied { open } for path="/dev/gsm" dev="tmpfs" ino=10303 scontext=u:r:priv_app:s0:c512,c768 tcontext=u:object_r:gsm_device:s0 tclass=chr_file permissive=1
09-05 20:22:07.368 11428 11428 W WallpaperManager: WallpaperService not running
09-05 20:22:07.369 11428 11428 E AndroidRuntime: FATAL EXCEPTION: main
09-05 20:22:07.369 11428 11428 E AndroidRuntime: Process: net.pierrox.lightning_launcher_extreme, PID: 11428
09-05 20:22:07.369 11428 11428 E AndroidRuntime: DeadSystemException: The system died; earlier logs will point to the root cause
09-05 20:22:07.373 4371 4920 W ActivityManager: Force finishing activity net.pierrox.lightning_launcher_extreme/net.pierrox.lightning_launcher.activities.Dashboard
I started android 8.1 treble and l also have a problem with droidlogic .

Categories

Resources