[Q] Query about logcat entry - Galaxy Ace S5830 General

i kept my phone for logcat and after 30 minutes when i looked at command prompt it was mostly filled with
D/BatteryService( 631): update start
D/BatteryService( 631): update start
D/BatteryService( 631): update start
D/BatteryService( 631): update start
D/BatteryService( 631): update start
D/BatteryService( 631): update start
D/BatteryService( 631): update start
D/BatteryService( 631): update start
D/BatteryService( 631): update start
D/BatteryService( 631): update start
D/BatteryService( 631): update start
D/BatteryService( 631): update start
D/BatteryService( 631): update start
D/BatteryService( 631): update start
D/BatteryService( 631): update start
D/BatteryService( 631): update start
D/BatteryService( 631): update start
D/BatteryService( 631): update start
D/BatteryService( 631): update start
D/BatteryService( 631): update start
D/BatteryService( 631): update start
D/BatteryService( 631): update start
D/BatteryService( 631): update start
D/BatteryService( 631): update start
D/BatteryService( 631): update start
D/BatteryService( 631): update start
D/BatteryService( 631): update start
D/BatteryService( 631): update start
D/BatteryService( 631): update start
D/BatteryService( 631): update start
D/BatteryService( 631): update start
D/BatteryService( 631): update start
D/BatteryService( 631): update start
D/BatteryService( 631): update start
D/BatteryService( 631): update start
D/BatteryService( 631): update start
D/BatteryService( 631): update start
D/BatteryService( 631): update start
D/BatteryService( 631): update start
D/BatteryService( 631): update start
D/BatteryService( 631): update start
D/BatteryService( 631): update start
D/BatteryService( 631): update start
D/BatteryService( 631): update start
D/BatteryService( 631): update start
what does that mean ?? which is this service ?? was not able to get any help from Google

no idea man

It's obviously the Battery Service
Sent from my GT-S5830 using XDA App

Probably the one that tells the battery percentage?
Sent from my GT-S5830 using Tapatalk

consegregate said:
Probably the one that tells the battery percentage?
Sent from my GT-S5830 using Tapatalk
Click to expand...
Click to collapse
It means that it keeps updating itself .
Sent from my GT-S5830 using XDA App

Related

Help ADB

Can someone tell me how to take logcat ??
I
Code:
C:\Program Files\Android\android-sdk\platform-tools>adb logcat
* daemon not running. starting it now on port 5037 *
* daemon started successfully *
waiting for device -
What to do now ???
Avilove.Cullen said:
Can someone tell me how to take logcat ??
I
Code:
C:\Program Files\Android\android-sdk\platform-tools>adb logcat
* daemon not running. starting it now on port 5037 *
* daemon started successfully *
waiting for device -
What to do now ???
Click to expand...
Click to collapse
enable usb debugging on phone. and do as you did before ....which rom dude ..?
Try restarting your PC and device and try again.
ajay8055 said:
enable usb debugging on phone. and do as you did before ....which rom dude ..?
Click to expand...
Click to collapse
My own rom which i had made ..
Tell me the exact steps ..
Do i have to boot in cwm ??
Code:
D/BatteryService( 2849): update start
D/BatteryService( 2849): update start
D/BatteryService( 2849): update start
D/BatteryService( 2849): update start
D/BatteryService( 2849): update start
D/BatteryService( 2849): update start
D/PowerManagerService( 2849): acquireWakeLock flags=0x1 tag=AlarmManager
D/PowerManagerService( 2849): releaseWakeLock flags=0x1 tag=AlarmManager
D/BatteryService( 2849): update start
D/BatteryService( 2849): updateBattery level:94 scale:100 status:2 health:2 pres
ent:true voltage: 4 temperature: 350 technology: Li-ion AC powered:false USB pow
ered:true icon:17302202
D/KeyguardViewMediator( 2849): Get ACTION_BATTERY_CHANGED
D/KeyguardViewMediator( 2849): informBatteryStatus ~ battPlugged / battStatus /
battHealth : true / 2 / 2
I/StatusBarPolicy( 2897): BAT. S:2 H:2
D/BatteryService( 2849): update start
D/BatteryService( 2849): update start
D/BatteryService( 2849): update start
D/BatteryService( 2849): update start
D/BatteryService( 2849): update start
D/BatteryService( 2849): update start
D/BatteryService( 2849): update start
D/BatteryService( 2849): update start
D/BatteryService( 2849): update start
D/BatteryService( 2849): update start
D/BatteryService( 2849): update start
D/BatteryService( 2849): update start
D/BatteryService( 2849): update start
D/BatteryService( 2849): update start
D/BatteryService( 2849): update start
D/BatteryService( 2849): updateBattery level:95 scale:100 status:2 health:2 pres
ent:true voltage: 4 temperature: 350 technology: Li-ion AC powered:false USB pow
ered:true icon:17302202
D/KeyguardViewMediator( 2849): Get ACTION_BATTERY_CHANGED
D/KeyguardViewMediator( 2849): informBatteryStatus ~ battPlugged / battStatus /
battHealth : true / 2 / 2
I/StatusBarPolicy( 2897): BAT. S:2 H:2
D/BatteryService( 2849): update start
D/BatteryService( 2849): update start
D/PowerManagerService( 2849): acquireWakeLock flags=0x1 tag=AlarmManager
D/PowerManagerService( 2849): releaseWakeLock flags=0x1 tag=AlarmManager
D/BatteryService( 2849): update start
D/BatteryService( 2849): update start
D/BatteryService( 2849): update start
D/BatteryService( 2849): update start
D/BatteryService( 2849): update start
D/BatteryService( 2849): update start
D/BatteryService( 2849): update start
D/BatteryService( 2849): update start
D/BatteryService( 2849): update start
D/BatteryService( 2849): update start
D/BatteryService( 2849): updateBattery level:100 scale:100 status:2 health:2 pre
sent:true voltage: 4 temperature: 350 technology: Li-ion AC powered:false USB po
wered:true icon:17302202
D/KeyguardViewMediator( 2849): Get ACTION_BATTERY_CHANGED
D/KeyguardViewMediator( 2849): informBatteryStatus ~ battPlugged / battStatus /
battHealth : true / 2 / 2
I/StatusBarPolicy( 2897): BAT. S:2 H:2
D/BatteryService( 2849): update start
D/BatteryService( 2849): update start
I/ScreenCaptureAction( 2849): isHomeKeyPressed(), return value = false
D/KeyguardViewMediator( 2849): onWakeKeyWhenKeyguardShowing(26)
D/KeyguardViewMediator( 2849): wakeWhenReadyLocked(26)
D/PowerManagerService( 2849): acquireWakeLock flags=0x1 tag=keyguardWakeAndHandO
ff
D/InputReader( 2849): Input event: value=1
E/power ( 2849): *** set_screen_state 1
D/KeyguardViewMediator( 2849): onScreenTurnedOn, seq = 122
D/KeyguardViewMediator( 2849): notifyScreenOnLocked
I/OrientationDebug( 2849): [pwm] in updateOrientationListenerLp()
V/OrientationDebug( 2849): in updateOrientationListenerLp(), Screen status=true,
current orientation=1, SensorEnabled=false
I/OrientationDebug( 2849): [pwm] needSensorRunningLp(), return false #3
D/PowerManagerService( 2849): acquireWakeLock flags=0x1000001a tag=keyguard
D/PowerManagerService( 2849): reactivateScreenLocksLocked mProxIgnoredBecauseScr
eenTurnedOff=false
I/PowerManagerService( 2849): Ulight 0->7|0
D/PowerManagerService( 2849): setLightBrightness : mButtonLight : 255
D/PowerManagerService( 2849): acquireWakeLock flags=0x1 tag=sleep_broadcast
D/PowerManagerService( 2849): jumpToTargetLocked targetValue=255: 2
I/PowerManagerService( 2849): Light Animator Finished curIntValue=255
D/PowerManagerService( 2849): releaseWakeLock flags=0x1 tag=keyguardWakeAndHandO
ff
V/WindowManager( 2849): Setting event dispatching to true
D/KeyguardViewMediator( 2849): handleNotifyScreenOn
D/LockScreen( 2849): getCarrierString( telephonyPlmn =null, telephonySpn = TATA
DOCOMO)
D/LockScreen( 2849): getCarrierString( telephonyPlmn =null, telephonySpn = TATA
DOCOMO)
D/PowerManagerService( 2849): acquireWakeLock flags=0x1 tag=RILJ
D/PowerManagerService( 2849): releaseWakeLock flags=0x1 tag=RILJ
D/PowerManagerService( 2849): acquireWakeLock flags=0x1 tag=RILJ
D/PowerManagerService( 2849): acquireWakeLock flags=0x1 tag=RILJ
D/PowerManagerService( 2849): acquireWakeLock flags=0x1 tag=RILJ
D/PowerManagerService( 2849): releaseWakeLock flags=0x1 tag=RILJ
D/PowerManagerService( 2849): acquireWakeLock flags=0x1 tag=RILJ
D/PowerManagerService( 2849): releaseWakeLock flags=0x1 tag=RILJ
I/LOG_TAG ( 2919): [PNN] [getAllEonsNames] OPL_MCCMNC[0]=[405029]
I/LOG_TAG ( 2919): [PNN] [getAllEonsNames] OPL_LAC1[0]=[0]
I/LOG_TAG ( 2919): [PNN] [getAllEonsNames] OPL_LAC2[0]=[65534]
I/LOG_TAG ( 2919): [PNN] [getAllEonsNames] OPL_INDEX[0]=[1]
I/LOG_TAG ( 2919): [PNN] [getAllEonsNames] OPL_MCCMNC[1]=[405032]
I/LOG_TAG ( 2919): [PNN] [getAllEonsNames] OPL_LAC1[1]=[0]
I/LOG_TAG ( 2919): [PNN] [getAllEonsNames] OPL_LAC2[1]=[65534]
I/LOG_TAG ( 2919): [PNN] [getAllEonsNames] OPL_INDEX[1]=[1]
I/LOG_TAG ( 2919): [PNN] [getAllEonsNames] OPL_MCCMNC[2]=[405042]
I/LOG_TAG ( 2919): [PNN] [getAllEonsNames] OPL_LAC1[2]=[0]
I/LOG_TAG ( 2919): [PNN] [getAllEonsNames] OPL_LAC2[2]=[65534]
I/LOG_TAG ( 2919): [PNN] [getAllEonsNames] OPL_INDEX[2]=[1]
I/LOG_TAG ( 2919): [PNN] [getAllEonsNames] OPL_MCCMNC[3]=[405031]
I/LOG_TAG ( 2919): [PNN] [getAllEonsNames] OPL_LAC1[3]=[0]
I/LOG_TAG ( 2919): [PNN] [getAllEonsNames] OPL_LAC2[3]=[65534]
I/LOG_TAG ( 2919): [PNN] [getAllEonsNames] OPL_INDEX[3]=[1]
I/LOG_TAG ( 2919): [PNN] [getAllEonsNames] OPL_MCCMNC[4]=[405045]
I/LOG_TAG ( 2919): [PNN] [getAllEonsNames] OPL_LAC1[4]=[0]
I/LOG_TAG ( 2919): [PNN] [getAllEonsNames] OPL_LAC2[4]=[65534]
I/LOG_TAG ( 2919): [PNN] [getAllEonsNames] OPL_INDEX[4]=[1]
I/LOG_TAG ( 2919): [PNN] [getAllEonsNames] OPL_MCCMNC[5]=[405046]
I/LOG_TAG ( 2919): [PNN] [getAllEonsNames] OPL_LAC1[5]=[0]
I/LOG_TAG ( 2919): [PNN] [getAllEonsNames] OPL_LAC2[5]=[65534]
I/LOG_TAG ( 2919): [PNN] [getAllEonsNames] OPL_INDEX[5]=[1]
I/LOG_TAG ( 2919): [PNN] [getAllEonsNames] OPL_MCCMNC[6]=[405043]
I/LOG_TAG ( 2919): [PNN] [getAllEonsNames] OPL_LAC1[6]=[0]
I/LOG_TAG ( 2919): [PNN] [getAllEonsNames] OPL_LAC2[6]=[65534]
I/LOG_TAG ( 2919): [PNN] [getAllEonsNames] OPL_INDEX[6]=[1]
I/LOG_TAG ( 2919): [PNN] [getAllEonsNames] OPL_MCCMNC[7]=[405030]
I/LOG_TAG ( 2919): [PNN] [getAllEonsNames] OPL_LAC1[7]=[0]
I/LOG_TAG ( 2919): [PNN] [getAllEonsNames] OPL_LAC2[7]=[65534]
I/LOG_TAG ( 2919): [PNN] [getAllEonsNames] OPL_INDEX[7]=[1]
I/LOG_TAG ( 2919): [PNN] [getAllEonsNames] OPL_MCCMNC[8]=[405038]
I/LOG_TAG ( 2919): [PNN] [getAllEonsNames] OPL_LAC1[8]=[0]
I/LOG_TAG ( 2919): [PNN] [getAllEonsNames] OPL_LAC2[8]=[65534]
I/LOG_TAG ( 2919): [PNN] [getAllEonsNames] OPL_INDEX[8]=[1]
I/LOG_TAG ( 2919): [PNN] [getAllEonsNames] OPL_MCCMNC[9]=[405036]
I/LOG_TAG ( 2919): [PNN] [getAllEonsNames] OPL_LAC1[9]=[0]
I/LOG_TAG ( 2919): [PNN] [getAllEonsNames] OPL_LAC2[9]=[65534]
I/LOG_TAG ( 2919): [PNN] [getAllEonsNames] OPL_INDEX[9]=[1]
I/LOG_TAG ( 2919): [PNN] [getAllEonsNames] OPL_MCCMNC[10]=[405047]
I/LOG_TAG ( 2919): [PNN] [getAllEonsNames] OPL_LAC1[10]=[0]
I/LOG_TAG ( 2919): [PNN] [getAllEonsNames] OPL_LAC2[10]=[65534]
I/LOG_TAG ( 2919): [PNN] [getAllEonsNames] OPL_INDEX[10]=[1]
I/LOG_TAG ( 2919): [PNN] [getAllEonsNames] OPL_MCCMNC[11]=[405027]
I/LOG_TAG ( 2919): [PNN] [getAllEonsNames] OPL_LAC1[11]=[0]
I/LOG_TAG ( 2919): [PNN] [getAllEonsNames] OPL_LAC2[11]=[65534]
I/LOG_TAG ( 2919): [PNN] [getAllEonsNames] OPL_INDEX[11]=[1]
I/LOG_TAG ( 2919): [PNN] [getAllEonsNames] OPL_MCCMNC[12]=[405041]
I/LOG_TAG ( 2919): [PNN] [getAllEonsNames] OPL_LAC1[12]=[0]
I/LOG_TAG ( 2919): [PNN] [getAllEonsNames] OPL_LAC2[12]=[65534]
I/LOG_TAG ( 2919): [PNN] [getAllEonsNames] OPL_INDEX[12]=[1]
I/LOG_TAG ( 2919): [PNN] [getAllEonsNames] EonsName found=[TATA DOCOMO]
D/FastDormancy( 2919): [FD] INTENT ACTION android.intent.action.SCREEN_ON
D/FastDormancy( 2919): [FD] mIsScreenOn: true
D/PowerManagerService( 2849): releaseWakeLock flags=0x1 tag=sleep_broadcast
D/InputReader( 2849): Input event: value=0
I/ScreenCaptureAction( 2849): isHomeKeyPressed(), return value = false
D/BatteryService( 2849): update start
D/BatteryService( 2849): update start
D/BatteryService( 2849): update start
D/pvymods ( 2897): onSignalStrengthChanged 17
D/pvymods ( 2897): signal update
D/KeyguardViewMediator( 2849): handleTimeout
D/PowerManagerService( 2849): releaseWakeLock flags=0x1000001a tag=keyguard
I/PowerManagerService( 2849): Ulight 7->0|0
D/PowerManagerService( 2849): setLightBrightness : mButtonLight : 0
E/power ( 2849): *** set_screen_state 0
D/PowerManagerService( 2849): jumpToTargetLocked targetValue=0: 2
I/PowerManagerService( 2849): Light Animator Finished curIntValue=0
W/PowerManagerService( 2849): CurLockF mPS:0 mUS=0
W/PowerManagerService( 2849): mPokeLocks.size=0:
D/PowerManagerService( 2849): sendNotificationLocked on=false
D/PowerManagerService( 2849): acquireWakeLock flags=0x1 tag=sleep_broadcast
D/KeyguardViewMediator( 2849): onScreenTurnedOff(3)
D/KeyguardViewMediator( 2849): notifyScreenOffLocked
D/KeyguardViewMediator( 2849): resetStateLocked
I/OrientationDebug( 2849): [pwm] in updateOrientationListenerLp()
V/OrientationDebug( 2849): in updateOrientationListenerLp(), Screen status=false
, current orientation=1, SensorEnabled=false
D/KeyguardViewMediator( 2849): handleNotifyScreenOff
D/SlidingTab( 2849): forceResetSlidingTab()
D/KeyguardViewMediator( 2849): handleReset
V/WindowManager( 2849): Setting event dispatching to false
D/PowerManagerService( 2849): acquireWakeLock flags=0x1 tag=ActivityManager-Slee
p
D/PowerManagerService( 2849): releaseWakeLock flags=0x1 tag=ActivityManager-Slee
p
D/PowerManagerService( 2849): acquireWakeLock flags=0x1 tag=RILJ
D/PowerManagerService( 2849): releaseWakeLock flags=0x1 tag=RILJ
D/FastDormancy( 2919): [FD] INTENT ACTION android.intent.action.SCREEN_OFF
D/FastDormancy( 2919): [FD] mIsScreenOn: false
I/Launcher( 2906): ACTION_SCREEN_OFF
D/PowerManagerService( 2849): releaseWakeLock flags=0x1 tag=sleep_broadcast
D/pvymods ( 2897): onSignalStrengthChanged 18
D/pvymods ( 2897): signal update
D/BatteryService( 2849): update start
D/BatteryService( 2849): update start
D/BatteryService( 2849): update start
D/pvymods ( 2897): onSignalStrengthChanged 19
D/pvymods ( 2897): signal update
D/PowerManagerService( 2849): acquireWakeLock flags=0x1 tag=AlarmManager
D/PowerManagerService( 2849): releaseWakeLock flags=0x1 tag=AlarmManager
D/pvymods ( 2897): onSignalStrengthChanged 18
D/pvymods ( 2897): signal update
D/BatteryService( 2849): update start
D/BatteryService( 2849): update start
D/BatteryService( 2849): update start
D/BatteryService( 2849): update start
D/BatteryService( 2849): update start
D/BatteryService( 2849): update start
D/pvymods ( 2897): onSignalStrengthChanged 19
D/pvymods ( 2897): signal update
D/PowerManagerService( 2849): acquireWakeLock flags=0x1 tag=AlarmManager
D/PowerManagerService( 2849): releaseWakeLock flags=0x1 tag=AlarmManager
D/BatteryService( 2849): update start
D/BatteryService( 2849): update start
D/BatteryService( 2849): update start
D/BatteryService( 2849): update start
D/BatteryService( 2849): update start
D/BatteryService( 2849): update start
D/BatteryService( 2849): update start
D/BatteryService( 2849): update start
D/BatteryService( 2849): update start
D/pvymods ( 2897): onSignalStrengthChanged 18
D/pvymods ( 2897): signal update
D/BatteryService( 2849): update start
D/BatteryService( 2849): update start
D/BatteryService( 2849): update start
D/PowerManagerService( 2849): acquireWakeLock flags=0x1 tag=AlarmManager
D/PowerManagerService( 2849): releaseWakeLock flags=0x1 tag=AlarmManager
D/BatteryService( 2849): update start
D/BatteryService( 2849): update start
D/BatteryService( 2849): update start
D/BatteryService( 2849): update start
D/BatteryService( 2849): update start
D/BatteryService( 2849): update start
D/BatteryService( 2849): update start
D/BatteryService( 2849): update start
D/BatteryService( 2849): update start
D/BatteryService( 2849): update start
D/BatteryService( 2849): update start
D/BatteryService( 2849): update start
D/BatteryService( 2849): update start
D/BatteryService( 2849): update start
D/BatteryService( 2849): update start
D/BatteryService( 2849): update start
D/BatteryService( 2849): update start
D/BatteryService( 2849): update start
D/PowerManagerService( 2849): acquireWakeLock flags=0x1 tag=AlarmManager
D/PowerManagerService( 2849): releaseWakeLock flags=0x1 tag=AlarmManager
D/BatteryService( 2849): update start
D/BatteryService( 2849): update start
D/BatteryService( 2849): update start
D/BatteryService( 2849): update start
D/BatteryService( 2849): update start
D/BatteryService( 2849): update start
D/pvymods ( 2897): onSignalStrengthChanged 19
D/pvymods ( 2897): signal update
D/BatteryService( 2849): update start
D/BatteryService( 2849): update start
D/BatteryService( 2849): update start
D/pvymods ( 2897): onSignalStrengthChanged 18
D/pvymods ( 2897): signal update
D/BatteryService( 2849): update start
D/BatteryService( 2849): update start
D/BatteryService( 2849): update start
D/BatteryService( 2849): update start
D/BatteryService( 2849): update start
D/BatteryService( 2849): update start
D/pvymods ( 2897): onSignalStrengthChanged 17
D/pvymods ( 2897): signal update
D/pvymods ( 2897): onSignalStrengthChanged 18
D/pvymods ( 2897): signal update
D/BatteryService( 2849): update start
D/BatteryService( 2849): update start
D/BatteryService( 2849): update start
D/PowerManagerService( 2849): acquireWakeLock flags=0x1 tag=AlarmManager
D/PowerManagerService( 2849): releaseWakeLock flags=0x1 tag=AlarmManager
D/BatteryService( 2849): update start
D/BatteryService( 2849): update start
D/BatteryService( 2849): update start
D/BatteryService( 2849): update start
D/BatteryService( 2849): update start
D/BatteryService( 2849): update start
D/BatteryService( 2849): update start
D/BatteryService( 2849): update start
D/BatteryService( 2849): update start
D/pvymods ( 2897): onSignalStrengthChanged 19
D/pvymods ( 2897): signal update
D/BatteryService( 2849): update start
D/BatteryService( 2849): update start
D/BatteryService( 2849): update start
D/pvymods ( 2897): onSignalStrengthChanged 20
D/pvymods ( 2897): signal update
D/BatteryService( 2849): update start
D/BatteryService( 2849): update start
D/BatteryService( 2849): update start
D/BatteryService( 2849): update start
D/BatteryService( 2849): update start
D/BatteryService( 2849): update start
Logcat looks like this ???
Avilove.Cullen said:
Code:
D/BatteryService( 2849): update start
D/BatteryService( 2849): update start
D/BatteryService( 2849): update start
D/BatteryService( 2849): update start
D/BatteryService( 2849): update start
D/BatteryService( 2849): update start
D/PowerManagerService( 2849): acquireWakeLock flags=0x1 tag=AlarmManager
D/PowerManagerService( 2849): releaseWakeLock flags=0x1 tag=AlarmManager
D/BatteryService( 2849): update start
D/BatteryService( 2849): updateBattery level:94 scale:100 status:2 health:2 pres
ent:true voltage: 4 temperature: 350 technology: Li-ion AC powered:false USB pow
ered:true icon:17302202
D/KeyguardViewMediator( 2849): Get ACTION_BATTERY_CHANGED
D/KeyguardViewMediator( 2849): informBatteryStatus ~ battPlugged / battStatus /
battHealth : true / 2 / 2
I/StatusBarPolicy( 2897): BAT. S:2 H:2
D/BatteryService( 2849): update start
D/BatteryService( 2849): update start
D/BatteryService( 2849): update start
D/BatteryService( 2849): update start
D/BatteryService( 2849): update start
D/BatteryService( 2849): update start
D/BatteryService( 2849): update start
D/BatteryService( 2849): update start
D/BatteryService( 2849): update start
D/BatteryService( 2849): update start
D/BatteryService( 2849): update start
D/BatteryService( 2849): update start
D/BatteryService( 2849): update start
D/BatteryService( 2849): update start
D/BatteryService( 2849): update start
D/BatteryService( 2849): updateBattery level:95 scale:100 status:2 health:2 pres
ent:true voltage: 4 temperature: 350 technology: Li-ion AC powered:false USB pow
ered:true icon:17302202
D/KeyguardViewMediator( 2849): Get ACTION_BATTERY_CHANGED
D/KeyguardViewMediator( 2849): informBatteryStatus ~ battPlugged / battStatus /
battHealth : true / 2 / 2
I/StatusBarPolicy( 2897): BAT. S:2 H:2
D/BatteryService( 2849): update start
D/BatteryService( 2849): update start
D/PowerManagerService( 2849): acquireWakeLock flags=0x1 tag=AlarmManager
D/PowerManagerService( 2849): releaseWakeLock flags=0x1 tag=AlarmManager
D/BatteryService( 2849): update start
D/BatteryService( 2849): update start
D/BatteryService( 2849): update start
D/BatteryService( 2849): update start
D/BatteryService( 2849): update start
D/BatteryService( 2849): update start
D/BatteryService( 2849): update start
D/BatteryService( 2849): update start
D/BatteryService( 2849): update start
D/BatteryService( 2849): update start
D/BatteryService( 2849): updateBattery level:100 scale:100 status:2 health:2 pre
sent:true voltage: 4 temperature: 350 technology: Li-ion AC powered:false USB po
wered:true icon:17302202
D/KeyguardViewMediator( 2849): Get ACTION_BATTERY_CHANGED
D/KeyguardViewMediator( 2849): informBatteryStatus ~ battPlugged / battStatus /
battHealth : true / 2 / 2
I/StatusBarPolicy( 2897): BAT. S:2 H:2
D/BatteryService( 2849): update start
D/BatteryService( 2849): update start
I/ScreenCaptureAction( 2849): isHomeKeyPressed(), return value = false
D/KeyguardViewMediator( 2849): onWakeKeyWhenKeyguardShowing(26)
D/KeyguardViewMediator( 2849): wakeWhenReadyLocked(26)
D/PowerManagerService( 2849): acquireWakeLock flags=0x1 tag=keyguardWakeAndHandO
ff
D/InputReader( 2849): Input event: value=1
E/power ( 2849): *** set_screen_state 1
D/KeyguardViewMediator( 2849): onScreenTurnedOn, seq = 122
D/KeyguardViewMediator( 2849): notifyScreenOnLocked
I/OrientationDebug( 2849): [pwm] in updateOrientationListenerLp()
V/OrientationDebug( 2849): in updateOrientationListenerLp(), Screen status=true,
current orientation=1, SensorEnabled=false
I/OrientationDebug( 2849): [pwm] needSensorRunningLp(), return false #3
D/PowerManagerService( 2849): acquireWakeLock flags=0x1000001a tag=keyguard
D/PowerManagerService( 2849): reactivateScreenLocksLocked mProxIgnoredBecauseScr
eenTurnedOff=false
I/PowerManagerService( 2849): Ulight 0->7|0
D/PowerManagerService( 2849): setLightBrightness : mButtonLight : 255
D/PowerManagerService( 2849): acquireWakeLock flags=0x1 tag=sleep_broadcast
D/PowerManagerService( 2849): jumpToTargetLocked targetValue=255: 2
I/PowerManagerService( 2849): Light Animator Finished curIntValue=255
D/PowerManagerService( 2849): releaseWakeLock flags=0x1 tag=keyguardWakeAndHandO
ff
V/WindowManager( 2849): Setting event dispatching to true
D/KeyguardViewMediator( 2849): handleNotifyScreenOn
D/LockScreen( 2849): getCarrierString( telephonyPlmn =null, telephonySpn = TATA
DOCOMO)
D/LockScreen( 2849): getCarrierString( telephonyPlmn =null, telephonySpn = TATA
DOCOMO)
D/PowerManagerService( 2849): acquireWakeLock flags=0x1 tag=RILJ
D/PowerManagerService( 2849): releaseWakeLock flags=0x1 tag=RILJ
D/PowerManagerService( 2849): acquireWakeLock flags=0x1 tag=RILJ
D/PowerManagerService( 2849): acquireWakeLock flags=0x1 tag=RILJ
D/PowerManagerService( 2849): acquireWakeLock flags=0x1 tag=RILJ
D/PowerManagerService( 2849): releaseWakeLock flags=0x1 tag=RILJ
D/PowerManagerService( 2849): acquireWakeLock flags=0x1 tag=RILJ
D/PowerManagerService( 2849): releaseWakeLock flags=0x1 tag=RILJ
I/LOG_TAG ( 2919): [PNN] [getAllEonsNames] OPL_MCCMNC[0]=[405029]
I/LOG_TAG ( 2919): [PNN] [getAllEonsNames] OPL_LAC1[0]=[0]
I/LOG_TAG ( 2919): [PNN] [getAllEonsNames] OPL_LAC2[0]=[65534]
I/LOG_TAG ( 2919): [PNN] [getAllEonsNames] OPL_INDEX[0]=[1]
I/LOG_TAG ( 2919): [PNN] [getAllEonsNames] OPL_MCCMNC[1]=[405032]
I/LOG_TAG ( 2919): [PNN] [getAllEonsNames] OPL_LAC1[1]=[0]
I/LOG_TAG ( 2919): [PNN] [getAllEonsNames] OPL_LAC2[1]=[65534]
I/LOG_TAG ( 2919): [PNN] [getAllEonsNames] OPL_INDEX[1]=[1]
I/LOG_TAG ( 2919): [PNN] [getAllEonsNames] OPL_MCCMNC[2]=[405042]
I/LOG_TAG ( 2919): [PNN] [getAllEonsNames] OPL_LAC1[2]=[0]
I/LOG_TAG ( 2919): [PNN] [getAllEonsNames] OPL_LAC2[2]=[65534]
I/LOG_TAG ( 2919): [PNN] [getAllEonsNames] OPL_INDEX[2]=[1]
I/LOG_TAG ( 2919): [PNN] [getAllEonsNames] OPL_MCCMNC[3]=[405031]
I/LOG_TAG ( 2919): [PNN] [getAllEonsNames] OPL_LAC1[3]=[0]
I/LOG_TAG ( 2919): [PNN] [getAllEonsNames] OPL_LAC2[3]=[65534]
I/LOG_TAG ( 2919): [PNN] [getAllEonsNames] OPL_INDEX[3]=[1]
I/LOG_TAG ( 2919): [PNN] [getAllEonsNames] OPL_MCCMNC[4]=[405045]
I/LOG_TAG ( 2919): [PNN] [getAllEonsNames] OPL_LAC1[4]=[0]
I/LOG_TAG ( 2919): [PNN] [getAllEonsNames] OPL_LAC2[4]=[65534]
I/LOG_TAG ( 2919): [PNN] [getAllEonsNames] OPL_INDEX[4]=[1]
I/LOG_TAG ( 2919): [PNN] [getAllEonsNames] OPL_MCCMNC[5]=[405046]
I/LOG_TAG ( 2919): [PNN] [getAllEonsNames] OPL_LAC1[5]=[0]
I/LOG_TAG ( 2919): [PNN] [getAllEonsNames] OPL_LAC2[5]=[65534]
I/LOG_TAG ( 2919): [PNN] [getAllEonsNames] OPL_INDEX[5]=[1]
I/LOG_TAG ( 2919): [PNN] [getAllEonsNames] OPL_MCCMNC[6]=[405043]
I/LOG_TAG ( 2919): [PNN] [getAllEonsNames] OPL_LAC1[6]=[0]
I/LOG_TAG ( 2919): [PNN] [getAllEonsNames] OPL_LAC2[6]=[65534]
I/LOG_TAG ( 2919): [PNN] [getAllEonsNames] OPL_INDEX[6]=[1]
I/LOG_TAG ( 2919): [PNN] [getAllEonsNames] OPL_MCCMNC[7]=[405030]
I/LOG_TAG ( 2919): [PNN] [getAllEonsNames] OPL_LAC1[7]=[0]
I/LOG_TAG ( 2919): [PNN] [getAllEonsNames] OPL_LAC2[7]=[65534]
I/LOG_TAG ( 2919): [PNN] [getAllEonsNames] OPL_INDEX[7]=[1]
I/LOG_TAG ( 2919): [PNN] [getAllEonsNames] OPL_MCCMNC[8]=[405038]
I/LOG_TAG ( 2919): [PNN] [getAllEonsNames] OPL_LAC1[8]=[0]
I/LOG_TAG ( 2919): [PNN] [getAllEonsNames] OPL_LAC2[8]=[65534]
I/LOG_TAG ( 2919): [PNN] [getAllEonsNames] OPL_INDEX[8]=[1]
I/LOG_TAG ( 2919): [PNN] [getAllEonsNames] OPL_MCCMNC[9]=[405036]
I/LOG_TAG ( 2919): [PNN] [getAllEonsNames] OPL_LAC1[9]=[0]
I/LOG_TAG ( 2919): [PNN] [getAllEonsNames] OPL_LAC2[9]=[65534]
I/LOG_TAG ( 2919): [PNN] [getAllEonsNames] OPL_INDEX[9]=[1]
I/LOG_TAG ( 2919): [PNN] [getAllEonsNames] OPL_MCCMNC[10]=[405047]
I/LOG_TAG ( 2919): [PNN] [getAllEonsNames] OPL_LAC1[10]=[0]
I/LOG_TAG ( 2919): [PNN] [getAllEonsNames] OPL_LAC2[10]=[65534]
I/LOG_TAG ( 2919): [PNN] [getAllEonsNames] OPL_INDEX[10]=[1]
I/LOG_TAG ( 2919): [PNN] [getAllEonsNames] OPL_MCCMNC[11]=[405027]
I/LOG_TAG ( 2919): [PNN] [getAllEonsNames] OPL_LAC1[11]=[0]
I/LOG_TAG ( 2919): [PNN] [getAllEonsNames] OPL_LAC2[11]=[65534]
I/LOG_TAG ( 2919): [PNN] [getAllEonsNames] OPL_INDEX[11]=[1]
I/LOG_TAG ( 2919): [PNN] [getAllEonsNames] OPL_MCCMNC[12]=[405041]
I/LOG_TAG ( 2919): [PNN] [getAllEonsNames] OPL_LAC1[12]=[0]
I/LOG_TAG ( 2919): [PNN] [getAllEonsNames] OPL_LAC2[12]=[65534]
I/LOG_TAG ( 2919): [PNN] [getAllEonsNames] OPL_INDEX[12]=[1]
I/LOG_TAG ( 2919): [PNN] [getAllEonsNames] EonsName found=[TATA DOCOMO]
D/FastDormancy( 2919): [FD] INTENT ACTION android.intent.action.SCREEN_ON
D/FastDormancy( 2919): [FD] mIsScreenOn: true
D/PowerManagerService( 2849): releaseWakeLock flags=0x1 tag=sleep_broadcast
D/InputReader( 2849): Input event: value=0
I/ScreenCaptureAction( 2849): isHomeKeyPressed(), return value = false
D/BatteryService( 2849): update start
D/BatteryService( 2849): update start
D/BatteryService( 2849): update start
D/pvymods ( 2897): onSignalStrengthChanged 17
D/pvymods ( 2897): signal update
D/KeyguardViewMediator( 2849): handleTimeout
D/PowerManagerService( 2849): releaseWakeLock flags=0x1000001a tag=keyguard
I/PowerManagerService( 2849): Ulight 7->0|0
D/PowerManagerService( 2849): setLightBrightness : mButtonLight : 0
E/power ( 2849): *** set_screen_state 0
D/PowerManagerService( 2849): jumpToTargetLocked targetValue=0: 2
I/PowerManagerService( 2849): Light Animator Finished curIntValue=0
W/PowerManagerService( 2849): CurLockF mPS:0 mUS=0
W/PowerManagerService( 2849): mPokeLocks.size=0:
D/PowerManagerService( 2849): sendNotificationLocked on=false
D/PowerManagerService( 2849): acquireWakeLock flags=0x1 tag=sleep_broadcast
D/KeyguardViewMediator( 2849): onScreenTurnedOff(3)
D/KeyguardViewMediator( 2849): notifyScreenOffLocked
D/KeyguardViewMediator( 2849): resetStateLocked
I/OrientationDebug( 2849): [pwm] in updateOrientationListenerLp()
V/OrientationDebug( 2849): in updateOrientationListenerLp(), Screen status=false
, current orientation=1, SensorEnabled=false
D/KeyguardViewMediator( 2849): handleNotifyScreenOff
D/SlidingTab( 2849): forceResetSlidingTab()
D/KeyguardViewMediator( 2849): handleReset
V/WindowManager( 2849): Setting event dispatching to false
D/PowerManagerService( 2849): acquireWakeLock flags=0x1 tag=ActivityManager-Slee
p
D/PowerManagerService( 2849): releaseWakeLock flags=0x1 tag=ActivityManager-Slee
p
D/PowerManagerService( 2849): acquireWakeLock flags=0x1 tag=RILJ
D/PowerManagerService( 2849): releaseWakeLock flags=0x1 tag=RILJ
D/FastDormancy( 2919): [FD] INTENT ACTION android.intent.action.SCREEN_OFF
D/FastDormancy( 2919): [FD] mIsScreenOn: false
I/Launcher( 2906): ACTION_SCREEN_OFF
D/PowerManagerService( 2849): releaseWakeLock flags=0x1 tag=sleep_broadcast
D/pvymods ( 2897): onSignalStrengthChanged 18
D/pvymods ( 2897): signal update
D/BatteryService( 2849): update start
D/BatteryService( 2849): update start
D/BatteryService( 2849): update start
D/pvymods ( 2897): onSignalStrengthChanged 19
D/pvymods ( 2897): signal update
D/PowerManagerService( 2849): acquireWakeLock flags=0x1 tag=AlarmManager
D/PowerManagerService( 2849): releaseWakeLock flags=0x1 tag=AlarmManager
D/pvymods ( 2897): onSignalStrengthChanged 18
D/pvymods ( 2897): signal update
D/BatteryService( 2849): update start
D/BatteryService( 2849): update start
D/BatteryService( 2849): update start
D/BatteryService( 2849): update start
D/BatteryService( 2849): update start
D/BatteryService( 2849): update start
D/pvymods ( 2897): onSignalStrengthChanged 19
D/pvymods ( 2897): signal update
D/PowerManagerService( 2849): acquireWakeLock flags=0x1 tag=AlarmManager
D/PowerManagerService( 2849): releaseWakeLock flags=0x1 tag=AlarmManager
D/BatteryService( 2849): update start
D/BatteryService( 2849): update start
D/BatteryService( 2849): update start
D/BatteryService( 2849): update start
D/BatteryService( 2849): update start
D/BatteryService( 2849): update start
D/BatteryService( 2849): update start
D/BatteryService( 2849): update start
D/BatteryService( 2849): update start
D/pvymods ( 2897): onSignalStrengthChanged 18
D/pvymods ( 2897): signal update
D/BatteryService( 2849): update start
D/BatteryService( 2849): update start
D/BatteryService( 2849): update start
D/PowerManagerService( 2849): acquireWakeLock flags=0x1 tag=AlarmManager
D/PowerManagerService( 2849): releaseWakeLock flags=0x1 tag=AlarmManager
D/BatteryService( 2849): update start
D/BatteryService( 2849): update start
D/BatteryService( 2849): update start
D/BatteryService( 2849): update start
D/BatteryService( 2849): update start
D/BatteryService( 2849): update start
D/BatteryService( 2849): update start
D/BatteryService( 2849): update start
D/BatteryService( 2849): update start
D/BatteryService( 2849): update start
D/BatteryService( 2849): update start
D/BatteryService( 2849): update start
D/BatteryService( 2849): update start
D/BatteryService( 2849): update start
D/BatteryService( 2849): update start
D/BatteryService( 2849): update start
D/BatteryService( 2849): update start
D/BatteryService( 2849): update start
D/PowerManagerService( 2849): acquireWakeLock flags=0x1 tag=AlarmManager
D/PowerManagerService( 2849): releaseWakeLock flags=0x1 tag=AlarmManager
D/BatteryService( 2849): update start
D/BatteryService( 2849): update start
D/BatteryService( 2849): update start
D/BatteryService( 2849): update start
D/BatteryService( 2849): update start
D/BatteryService( 2849): update start
D/pvymods ( 2897): onSignalStrengthChanged 19
D/pvymods ( 2897): signal update
D/BatteryService( 2849): update start
D/BatteryService( 2849): update start
D/BatteryService( 2849): update start
D/pvymods ( 2897): onSignalStrengthChanged 18
D/pvymods ( 2897): signal update
D/BatteryService( 2849): update start
D/BatteryService( 2849): update start
D/BatteryService( 2849): update start
D/BatteryService( 2849): update start
D/BatteryService( 2849): update start
D/BatteryService( 2849): update start
D/pvymods ( 2897): onSignalStrengthChanged 17
D/pvymods ( 2897): signal update
D/pvymods ( 2897): onSignalStrengthChanged 18
D/pvymods ( 2897): signal update
D/BatteryService( 2849): update start
D/BatteryService( 2849): update start
D/BatteryService( 2849): update start
D/PowerManagerService( 2849): acquireWakeLock flags=0x1 tag=AlarmManager
D/PowerManagerService( 2849): releaseWakeLock flags=0x1 tag=AlarmManager
D/BatteryService( 2849): update start
D/BatteryService( 2849): update start
D/BatteryService( 2849): update start
D/BatteryService( 2849): update start
D/BatteryService( 2849): update start
D/BatteryService( 2849): update start
D/BatteryService( 2849): update start
D/BatteryService( 2849): update start
D/BatteryService( 2849): update start
D/pvymods ( 2897): onSignalStrengthChanged 19
D/pvymods ( 2897): signal update
D/BatteryService( 2849): update start
D/BatteryService( 2849): update start
D/BatteryService( 2849): update start
D/pvymods ( 2897): onSignalStrengthChanged 20
D/pvymods ( 2897): signal update
D/BatteryService( 2849): update start
D/BatteryService( 2849): update start
D/BatteryService( 2849): update start
D/BatteryService( 2849): update start
D/BatteryService( 2849): update start
D/BatteryService( 2849): update start
Logcat looks like this ???
Click to expand...
Click to collapse
yep
try this
http://forum.xda-developers.com/showthread.php?t=1747544
ajay8055 said:
yep
try this
http://forum.xda-developers.com/showthread.php?t=1747544
Click to expand...
Click to collapse
Why it does not show "completed" ??
Edward Cullen
Avilove.Cullen said:
Why it does not show "completed" ??
Edward Cullen
Click to expand...
Click to collapse
no idea why?
it just goes on and on

Try to build CM 10 for Allwinner A13

Hi all,
I want to build my own cyanogenmod port for my device (tablet). It's an Allwinner 13 tablet (inet 86vz)
I started following Doc:_porting_intro on cyanogenmod wiki (cannot post url) and everything seems good and now the step for testing recovery image is a problem.
I successfully build the recovery.img. I installed it on my device and reboot it in recovery mode. I can see the beautiful hat ! But nands partitions have not been found and cache partition had not been mounted. I watch /tmp/recovery.log and it's confirm that.
I'm not sure it is the fix, but inserting (with insmod) the nand.ko module solve the problem. My question : how can I automate that ? In which file ?
I didn't find another similary device.
Thanks in advance for any help.
I continue my story. I successfully build recovery image and build cm10.2 for my device but it does not work: I've got a bootloop.
Between loop I can access (for a very short time) my device with adb.
I've got logcat for it.
Code:
--------- beginning of /dev/log/main
I/e2fsck ( 65): e2fsck 1.41.14 (22-Dec-2010)
I/e2fsck ( 65): /system/bin/e2fsck: Device or resource busy while trying to open /dev/block/nande
I/e2fsck ( 65): Filesystem mounted or opened exclusively by another program?
I/e2fsck ( 65): e2fsck terminated by exit(8)
I/e2fsck ( 70): e2fsck 1.41.14 (22-Dec-2010)
I/e2fsck ( 70): /system/bin/e2fsck: Device or resource busy while trying to open /dev/block/nandh
I/e2fsck ( 70): Filesystem mounted or opened exclusively by another program?
I/e2fsck ( 70): e2fsck terminated by exit(8)
I/installd( 84): installd firing up
I/DEBUG ( 78): debuggerd: Jan 27 2014 06:50:33
--------- beginning of /dev/log/system
I/Vold ( 76): Vold 2.1 (the revenge) firing up
E/Vold ( 76): failed to open /fstab.sun5i
E/Vold ( 76): Error reading configuration (No such file or directory)... continuing anyways
I/Netd ( 77): Netd 1.0 starting
W/InterfaceController( 77): Warning (dlopen failed: library "/system/lib/libnetcmdiface.so" not found) while opening the net interface command library
D/AndroidRuntime( 91):
D/AndroidRuntime( 91): >>>>>> AndroidRuntime START com.android.internal.os.ZygoteInit <<<<<<
D/AndroidRuntime( 91): CheckJNI is ON
D/dalvikvm( 91): Trying to load lib libjavacore.so 0x0
D/dalvikvm( 91): Added shared lib libjavacore.so 0x0
D/dalvikvm( 91): Trying to load lib libnativehelper.so 0x0
D/dalvikvm( 91): Added shared lib libnativehelper.so 0x0
W/dalvikvm( 91): PR_SET_NO_NEW_PRIVS failed. Is your kernel compiled correctly?: Invalid argument
I/SamplingProfilerIntegration( 91): Profiling disabled.
I/Zygote ( 91): Preloading classes...
E/cutils-trace( 91): Error opening trace file: No such file or directory (2)
D/dalvikvm( 91): Note: class Landroid/app/ActivityManagerNative; has 164 unimplemented (abstract) methods
D/TextLayoutCache( 91): Using debug level = 0 - Debug Enabled = 0
I/dalvikvm( 91): threadid=1: recursive native library load attempt (/system/lib/libmedia_jni.so)
D/MtpDeviceJNI( 91): register_android_mtp_MtpDevice
I/dalvikvm( 91): threadid=1: recursive native library load attempt (/system/lib/libmedia_jni.so)
I/dalvikvm( 91): threadid=1: recursive native library load attempt (/system/lib/libmedia_jni.so)
I/dalvikvm( 91): threadid=1: recursive native library load attempt (/system/lib/libmedia_jni.so)
D/MDnsDS ( 77): MDnsSdListener::Hander starting up
D/MDnsDS ( 77): MDnsSdListener starting to monitor
D/MDnsDS ( 77): Going to poll with pollCount 1
I/dalvikvm( 91): threadid=1: recursive native library load attempt (/system/lib/libwebcore.so)
D/dalvikvm( 91): No JNI_OnLoad found in /system/lib/libchromium_net.so 0x0, skipping init
D/AndroidRuntime( 315):
D/AndroidRuntime( 315): >>>>>> AndroidRuntime START com.android.internal.os.ZygoteInit <<<<<<
D/AndroidRuntime( 315): CheckJNI is ON
D/dalvikvm( 315): Trying to load lib libjavacore.so 0x0
D/dalvikvm( 315): Added shared lib libjavacore.so 0x0
D/dalvikvm( 315): Trying to load lib libnativehelper.so 0x0
D/dalvikvm( 315): Added shared lib libnativehelper.so 0x0
W/dalvikvm( 315): PR_SET_NO_NEW_PRIVS failed. Is your kernel compiled correctly?: Invalid argument
I/SamplingProfilerIntegration( 315): Profiling disabled.
I/Zygote ( 315): Preloading classes...
E/cutils-trace( 315): Error opening trace file: No such file or directory (2)
D/dalvikvm( 315): Note: class Landroid/app/ActivityManagerNative; has 164 unimplemented (abstract) methods
D/TextLayoutCache( 315): Using debug level = 0 - Debug Enabled = 0
I/dalvikvm( 315): threadid=1: recursive native library load attempt (/system/lib/libmedia_jni.so)
D/MtpDeviceJNI( 315): register_android_mtp_MtpDevice
I/dalvikvm( 315): threadid=1: recursive native library load attempt (/system/lib/libmedia_jni.so)
I/dalvikvm( 315): threadid=1: recursive native library load attempt (/system/lib/libmedia_jni.so)
I/dalvikvm( 315): threadid=1: recursive native library load attempt (/system/lib/libmedia_jni.so)
I/dalvikvm( 315): threadid=1: recursive native library load attempt (/system/lib/libwebcore.so)
D/dalvikvm( 315): No JNI_OnLoad found in /system/lib/libchromium_net.so 0x0, skipping init
D/AndroidRuntime( 323):
D/AndroidRuntime( 323): >>>>>> AndroidRuntime START com.android.internal.os.ZygoteInit <<<<<<
D/AndroidRuntime( 323): CheckJNI is ON
D/dalvikvm( 323): Trying to load lib libjavacore.so 0x0
D/dalvikvm( 323): Added shared lib libjavacore.so 0x0
D/dalvikvm( 323): Trying to load lib libnativehelper.so 0x0
D/dalvikvm( 323): Added shared lib libnativehelper.so 0x0
W/dalvikvm( 323): PR_SET_NO_NEW_PRIVS failed. Is your kernel compiled correctly?: Invalid argument
I/SamplingProfilerIntegration( 323): Profiling disabled.
I/Zygote ( 323): Preloading classes...
E/cutils-trace( 323): Error opening trace file: No such file or directory (2)
D/dalvikvm( 323): Note: class Landroid/app/ActivityManagerNative; has 164 unimplemented (abstract) methods
D/TextLayoutCache( 323): Using debug level = 0 - Debug Enabled = 0
I/dalvikvm( 323): threadid=1: recursive native library load attempt (/system/lib/libmedia_jni.so)
D/MtpDeviceJNI( 323): register_android_mtp_MtpDevice
I/dalvikvm( 323): threadid=1: recursive native library load attempt (/system/lib/libmedia_jni.so)
I/dalvikvm( 323): threadid=1: recursive native library load attempt (/system/lib/libmedia_jni.so)
I/dalvikvm( 323): threadid=1: recursive native library load attempt (/system/lib/libmedia_jni.so)
I/dalvikvm( 323): threadid=1: recursive native library load attempt (/system/lib/libwebcore.so)
D/dalvikvm( 323): No JNI_OnLoad found in /system/lib/libchromium_net.so 0x0, skipping init
W/dalvikvm( 323): Exception Ljava/lang/RuntimeException; thrown while initializing Lorg/apache/harmony/security/provider/crypto/RandomBitsSupplier;
W/dalvikvm( 323): Exception Ljava/lang/ExceptionInInitializerError; thrown while initializing Lorg/apache/harmony/security/fortress/Services;
W/dalvikvm( 323): Exception Ljava/lang/ExceptionInInitializerError; thrown while initializing Ljava/security/KeyPairGenerator;
E/Zygote ( 323): Error preloading java.security.KeyPairGenerator.
E/Zygote ( 323): java.lang.ExceptionInInitializerError
E/Zygote ( 323): at org.apache.harmony.security.provider.crypto.CryptoProvider.<init>(CryptoProvider.java:58)
E/Zygote ( 323): at java.lang.Class.newInstanceImpl(Native Method)
E/Zygote ( 323): at java.lang.Class.newInstance(Class.java:1130)
E/Zygote ( 323): at org.apache.harmony.security.fortress.Services.<clinit>(Services.java:79)
E/Zygote ( 323): at java.security.SecureRandom.<init>(SecureRandom.java:89)
E/Zygote ( 323): at java.security.KeyPairGenerator.<clinit>(KeyPairGenerator.java:40)
E/Zygote ( 323): at java.lang.Class.classForName(Native Method)
E/Zygote ( 323): at java.lang.Class.forName(Class.java:204)
E/Zygote ( 323): at java.lang.Class.forName(Class.java:169)
E/Zygote ( 323): at com.android.internal.os.ZygoteInit.preloadClasses(ZygoteInit.java:280)
E/Zygote ( 323): at com.android.internal.os.ZygoteInit.preload(ZygoteInit.java:227)
E/Zygote ( 323): at com.android.internal.os.ZygoteInit.main(ZygoteInit.java:524)
E/Zygote ( 323): at dalvik.system.NativeStart.main(Native Method)
E/Zygote ( 323): Caused by: java.lang.RuntimeException: java.io.FileNotFoundException: /dev/urandom: open failed: EACCES (Permission denied)
E/Zygote ( 323): at org.apache.harmony.security.provider.crypto.RandomBitsSupplier.<clinit>(RandomBitsSupplier.java:36)
E/Zygote ( 323): ... 13 more
E/Zygote ( 323): Caused by: java.io.FileNotFoundException: /dev/urandom: open failed: EACCES (Permission denied)
E/Zygote ( 323): at libcore.io.IoBridge.open(IoBridge.java:409)
E/Zygote ( 323): at java.io.FileInputStream.<init>(FileInputStream.java:78)
E/Zygote ( 323): at org.apache.harmony.security.provider.crypto.RandomBitsSupplier.<clinit>(RandomBitsSupplier.java:34)
E/Zygote ( 323): ... 13 more
E/Zygote ( 323): Caused by: libcore.io.ErrnoException: open failed: EACCES (Permission denied)
E/Zygote ( 323): at libcore.io.Posix.open(Native Method)
E/Zygote ( 323): at libcore.io.BlockGuardOs.open(BlockGuardOs.java:110)
E/Zygote ( 323): at libcore.io.IoBridge.open(IoBridge.java:393)
E/Zygote ( 323): ... 15 more
D/AndroidRuntime( 323): Shutting down VM
W/dalvikvm( 323): threadid=1: thread exiting with uncaught exception (group=0x41b887c0)
I/Netd ( 333): Netd 1.0 starting
W/InterfaceController( 333): Warning (dlopen failed: library "/system/lib/libnetcmdiface.so" not found) while opening the net interface command library
D/AndroidRuntime( 338):
D/AndroidRuntime( 338): >>>>>> AndroidRuntime START com.android.internal.os.ZygoteInit <<<<<<
D/AndroidRuntime( 338): CheckJNI is ON
D/dalvikvm( 338): Trying to load lib libjavacore.so 0x0
D/dalvikvm( 338): Added shared lib libjavacore.so 0x0
D/dalvikvm( 338): Trying to load lib libnativehelper.so 0x0
D/dalvikvm( 338): Added shared lib libnativehelper.so 0x0
W/dalvikvm( 338): PR_SET_NO_NEW_PRIVS failed. Is your kernel compiled correctly?: Invalid argument
I/SamplingProfilerIntegration( 338): Profiling disabled.
I/Zygote ( 338): Preloading classes...
E/cutils-trace( 338): Error opening trace file: No such file or directory (2)
D/dalvikvm( 338): Note: class Landroid/app/ActivityManagerNative; has 164 unimplemented (abstract) methods
D/TextLayoutCache( 338): Using debug level = 0 - Debug Enabled = 0
I/dalvikvm( 338): threadid=1: recursive native library load attempt (/system/lib/libmedia_jni.so)
D/MtpDeviceJNI( 338): register_android_mtp_MtpDevice
I/dalvikvm( 338): threadid=1: recursive native library load attempt (/system/lib/libmedia_jni.so)
I/dalvikvm( 338): threadid=1: recursive native library load attempt (/system/lib/libmedia_jni.so)
I/dalvikvm( 338): threadid=1: recursive native library load attempt (/system/lib/libmedia_jni.so)
I/dalvikvm( 338): threadid=1: recursive native library load attempt (/system/lib/libwebcore.so)
D/dalvikvm( 338): No JNI_OnLoad found in /system/lib/libchromium_net.so 0x0, skipping init
W/dalvikvm( 338): Exception Ljava/lang/RuntimeException; thrown while initializing Lorg/apache/harmony/security/provider/crypto/RandomBitsSupplier;
W/dalvikvm( 338): Exception Ljava/lang/ExceptionInInitializerError; thrown while initializing Lorg/apache/harmony/security/fortress/Services;
W/dalvikvm( 338): Exception Ljava/lang/ExceptionInInitializerError; thrown while initializing Ljava/security/KeyPairGenerator;
E/Zygote ( 338): Error preloading java.security.KeyPairGenerator.
E/Zygote ( 338): java.lang.ExceptionInInitializerError
E/Zygote ( 338): at org.apache.harmony.security.provider.crypto.CryptoProvider.<init>(CryptoProvider.java:58)
E/Zygote ( 338): at java.lang.Class.newInstanceImpl(Native Method)
E/Zygote ( 338): at java.lang.Class.newInstance(Class.java:1130)
E/Zygote ( 338): at org.apache.harmony.security.fortress.Services.<clinit>(Services.java:79)
E/Zygote ( 338): at java.security.SecureRandom.<init>(SecureRandom.java:89)
E/Zygote ( 338): at java.security.KeyPairGenerator.<clinit>(KeyPairGenerator.java:40)
E/Zygote ( 338): at java.lang.Class.classForName(Native Method)
E/Zygote ( 338): at java.lang.Class.forName(Class.java:204)
E/Zygote ( 338): at java.lang.Class.forName(Class.java:169)
E/Zygote ( 338): at com.android.internal.os.ZygoteInit.preloadClasses(ZygoteInit.java:280)
E/Zygote ( 338): at com.android.internal.os.ZygoteInit.preload(ZygoteInit.java:227)
E/Zygote ( 338): at com.android.internal.os.ZygoteInit.main(ZygoteInit.java:524)
E/Zygote ( 338): at dalvik.system.NativeStart.main(Native Method)
E/Zygote ( 338): Caused by: java.lang.RuntimeException: java.io.FileNotFoundException: /dev/urandom: open failed: EACCES (Permission denied)
E/Zygote ( 338): at org.apache.harmony.security.provider.crypto.RandomBitsSupplier.<clinit>(RandomBitsSupplier.java:36)
E/Zygote ( 338): ... 13 more
E/Zygote ( 338): Caused by: java.io.FileNotFoundException: /dev/urandom: open failed: EACCES (Permission denied)
E/Zygote ( 338): at libcore.io.IoBridge.open(IoBridge.java:409)
E/Zygote ( 338): at java.io.FileInputStream.<init>(FileInputStream.java:78)
E/Zygote ( 338): at org.apache.harmony.security.provider.crypto.RandomBitsSupplier.<clinit>(RandomBitsSupplier.java:34)
E/Zygote ( 338): ... 13 more
E/Zygote ( 338): Caused by: libcore.io.ErrnoException: open failed: EACCES (Permission denied)
E/Zygote ( 338): at libcore.io.Posix.open(Native Method)
E/Zygote ( 338): at libcore.io.BlockGuardOs.open(BlockGuardOs.java:110)
E/Zygote ( 338): at libcore.io.IoBridge.open(IoBridge.java:393)
E/Zygote ( 338): ... 15 more
D/AndroidRuntime( 338): Shutting down VM
W/dalvikvm( 338): threadid=1: thread exiting with uncaught exception (group=0x40dc27c0)
I/Netd ( 544): Netd 1.0 starting
W/InterfaceController( 544): Warning (dlopen failed: library "/system/lib/libnetcmdiface.so" not found) while opening the net interface command library
D/AndroidRuntime( 546):
D/AndroidRuntime( 546): >>>>>> AndroidRuntime START com.android.internal.os.ZygoteInit <<<<<<
D/AndroidRuntime( 546): CheckJNI is ON
D/AndroidRuntime( 551):
D/AndroidRuntime( 551): >>>>>> AndroidRuntime START com.android.internal.os.ZygoteInit <<<<<<
D/AndroidRuntime( 551): CheckJNI is ON
D/dalvikvm( 551): DexOpt: sleeping on flock(/cache/dalvik-cache/[email protected]@[email protected])
D/dalvikvm( 546): Trying to load lib libjavacore.so 0x0
D/dalvikvm( 546): Added shared lib libjavacore.so 0x0
D/dalvikvm( 551): Trying to load lib libjavacore.so 0x0
D/dalvikvm( 551): Added shared lib libjavacore.so 0x0
D/dalvikvm( 546): Trying to load lib libnativehelper.so 0x0
D/dalvikvm( 546): Added shared lib libnativehelper.so 0x0
D/dalvikvm( 551): Trying to load lib libnativehelper.so 0x0
D/dalvikvm( 551): Added shared lib libnativehelper.so 0x0
W/dalvikvm( 546): PR_SET_NO_NEW_PRIVS failed. Is your kernel compiled correctly?: Invalid argument
W/dalvikvm( 551): PR_SET_NO_NEW_PRIVS failed. Is your kernel compiled correctly?: Invalid argument
I/SamplingProfilerIntegration( 546): Profiling disabled.
I/SamplingProfilerIntegration( 551): Profiling disabled.
I/Zygote ( 546): Preloading classes...
E/cutils-trace( 546): Error opening trace file: No such file or directory (2)
I/Zygote ( 551): Preloading classes...
E/cutils-trace( 551): Error opening trace file: No such file or directory (2)
D/dalvikvm( 546): Note: class Landroid/app/ActivityManagerNative; has 164 unimplemented (abstract) methods
D/dalvikvm( 551): Note: class Landroid/app/ActivityManagerNative; has 164 unimplemented (abstract) methods
D/TextLayoutCache( 546): Using debug level = 0 - Debug Enabled = 0
D/TextLayoutCache( 551): Using debug level = 0 - Debug Enabled = 0
I/dalvikvm( 546): threadid=1: recursive native library load attempt (/system/lib/libmedia_jni.so)
I/dalvikvm( 551): threadid=1: recursive native library load attempt (/system/lib/libmedia_jni.so)
D/MtpDeviceJNI( 546): register_android_mtp_MtpDevice
I/dalvikvm( 546): threadid=1: recursive native library load attempt (/system/lib/libmedia_jni.so)
I/dalvikvm( 546): threadid=1: recursive native library load attempt (/system/lib/libmedia_jni.so)
D/MtpDeviceJNI( 551): register_android_mtp_MtpDevice
I/dalvikvm( 551): threadid=1: recursive native library load attempt (/system/lib/libmedia_jni.so)
I/dalvikvm( 546): threadid=1: recursive native library load attempt (/system/lib/libmedia_jni.so)
I/dalvikvm( 551): threadid=1: recursive native library load attempt (/system/lib/libmedia_jni.so)
