Can anyone look to my logcat? - HTC EVO 3D

Hi, I made a custom rom, but I can't boot it, it shows the HTC logo and after 1 min, It gets back to recovery.
https://dl.dropboxusercontent.com/u/49778084/logcat.txt

Explore The Universe said:
Hi, I made a custom rom, but I can't boot it, it shows the HTC logo and after 1 min, It gets back to recovery.
https://dl.dropboxusercontent.com/u/49778084/logcat.txt
Click to expand...
Click to collapse
What type of rom sense / aosp / miui
And android version
Sent from my HTC VLE_U using Tapatalk 2
---------- Post added at 11:05 AM ---------- Previous post was at 11:01 AM ----------
Explore The Universe said:
Hi, I made a custom rom, but I can't boot it, it shows the HTC logo and after 1 min, It gets back to recovery.
https://dl.dropboxusercontent.com/u/49778084/logcat.txt
Click to expand...
Click to collapse
Nvm I know it CM by the log car but not what android version this is what I see
/rmt_storage( 149): Unable to open /boot/modem_fsg
I/rmt_storage( 149): rmt_storage events processing done. (handle=3)
I/rmt_storage( 149): rmt_storage send user data event: handle=3
E/rmt_storage( 149): Invalid rmt_storage client
I/rmt_storage( 149): rmt_storage events processing done. (handle=3)
I/rmt_storage( 149): rmt_storage open event: handle=4
I/rmt_storage( 149): Opened /dev/block/mmcblk0p18 for /boot/radio_config
I/rmt_storage( 149): rmt_storage events processing done. (handle=4)
I/rmt_storage( 149): rmt_storage send user data event: handle=4
I/rmt_storage( 149): rmt_storage events processing done. (handle=4)
I/rmt_storage( 149): rmt_storage client thread started... (handle=4)
I/rmt_storage( 149): rmt_storage client thread waiting... (handle=4)
I/rmt_storage( 149): rmt_storage read event: handle=1
I/rmt_storage( 149): Try to unblock rmt_storage client thread... (handle=1)
I/rmt_storage( 149): rmt_storage events processing done. (handle=1)
I/rmt_storage( 149): rmt_storage client thread is unblocked. (handle=1)
Sent from my HTC VLE_U using Tapatalk 2

Flashalot said:
What type of rom sense / aosp / miui
And android version
Sent from my HTC VLE_U using Tapatalk 2
---------- Post added at 11:05 AM ---------- Previous post was at 11:01 AM ----------
Nvm I know it CM by the log car but not what android version this is what I see
/rmt_storage( 149): Unable to open /boot/modem_fsg
I/rmt_storage( 149): rmt_storage events processing done. (handle=3)
I/rmt_storage( 149): rmt_storage send user data event: handle=3
E/rmt_storage( 149): Invalid rmt_storage client
I/rmt_storage( 149): rmt_storage events processing done. (handle=3)
I/rmt_storage( 149): rmt_storage open event: handle=4
I/rmt_storage( 149): Opened /dev/block/mmcblk0p18 for /boot/radio_config
I/rmt_storage( 149): rmt_storage events processing done. (handle=4)
I/rmt_storage( 149): rmt_storage send user data event: handle=4
I/rmt_storage( 149): rmt_storage events processing done. (handle=4)
I/rmt_storage( 149): rmt_storage client thread started... (handle=4)
I/rmt_storage( 149): rmt_storage client thread waiting... (handle=4)
I/rmt_storage( 149): rmt_storage read event: handle=1
I/rmt_storage( 149): Try to unblock rmt_storage client thread... (handle=1)
I/rmt_storage( 149): rmt_storage events processing done. (handle=1)
I/rmt_storage( 149): rmt_storage client thread is unblocked. (handle=1)
Sent from my HTC VLE_U using Tapatalk 2
Click to expand...
Click to collapse
My base rom is CM10 4.1.2, and trying to port Sense 5 android 4.1.2

Explore The Universe said:
My base rom is CM10 4.1.2, and trying to port Sense 5 android 4.1.2
Click to expand...
Click to collapse
Won't work you can't port a sense Rom wit a cm base not to mention the kernel is aosp based and not sensed based
Sent from my HTC VLE_U using Tapatalk 2

Related

[Q] SonicWall NetExtender I/O Error

Not sure if anybody has used it or not, but my workplace uses SonicWall VPN in order to connect from home or mobile. I have a rooted 3D and a rooted Hero where root is required to connect via VPN with anything before 4.x.x.
On both devices, I get through the authentication then receive the following errors in the log:
--------- beginning of /dev/log/system
--------- beginning of /dev/log/main
05-22 19:55:45.016 D/sysHelper(13739): Check Root Permission: Exit-Value ==> 0
05-22 19:55:46.638 I/NetExtender.nxservice(13802): nIPCServer - server started.
05-22 19:55:46.638 I/NetExtender.nxservice(13802): nIPCServer - server start message handler found.
05-22 19:55:46.638 I/NetExtender.nxservice(13802): NTService - Service start message handler is executed.
05-22 19:55:46.638 I/NetExtender.nxservice(13802): nxservice ipc message dispatch routine starts
05-22 19:55:49.621 I/NetExtender.nxservice(13802): new connection accepted. socket = 13
05-22 19:55:49.621 I/NetExtender.nxservice(13802): client try to query profiles
05-22 19:55:49.621 I/NetExtender.nxclient(13739): start to listen the service status update.
05-22 19:56:06.087 D/NetExtender.nxclient(13739): action button clicked
05-22 19:56:06.107 I/NetExtender.nxservice(13802): connection thread starts
05-22 19:56:06.107 I/NetExtender.nxservice(13802): nxcore connect triggered
05-22 19:56:06.107 I/NetExtender.nxservice(13802): start connecting
05-22 19:56:06.207 I/NetExtender.nxservice(13802): setStatus 1, 0
05-22 19:56:06.677 D/NetExtender.nxclient(13739): ConnectivityBroadcastReceiver.onReceive(): mNetworkInfo=NetworkInfo: type: WIMAX[], state: CONNECTED/CONNECTED, reason: (unspecified), extra: (none), roaming: false, failover: true, isAvailable: true, isIpv4Connected: false, isIpv6Connected: false, if: wimax0 mOtherNetworkInfo = [none] mState=CONNECTED
05-22 19:56:07.368 I/NetExtender.nxservice(13802): setStatus 1, 10000
05-22 19:56:07.528 I/NetExtender.nxservice(13802): httpsClient - getResponseHeaderStr(X-NE-tf: not found
05-22 19:56:07.528 I/NetExtender.nxservice(13802): httpsClient - getResponseHeaderStr(X-NE-message: not found
05-22 19:56:07.528 I/NetExtender.nxservice(13802): httpsClient - getResponseHeaderStr(X-NE-rsastate: not found
05-22 19:56:07.528 I/NetExtender.nxservice(13802): httpsClient - getResponseHeaderStr(X-NE-pwdexpdays: not found
05-22 19:56:07.528 I/NetExtender.nxservice(13802): httpsClient - getResponseHeaderStr(X-NE-maychangepwd: not found
05-22 19:56:08.319 I/NetExtender.nxservice(13802): setStatus 1, 40000
05-22 19:56:08.469 I/NetExtender.nxservice(13802): login success, switch to next state
05-22 19:56:08.469 I/NetExtender.nxservice(13802): setStatus 2, 0
05-22 19:56:08.469 I/NetExtender.nxservice(13802): Couldn't set master to hdlc discipline
05-22 19:56:08.469 I/NetExtender.nxservice(13802): setStatus 2, 10000
05-22 19:56:08.499 I/NetExtender.nxservice(13802): save current profile based on client controls
05-22 19:56:09.090 I/NetExtender.nxservice(13802): setStatus 3, 0
05-22 19:56:09.090 I/NetExtender.nxservice(13802): setStatus 3, 10000
05-22 19:56:09.090 I/NetExtender.nxservice(13802): new connection accepted. socket = 18
05-22 19:56:09.090 I/NetExtender.nxservice(13802): detect client 13801 starts
05-22 19:56:09.090 I/NetExtender.nxservice(13802): detect pppd initialization
05-22 19:56:09.100 I/NetExtender.ppp(13801): Nxhelper: start pppd main routine
05-22 19:56:09.100 I/NetExtender.nxservice(13802): setStatus 3, 20000
05-22 19:56:09.110 E/NetExtender.ppp(13801): Couldn't set tty to PPP discipline: Invalid argument, ppp_disc: 3
05-22 19:56:09.110 E/NetExtender.ppp(13801): Couldn't get channel number: Invalid argument
05-22 19:56:09.110 I/NetExtender.nxservice(13802): Unable to read from the pty, error: I/O error
05-22 19:56:09.110 I/NetExtender.ppp(13801): Nxhelper: pppd hung up, notify the service
05-22 19:56:09.110 I/NetExtender.nxservice(13802): detect pppd down
05-22 19:56:09.110 I/NetExtender.nxservice(13802): disconnect triggered
05-22 19:56:09.210 I/NetExtender.nxservice(13802): Error occurs: 3020200 - I/O error
05-22 19:56:09.210 I/NetExtender.nxservice(13802): setStatus 0, 0
Click to expand...
Click to collapse
What sticks out with this are the PPP hangups and from what I've read in other forums this is just not enabled in the HTC Kernel. One thread reads that enabling ppp support for async serial ports & ppp support for sync tty ports should fix this.
The ROM I am currently using is Infected Eternity 3.0 R193 with the Kernel that comes w/ the ROM. Does anybody know of a kernel/rom that has the PPP issues fixed for the EVO 3D, or just a fix in general?
-- bump --

RILd on Huawei U8850

Hello, all. Sorry for ny bad english.
I port GELNET MIUI 2.11.26 ICS on my device Huawei Vision U8850, but can't get to work RILd.
This device don't have official upgrade to ICS, and I put libril.so, libril-qc-1.so, libril-qc-qmi-1.so, libril-qcril-hook-oem.so, rild from official Android 2.3.7, but telephony still not working.
When i start rild daemon get a error
Code:
Unable to open router port: No such file or directory
ONCRPC Failed to open device: /dev/oncrpc/30000000:001d0000
ERR :MSG Open handle failed, unable to open program 30000000 ver 1d0001 NOT FOUND
:FILE vendor/qcom/proprietary/oncrpc/oncrpc/oncrpc_cb.c:LINE 231:ARG1 805306368:ARG2 1900545:ARG3 0:
ERR :MSG Couldn't setup RPC call :FILE vendor/qcom/proprietary/oncrpc/oncrpc/oncrpc_cb.c:LINE 276:ARG1 0:ARG2 0:ARG3 0:
ERR :MSG Failed to lookup RPC client. prog = 805306368, vers = 1900545, tout = 0 :FILE vendor/qcom/proprietary/common/build/remote_api_makefiles/../../../modem-apis/msm7630_surf/api/libs/remote_apis/cm/src/cm_clnt.c:LINE 153:ARG1 805306368:ARG2 1900545:ARG3 0:
I think this problem with the access to /dev/oncrpc/* but all ueventd.rc i port from official boot.img ( https://docs.google.com/open?id=0BxUMPNIeHtLnM0tWNzZXNmVCRlk - boot.img)
Pltase help solve this problem
GriefNorth said:
Hello, all. Sorry for ny bad english.
I port GELNET MIUI 2.11.26 ICS on my device Huawei Vision U8850, but can't get to work RILd.
This device don't have official upgrade to ICS, and I put libril.so, libril-qc-1.so, libril-qc-qmi-1.so, libril-qcril-hook-oem.so, rild from official Android 2.3.7, but telephony still not working.
When i start rild daemon get a error
Code:
Unable to open router port: No such file or directory
ONCRPC Failed to open device: /dev/oncrpc/30000000:001d0000
ERR :MSG Open handle failed, unable to open program 30000000 ver 1d0001 NOT FOUND
:FILE vendor/qcom/proprietary/oncrpc/oncrpc/oncrpc_cb.c:LINE 231:ARG1 805306368:ARG2 1900545:ARG3 0:
ERR :MSG Couldn't setup RPC call :FILE vendor/qcom/proprietary/oncrpc/oncrpc/oncrpc_cb.c:LINE 276:ARG1 0:ARG2 0:ARG3 0:
ERR :MSG Failed to lookup RPC client. prog = 805306368, vers = 1900545, tout = 0 :FILE vendor/qcom/proprietary/common/build/remote_api_makefiles/../../../modem-apis/msm7630_surf/api/libs/remote_apis/cm/src/cm_clnt.c:LINE 153:ARG1 805306368:ARG2 1900545:ARG3 0:
I think this problem with the access to /dev/oncrpc/* but all ueventd.rc i port from official boot.img ( https://docs.google.com/open?id=0BxUMPNIeHtLnM0tWNzZXNmVCRlk - boot.img)
Pltase help solve this problem
Click to expand...
Click to collapse
it looks like it has something to do with your kernel
itzdarockz said:
it looks like it has something to do with your kernel
Click to expand...
Click to collapse
Can you see source code and tell me, what wrong? https://github.com/GriefNorth/huawei_u8850_kernel
i try using the stock kernel, but RILd still not working.
I think mt_storage provides storage access to the radio / modem processor via RPC, but he work incorrectly (((
Ok, anybody tell me what dependencies have libs and binaries RIL
If I understand correctly then the log shows communication with the modem.
Code:
I/rmt_storage( 142): rmt_storage open event: handle=1
I/rmt_storage( 142): Opened /boot/modem_fs1
I/rmt_storage( 142): rmt_storage events processing done
I/rmt_storage( 142): rmt_storage send user data event
I/rmt_storage( 142): rmt_storage events processing done
I/rmt_storage( 142): rmt_storage client thread started
I/rmt_storage( 142): rmt_storage open event: handle=2
I/rmt_storage( 142): Opened /boot/modem_fs2
I/rmt_storage( 142): rmt_storage events processing done
I/rmt_storage( 142): rmt_storage send user data event
I/rmt_storage( 142): rmt_storage events processing done
I/rmt_storage( 142): rmt_storage client thread started
I/rmt_storage( 142): rmt_storage write event
I/rmt_storage( 142): rmt_storage events processing done
I/rmt_storage( 142): unblock rmt_storage client thread
I/rmt_storage( 142): rmt_storage fop(1): bytes transferred = 3145216
I/rmt_storage( 142): rmt_storage fop(1): bytes transferred = 512
This is full log http://pastebin.com/ZnUShkh2

Wifi not working

I rooted my phone earlier today no problem. When i used a wifi password recovery and backup to restore my wifi it has caused my wifi to not work. The wifi will look like it's searching for a network ,but wont show any networks. I've done a factory reset and used my backup I made before rooting to try and fix this. Nothing has worked. Should I redo the root and see if that fix's it? Thanks
jgc86 said:
I rooted my phone earlier today no problem. When i used a wifi password recovery and backup to restore my wifi it has caused my wifi to not work. The wifi will look like it's searching for a network ,but wont show any networks. I've done a factory reset and used my backup I made before rooting to try and fix this. Nothing has worked. Should I redo the root and see if that fix's it? Thanks
Click to expand...
Click to collapse
Does your phone detect any wireless networks?
You could try logcat to see what happens.
Lelus said:
Does your phone detect any wireless networks?
You could try logcat to see what happens.
Click to expand...
Click to collapse
It's not detecting any networks. I will use logcat and see if that shows the error. Thanks for the reply. I don't think i messed up anything permanent.
used logcat
I get the follow error in logcatE/wifiHW ( 282) Supplicant not running. Cannot Connect.
Here is the text file from LogCat
--------- beginning of /dev/log/main
D/SurfaceFlinger( 174): createSurface for (1 x 1) Name=Toast
E/WifiHW ( 282): Supplicant not running, cannot connect
E/WifiStateMachine( 282): Failed to setup control channel, restart supplicant
D/WifiHW ( 172): wifi_change_fw_path is called..
D/WifiHW ( 172): wifi_change_fw_path is /etc/firmware/fw_bcmdhd.bin
D/SoftapController( 172): Softap fwReload - Ok
E/SoftapController( 172): Softap fwrealod - Add delay.
--------- beginning of /dev/log/system
D/NetdConnector( 282): SND -> {softap fwreload wlan0 STA} {null}
V/FASTDORMANCY( 448): [DCH/FACH] FDCount : 0 intent received :com.android.internal.telephony.ACTION_CHECK_NETSTAT
I/FASTDORMANCY( 448): [DCH/FACH] FDCount : 0 NetStat Event is received.
V/FASTDORMANCY( 448): [DCH/FACH] FDCount : 0 prev: TxPkts(3786), RxPkts(7489)
V/FASTDORMANCY( 448): [DCH/FACH] FDCount : 0 curr: TxPkts(3786), RxPkts(7489)
I/FASTDORMANCY( 448): [DCH/FACH] FDCount : 1 Scheduling checkNetStat for 1250 msec using INTENT_CHECK_NETSTAT_ALARM
D/PhoneStatusBarPolicy( 354): ACTION_SIGNAL_STRENGTH_CHANGED!!!
D/LGPhoneStatusBarPolicy( 354): ACTION_SIGNAL_STRENGTH_CHANGED!!!
D/NetdConnector( 282): RCV <- {200 Softap operation succeeded}
D/NetdConnector( 282): RSP <- {200 Softap operation succeeded}
D/NetdConnector( 282): SND -> {interface getcfg wlan0} {null}
D/NetdConnector( 282): RCV <- {213 00:90:4c:11:22:33 0.0.0.0 0 [down broadcast multicast]}
D/NetdConnector( 282): RSP <- {213 00:90:4c:11:22:33 0.0.0.0 0 [down broadcast multicast]}
D/NetworkManagementService( 282): rsp <213 00:90:4c:11:22:33 0.0.0.0 0 [down broadcast multicast]>
D/NetworkManagementService( 282): flags <[down broadcast multicast]>
D/CommandListener( 172): Setting iface cfg
D/CommandListener( 172): Trying to bring down wlan0
D/CommandListener( 172): broadcast flag ignored
D/CommandListener( 172): multicast flag ignored
D/NetdConnector( 282): SND -> {interface setcfg wlan0 0.0.0.0 0 [down broadcast multicast]} {null}
D/NetdConnector( 282): RCV <- {200 Interface configuration set}
D/NetdConnector( 282): RSP <- {200 Interface configuration set}
D/NetdConnector( 282): SND -> {interface ipv6privacyextensions wlan0 enable} {null}
D/NetdConnector( 282): RCV <- {200 IPv6 privacy extensions changed}
D/NetdConnector( 282): RSP <- {200 IPv6 privacy extensions changed}
E/WifiHW ( 282): Supplicant not running, cannot connect
D/dalvikvm( 2306): GC_FOR_ALLOC freed 3035K, 40% free 9449K/15663K, paused 21ms
D/dalvikvm( 2306): GC_CONCURRENT freed 30K, 29% free 11202K/15663K, paused 1ms+3ms
E/WifiHW ( 282): Supplicant not running, cannot connect
V/FASTDORMANCY( 448): [DCH/FACH] FDCount : 1 intent received :com.android.internal.telephony.ACTION_CHECK_NETSTAT
I/FASTDORMANCY( 448): [DCH/FACH] FDCount : 1 NetStat Event is received.
V/FASTDORMANCY( 448): [DCH/FACH] FDCount : 1 prev: TxPkts(3786), RxPkts(7489)
V/FASTDORMANCY( 448): [DCH/FACH] FDCount : 1 curr: TxPkts(3786), RxPkts(7489)
I/FASTDORMANCY( 448): [DCH/FACH] FDCount : 2 Scheduling checkNetStat for 1250 msec using INTENT_CHECK_NETSTAT_ALARM
D/SurfaceFlinger( 174): removeLayer_l = Toast
D/SurfaceFlinger( 174): removeLayer_l = Toast
D/PhoneStatusBarPolicy( 354): ACTION_SIGNAL_STRENGTH_CHANGED!!!
D/LGPhoneStatusBarPolicy( 354): ACTION_SIGNAL_STRENGTH_CHANGED!!!
E/WifiHW ( 282): Supplicant not running, cannot connect
V/FASTDORMANCY( 448): [DCH/FACH] FDCount : 2 intent received :com.android.internal.telephony.ACTION_CHECK_NETSTAT
I/FASTDORMANCY( 448): [DCH/FACH] FDCount : 2 NetStat Event is received.
V/FASTDORMANCY( 448): [DCH/FACH] FDCount : 2 prev: TxPkts(3786), RxPkts(7489)
V/FASTDORMANCY( 448): [DCH/FACH] FDCount : 2 curr: TxPkts(3786), RxPkts(7489)
I/FASTDORMANCY( 448): [DCH/FACH] FDCount : 3 Scheduling checkNetStat for 1250 msec using INTENT_CHECK_NETSTAT_ALARM
D/dalvikvm( 2306): GC_FOR_ALLOC freed 1594K, 29% free 11198K/15663K, paused 21ms
D/ViewRootImpl( 2306): ViewRoot TouchDown(Absolute) DOWN (137 , 608)
D/dalvikvm( 2306): GC_FOR_ALLOC freed 2241K, 33% free 10621K/15663K, paused 16ms
E/WifiHW ( 282): Supplicant not running, cannot connect
D/FASTDORMANCY( 448): [DCH/FACH] FDCount : 3 lgeOnDormancyState. state = 105[PS_SIG DISCONN=0 CONN=1][PCH=104,105 FACH=106 DCH=107]
D/FASTDORMANCY( 448): [DCH/FACH] FDCount : 3 DataConnection FD event CELL_PCH or URA_PCH
D/FASTDORMANCY( 448): [DCH/FACH] FDCount : 3 Exit from DCH or FACH State
D/FASTDORMANCY( 448): [IDLE] Enter to IDLE State
D/FASTDORMANCY( 448): [IDLE] resetAll()
V/FASTDORMANCY( 448): [IDLE] prev: TxPkts(3786), RxPkts(7489)
V/FASTDORMANCY( 448): [IDLE] curr: TxPkts(3786), RxPkts(7489)
E/WifiHW ( 282): Supplicant not running, cannot connect
D/PhoneStatusBarPolicy( 354): ACTION_SIGNAL_STRENGTH_CHANGED!!!
D/LGPhoneStatusBarPolicy( 354): ACTION_SIGNAL_STRENGTH_CHANGED!!!
E/WifiHW ( 282): Supplicant not running, cannot connect
E/WifiStateMachine( 282): Failed 6 times to start supplicant, unload driver
D/WifiHW ( 172): wifi_change_fw_path is called..
D/WifiHW ( 172): wifi_change_fw_path is /etc/firmware/fw_bcmdhd.bin
D/NetdConnector( 282): SND -> {softap fwreload wlan0 STA} {null}
D/SoftapController( 172): Softap fwReload - Ok
E/SoftapController( 172): Softap fwrealod - Add delay.
D/NetdConnector( 282): RCV <- {200 Softap operation succeeded}
D/NetdConnector( 282): RSP <- {200 Softap operation succeeded}
D/NetdConnector( 282): SND -> {interface getcfg wlan0} {null}
D/NetdConnector( 282): RCV <- {213 00:90:4c:11:22:33 0.0.0.0 0 [down broadcast multicast]}
D/NetdConnector( 282): RSP <- {213 00:90:4c:11:22:33 0.0.0.0 0 [down broadcast multicast]}
D/NetworkManagementService( 282): rsp <213 00:90:4c:11:22:33 0.0.0.0 0 [down broadcast multicast]>
D/NetworkManagementService( 282): flags <[down broadcast multicast]>
D/CommandListener( 172): Setting iface cfg
D/CommandListener( 172): Trying to bring down wlan0
D/CommandListener( 172): broadcast flag ignored
D/CommandListener( 172): multicast flag ignored
D/NetdConnector( 282): SND -> {interface setcfg wlan0 0.0.0.0 0 [down broadcast multicast]} {null}
D/NetdConnector( 282): RCV <- {200 Interface configuration set}
D/NetdConnector( 282): RSP <- {200 Interface configuration set}
D/NetdConnector( 282): SND -> {interface ipv6privacyextensions wlan0 enable} {null}
E/WifiHW ( 282): Supplicant not running, cannot connect
D/NetdConnector( 282): RCV <- {200 IPv6 privacy extensions changed}
D/NetdConnector( 282): RSP <- {200 IPv6 privacy extensions changed}
D/ViewRootImpl( 2306): ViewRoot TouchDown(Absolute) DOWN (456 , 602)
D/ViewRootImpl( 354): ViewRoot TouchDown(Absolute) DOWN (422 , 20)
D/SurfaceFlinger( 174): createSurface for (540 x 922) Name=TrackingView
E/WifiHW ( 282): Supplicant not running, cannot connect
D/dalvikvm( 2306): GC_CONCURRENT freed 1889K, 33% free 10549K/15663K, paused 2ms+9ms
D/QuickSettings( 354): setAllButtonsStatus()
D/QuickSettings( 354): setAirplaneButton!!!
D/QuickSettings( 354): setGPSButton()
E/QuickSettings( 354): ### setBrightnessButton -automatic=false ,level=5
D/QuickSettings( 354): setHotspotButton:: !!!
D/QuickSettings( 354): Current content://settings/system/power_save_enabled : 0
D/QuickSettings( 354): Current content://settings/system/power_save_mode : 30
D/QuickSettings( 354): Current content://settings/system/eco_mode : 0
D/QuickSettings( 354): isLteOnly? 0
D/QuickSettings( 354): isLteEnabled? 0
D/QuickSettings( 354): LTE Network disabled.
D/QuickSettings( 354): onShow()
D/ConnectivityService( 282): getMobileDataEnabled returning true
D/ViewRootImpl( 354): ViewRoot TouchDown(Absolute) DOWN (305 , 917)
E/WifiHW ( 282): Supplicant not running, cannot connect
D/QuickSettings( 354): onHide()
D/OpenGLRenderer( 354): Flushing caches (mode 0)
D/SurfaceFlinger( 174): removeLayer_l = TrackingView
D/SurfaceFlinger( 174): removeLayer_l = TrackingView
W/InputManagerService( 282): Window already focused, ignoring focus gain of: [email protected]
D/ViewRootImpl( 2306): ViewRoot TouchDown(Absolute) DOWN (333 , 90)
E/WifiHW ( 282): Supplicant not running, cannot connect
D/dalvikvm( 2306): GC_CONCURRENT freed 1095K, 28% free 11278K/15663K, paused 2ms+2ms
E/WifiHW ( 282): Supplicant not running, cannot connect
E/WifiHW ( 282): Supplicant not running, cannot connect
E/WifiStateMachine( 282): Failed to setup control channel, restart supplicant
D/WifiHW ( 172): wifi_change_fw_path is called..
D/WifiHW ( 172): wifi_change_fw_path is /etc/firmware/fw_bcmdhd.bin
D/SoftapController( 172): Softap fwReload - Ok
E/SoftapController( 172): Softap fwrealod - Add delay.
D/NetdConnector( 282): SND -> {softap fwreload wlan0 STA} {null}
D/dalvikvm( 2306): GC_FOR_ALLOC freed 1696K, 28% free 11290K/15663K, paused 20ms
D/NetdConnector( 282): RCV <- {200 Softap operation succeeded}
D/NetdConnector( 282): RSP <- {200 Softap operation succeeded}
D/NetdConnector( 282): SND -> {interface getcfg wlan0} {null}
D/NetdConnector( 282): RCV <- {213 00:90:4c:11:22:33 0.0.0.0 0 [down broadcast multicast]}
D/NetdConnector( 282): RSP <- {213 00:90:4c:11:22:33 0.0.0.0 0 [down broadcast multicast]}
D/NetworkManagementService( 282): rsp <213 00:90:4c:11:22:33 0.0.0.0 0 [down broadcast multicast]>
D/CommandListener( 172): Setting iface cfg
D/CommandListener( 172): Trying to bring down wlan0
D/CommandListener( 172): broadcast flag ignored
D/CommandListener( 172): multicast flag ignored
D/NetworkManagementService( 282): flags <[down broadcast multicast]>
D/NetdConnector( 282): SND -> {interface setcfg wlan0 0.0.0.0 0 [down broadcast multicast]} {null}
D/NetdConnector( 282): RCV <- {200 Interface configuration set}
D/NetdConnector( 282): RSP <- {200 Interface configuration set}
D/NetdConnector( 282): SND -> {interface ipv6privacyextensions wlan0 enable} {null}
D/NetdConnector( 282): RCV <- {200 IPv6 privacy extensions changed}
D/NetdConnector( 282): RSP <- {200 IPv6 privacy extensions changed}
E/WifiHW ( 282): Supplicant not running, cannot connect
I had this problem.....I just restored with someone else's cwm backup and it worked
Sent from my LG-P769 using xda app-developers app
Thank you
mike6696 said:
I had this problem.....I just restored with someone else's cwm backup and it worked
Sent from my LG-P769 using xda app-developers app
Click to expand...
Click to collapse
Thanks for the reply. I downloaded a cwm backup. I will try it tomorrow and post my results.
jgc86 said:
Thanks for the reply. I downloaded a cwm backup. I will try it tomorrow and post my results.
Click to expand...
Click to collapse
nobody can actually help you if you dont inform about your L9 variant and which rom you have flashed or restored. Directly flashed a KDZ file or was that a CWM backup of someone else.
Please always be descriptive and dont make people assume many things for you. Otherwise you will always get solutions in wrong direction.
I'm a newbie to forums
cmahendra said:
nobody can actually help you if you dont inform about your L9 variant and which rom you have flashed or restored. Directly flashed a KDZ file or was that a CWM backup of someone else.
Please always be descriptive and dont make people assume many things for you. Otherwise you will always get solutions in wrong direction.
Click to expand...
Click to collapse
My L9 variant is the LGP769V10G. I used LGP769_AP[6].bin and FACTORY KDZ OF V10G USA Tmobile to root and flash. Worked great and was really easy. Then after the wifi password restore wifi went crazy. Sorry about not being descriptive. I'm new to forums. I didn't mean to post this in general as well. I was posting from my phone. I've got everything with CWM downloaded and I can boot into recovery mode ,but there is no CWM backup folder on my external SD to put the recovery folder in.
Got wifi to turn on ,but wont obtain IP
jgc86 said:
My L9 variant is the LGP769V10G. I used LGP769_AP[6].bin and FACTORY KDZ OF V10G USA Tmobile to root and flash. Worked great and was really easy. Then after the wifi password restore wifi went crazy. Sorry about not being descriptive. I'm new to forums. I didn't mean to post this in general as well. I was posting from my phone. I've got everything with CWM downloaded and I can boot into recovery mode ,but there is no CWM backup folder on my external SD to put the recovery folder in.
Click to expand...
Click to collapse
I've flashed with CWM back up that matched my L9 and the wifi will turn off and on ,but wont obtain an IP. Now when I install rooted applications my superuser wont grant access to some files. I'm starting to get really discouraged.
jgc86 said:
I've flashed with CWM back up that matched my L9 and the wifi will turn off and on ,but wont obtain an IP. Now when I install rooted applications my superuser wont grant access to some files. I'm starting to get really discouraged.
Click to expand...
Click to collapse
Just live and learn I guess. Do cwm backup right after you install recovery. Sure, using someone elses backup might be fine but you really don't know what you're getting.
jgc86 said:
I've flashed with CWM back up that matched my L9 and the wifi will turn off and on ,but wont obtain an IP. Now when I install rooted applications my superuser wont grant access to some files. I'm starting to get really discouraged.
Click to expand...
Click to collapse
Did my flash over again with the Root files and my wifi is back up and running. Thanks for everyone that commented on this thread with ideas. If anybody ever runs into this problem again I will be able to guide them.
Trial and Error
Lelus said:
Just live and learn I guess. Do cwm backup right after you install recovery. Sure, using someone elses backup might be fine but you really don't know what you're getting.
Click to expand...
Click to collapse
I agree. The backup worked though. I've learned a lot from the past 2 days. I had some knowledge of rooting. I'm not saying I'm nowhere near an expert ,but I used your root guide and it was very beneficial. Just wanted to say thanks.

[Help reading logcat] Rebooting during MIUI boot.

Ive been running the ICS version of DigitalHigh's MIUI for a while and decided it was time to upgrade to v5.
I went and flashed the v5 version with a full wipe and it started rebooting a few seconds after the MIUI bootscreen showed up.
I panicked and went to restore my Nand of the ICS version and now it's also rebooting on the bootscreen.
I was able to flash Trib's stock ICS rom and boot it on the first attempt.
I have a logcat of the reboots and they seem to end the same every time.
However, I don't know how to interpret the logcat to figoure out how to fix it.
LOGCAT from fresh clean current miui v5 install.
Code:
I/HTC Acoustic( 183): parse freq 48000
I/HTC Acoustic( 183): act_size=25, freq=48000
D/HTC Acoustic( 183): ioctl ACOUSTIC_UPDATE_ADIE success
D/HTC Acoustic( 183): [15] dev_name = speaker_mono_rx_midi_48000
I/HTC Acoustic( 183): parse freq 48000
I/HTC Acoustic( 183): act_size=25, freq=48000
D/HTC Acoustic( 183): ioctl ACOUSTIC_UPDATE_ADIE success
D/HTC Acoustic( 183): [16] dev_name = speaker_mono_rx_voice_48000
I/HTC Acoustic( 183): parse freq 48000
I/HTC Acoustic( 183): act_size=25, freq=48000
D/HTC Acoustic( 183): ioctl ACOUSTIC_UPDATE_ADIE success
D/HTC Acoustic( 183): [31] dev_name = usb_headset_stereo_rx
I/HTC Acoustic( 183): parse freq 48000
I/HTC Acoustic( 183): act_size=25, freq=48000
D/HTC Acoustic( 183): ioctl ACOUSTIC_UPDATE_ADIE success
D/HTC Acoustic( 183): [32] dev_name = alt_mono_rx_midi_48000
I/HTC Acoustic( 183): parse freq 48000
I/HTC Acoustic( 183): act_size=25, freq=48000
D/HTC Acoustic( 183): ioctl ACOUSTIC_UPDATE_ADIE success
D/HTC Acoustic( 183): [17] dev_name = speaker_mono_tx_midi_8000
I/HTC Acoustic( 183): parse freq 8000
I/HTC Acoustic( 183): act_size=25, freq=8000
D/HTC Acoustic( 183): ioctl ACOUSTIC_UPDATE_ADIE success
D/HTC Acoustic( 183): [18] dev_name = speaker_mono_tx_voice_8000
I/HTC Acoustic( 183): parse freq 8000
I/HTC Acoustic( 183): act_size=25, freq=8000
D/HTC Acoustic( 183): ioctl ACOUSTIC_UPDATE_ADIE success
D/HTC Acoustic( 183): [19] dev_name = speaker_mono_tx_voice_16000
I/HTC Acoustic( 183): parse freq 16000
I/HTC Acoustic( 183): act_size=25, freq=16000
D/HTC Acoustic( 183): ioctl ACOUSTIC_UPDATE_ADIE success
D/HTC Acoustic( 183): [20] dev_name = speaker_mono_tx_midi_48000
I/HTC Acoustic( 183): parse freq 48000
I/HTC Acoustic( 183): act_size=25, freq=48000
D/HTC Acoustic( 183): ioctl ACOUSTIC_UPDATE_ADIE success
D/HTC Acoustic( 183): [21] dev_name = speaker_mono_tx_voice_48000
I/HTC Acoustic( 183): parse freq 48000
I/HTC Acoustic( 183): act_size=25, freq=48000
D/HTC Acoustic( 183): ioctl ACOUSTIC_UPDATE_ADIE success
D/HTC Acoustic( 183): [22] dev_name = tty_headset_mono_rx_voice_8000
I/HTC Acoustic( 183): parse freq 8000
I/HTC Acoustic( 183): act_size=28, freq=8000
D/HTC Acoustic( 183): ioctl ACOUSTIC_UPDATE_ADIE success
D/HTC Acoustic( 183): [23] dev_name = tty_headset_mono_rx_voice_48000
I/HTC Acoustic( 183): parse freq 48000
I/HTC Acoustic( 183): act_size=28, freq=48000
D/HTC Acoustic( 183): ioctl ACOUSTIC_UPDATE_ADIE success
D/HTC Acoustic( 183): [24] dev_name = tty_headset_mono_tx_voice_8000
I/HTC Acoustic( 183): parse freq 8000
I/HTC Acoustic( 183): act_size=24, freq=8000
D/HTC Acoustic( 183): ioctl ACOUSTIC_UPDATE_ADIE success
D/HTC Acoustic( 183): [25] dev_name = tty_headset_mono_tx_voice_16000
I/HTC Acoustic( 183): parse freq 16000
I/HTC Acoustic( 183): act_size=24, freq=16000
D/HTC Acoustic( 183): ioctl ACOUSTIC_UPDATE_ADIE success
D/HTC Acoustic( 183): [26] dev_name = fmradio_headset_rx
I/HTC Acoustic( 183): act_size=18, freq=0
D/HTC Acoustic( 183): ioctl ACOUSTIC_UPDATE_ADIE success
D/HTC Acoustic( 183): [27] dev_name = fmradio_speaker_rx
I/HTC Acoustic( 183): act_size=18, freq=0
D/HTC Acoustic( 183): ioctl ACOUSTIC_UPDATE_ADIE success
D/HTC Acoustic( 183): [28] dev_name = headset_speaker_stereo_rx
I/HTC Acoustic( 183): parse freq 48000
I/HTC Acoustic( 183): act_size=33, freq=48000
D/HTC Acoustic( 183): ioctl ACOUSTIC_UPDATE_ADIE success
D/HTC Acoustic( 183): [29] dev_name = fmtx_headset
I/HTC Acoustic( 183): parse freq 48000
I/HTC Acoustic( 183): act_size=28, freq=48000
D/HTC Acoustic( 183): ioctl ACOUSTIC_UPDATE_ADIE success
I/HTC Acoustic( 183): Success on updating adie setting
I/HTC Acoustic( 183): open /system/etc/AudioBTID.csv success.
I/HTC Acoustic( 183): BT ID table version: Shooter_HTC_20110331
E/HTC Acoustic( 183): read ACOUSTIC_GET_TABLES fail. -1
I/HTC Acoustic( 183): TPA2051 CSV File Open From /system/etc/TPA2051_CFG.csv
I/HTC Acoustic( 183): open /system/etc/TPA2051_CFG.csv success.
D/HTC Acoustic( 183): int android_audio_legacy::support_codec_aic3254(), suppor
t_aic3254: 1
D/HTC Acoustic( 183): int android_audio_legacy::support_back_mic(), support_bac
k_mic: 1
D/HTC Acoustic( 183): int android_audio_legacy::support_audience(), support_a10
26: 0
E/HTC Acoustic( 183): read ACOUSTIC_GET_TABLES fail. -1
D/HTC Acoustic( 183): failed to open file /system/etc/AIC3254_REG_MFG.csv: No s
uch file or directory (2).
D/HTC Acoustic( 183): int android_audio_legacy::support_audience(), support_a10
26: 0
D/HTC Acoustic( 183): failed to open file /system/etc/AIC3254_REG_MFG.txt: No s
uch file or directory (2).
D/HTC Acoustic( 183): failed to open file /system/etc/AIC3254_REG_COMMON_DualMi
c.csv: No such file or directory (2).
D/HTC Acoustic( 183): int android_audio_legacy::support_back_mic(), support_bac
k_mic: 1
I/HTC Acoustic( 183): open /system/etc/AIC3254_REG_DualMic.csv success.
I/HTC Acoustic( 183): AIC3254 table version: HTC_SHR_0112_1_StereoRecording
D/HTC Acoustic( 183): int android_audio_legacy::support_audience(), support_a10
26: 0
D/HTC Acoustic( 183): int android_audio_legacy::support_audience(), support_a10
26: 0
D/HTC Acoustic( 183): AMR_WB not supported. /system/etc/CodecDSPID_WB.txt canno
t be opened.
D/HTC Acoustic( 183): int android_audio_legacy::support_amr_wb(), support_amr_w
b: 0
D/HTC Acoustic( 183): int android_audio_legacy::support_audience(), support_a10
26: 0
I/HTC Acoustic( 183): open /system/etc/CodecDSPID.txt success.
I/HTC Acoustic( 183): Codec dsp mapping table version: SHR_soundeffet_2011_041
2
I/HTC Acoustic( 183): open /system/etc/soundimage/Sound_Phone_Original.txt succ
ess.
I/HTC Acoustic( 183): (Phone_Default,/system/etc/soundimage/Sound_Phone_Origina
l.txt) with index 0
I/HTC Acoustic( 183): open /system/etc/soundimage/Sound_Original.txt success.
D/dalvikvm( 278): DexOpt: load 10ms, verify+opt 14ms, 140348 bytes
I/HTC Acoustic( 183): (Playback_Default,/system/etc/soundimage/Sound_Original.t
xt) with index 1
I/HTC Acoustic( 183): open /system/etc/soundimage/Sound_Original_SPK.txt succes
s.
D/dalvikvm( 181): DexOpt: --- END 'core-junit.jar' (success) ---
D/dalvikvm( 181): DEX prep '/system/framework/core-junit.jar': unzip in 0ms, re
write 64ms
I/HTC Acoustic( 183): (Playback_Speaker_Default,/system/etc/soundimage/Sound_Or
iginal_SPK.txt) with index 2
I/HTC Acoustic( 183): open /system/etc/soundimage/Sound_Original_Recording.txt
success.
I/HTC Acoustic( 183): (Record_Default,/system/etc/soundimage/Sound_Original_Rec
ording.txt) with index 3
I/HTC Acoustic( 183): open /system/etc/soundimage/Sound_Phone_Original_REC.txt
success.
D/dalvikvm( 181): DexOpt: --- BEGIN 'bouncycastle.jar' (bootstrap=1) ---
I/HTC Acoustic( 183): (Phone_Handset_Dualmic,/system/etc/soundimage/Sound_Phone
_Original_REC.txt) with index 4
I/HTC Acoustic( 183): open /system/etc/soundimage/Sound_Phone_Original_SPK.txt
success.
I/HTC Acoustic( 183): (Phone_Speaker_Dualmic,/system/etc/soundimage/Sound_Phone
_Original_SPK.txt) with index 5
I/HTC Acoustic( 183): open /system/etc/soundimage/Sound_Phone_Original_HP.txt s
uccess.
I/HTC Acoustic( 183): (Phone_Headset,/system/etc/soundimage/Sound_Phone_Origina
l_HP.txt) with index 6
I/HTC Acoustic( 183): open /system/etc/soundimage/Sound_Phone_Original_REC.txt
success.
I/HTC Acoustic( 183): (Phone_HAC,/system/etc/soundimage/Sound_Phone_Original_RE
C.txt) with index 7
I/HTC Acoustic( 183): open /system/etc/soundimage/Sound_Phone_Original.txt succ
ess.
I/HTC Acoustic( 183): (Phone_TTY,/system/etc/soundimage/Sound_Phone_Original.tx
t) with index 8
I/HTC Acoustic( 183): open /system/etc/soundimage/Sound_Rec_mono.txt success.
I/rmt_storage( 175): rmt_storage open event: handle=1
I/rmt_storage( 175): Opened /dev/block/mmcblk0p26 for /boot/modem_fs1
I/rmt_storage( 175): rmt_storage events processing done. (handle=1)
I/rmt_storage( 175): rmt_storage send user data event: handle=1
I/rmt_storage( 175): rmt_storage events processing done. (handle=1)
I/rmt_storage( 175): rmt_storage open event: handle=2
I/rmt_storage( 175): Opened /dev/block/mmcblk0p27 for /boot/modem_fs2
I/rmt_storage( 175): rmt_storage events processing done. (handle=2)
I/rmt_storage( 175): rmt_storage send user data event: handle=2
I/rmt_storage( 175): rmt_storage events processing done. (handle=2)
I/rmt_storage( 175): rmt_storage open event: handle=3
E/rmt_storage( 175): Unable to open /boot/modem_fsg
I/rmt_storage( 175): rmt_storage events processing done. (handle=3)
I/rmt_storage( 175): rmt_storage send user data event: handle=3
E/rmt_storage( 175): Invalid rmt_storage client
I/rmt_storage( 175): rmt_storage events processing done. (handle=3)
I/rmt_storage( 175): rmt_storage client thread started... (handle=2)
I/rmt_storage( 175): rmt_storage client thread waiting... (handle=2)
I/rmt_storage( 175): rmt_storage client thread started... (handle=1)
I/rmt_storage( 175): rmt_storage client thread waiting... (handle=1)
I/rmt_storage( 175): rmt_storage open event: handle=4
I/rmt_storage( 175): Opened /dev/block/mmcblk0p19 for /boot/radio_config
I/rmt_storage( 175): rmt_storage events processing done. (handle=4)
I/rmt_storage( 175): rmt_storage send user data event: handle=4
I/rmt_storage( 175): rmt_storage events processing done. (handle=4)
I/rmt_storage( 175): rmt_storage client thread started... (handle=4)
I/rmt_storage( 175): rmt_storage client thread waiting... (handle=4)
I/rmt_storage( 175): rmt_storage read event: handle=1
I/rmt_storage( 175): Try to unblock rmt_storage client thread... (handle=1)
I/rmt_storage( 175): rmt_storage events processing done. (handle=1)
I/rmt_storage( 175): rmt_storage client thread is unblocked. (handle=1)
I/rmt_storage( 175): rmt_storage fop(4) fd(8) handle(1): bytes required=512, of
fset=0
I/rmt_storage( 175): rmt_storage fop(4) fd(8) handle(1): bytes transferred=512
I/rmt_storage( 175): rmt_storage fop(4) fd(8) handle(1): bytes required=512, of
fset=3145216
I/rmt_storage( 175): rmt_storage fop(4) fd(8) handle(1): bytes transferred=512
I/rmt_storage( 175): rmt_storage_send_status fop(4) fd(8) handle(1): error_code
= 0
I/rmt_storage( 175): rmt_storage client thread waiting... (handle=1)
I/rmt_storage( 175): rmt_storage read event: handle=2
I/rmt_storage( 175): Try to unblock rmt_storage client thread... (handle=2)
I/rmt_storage( 175): rmt_storage events processing done. (handle=2)
I/rmt_storage( 175): rmt_storage client thread is unblocked. (handle=2)
I/rmt_storage( 175): rmt_storage fop(4) fd(10) handle(2): bytes required=512, o
ffset=0
I/rmt_storage( 175): rmt_storage fop(4) fd(10) handle(2): bytes transferred=512
I/rmt_storage( 175): rmt_storage fop(4) fd(10) handle(2): bytes required=512, o
ffset=3145216
I/rmt_storage( 175): rmt_storage fop(4) fd(10) handle(2): bytes transferred=512
I/rmt_storage( 175): rmt_storage_send_status fop(4) fd(10) handle(2): error_cod
e = 0
I/rmt_storage( 175): rmt_storage client thread waiting... (handle=2)
I/HTC Acoustic( 183): (Record_V_Mono,/system/etc/soundimage/Sound_Rec_mono.txt)
with index 9
I/HTC Acoustic( 183): open /system/etc/soundimage/Sound_Rec_Landscape.txt succe
ss.
I/HTC Acoustic( 183): (Record_V_IMIC_Landscape_Stereo,/system/etc/soundimage/So
und_Rec_Landscape.txt) with index 10
I/HTC Acoustic( 183): open /system/etc/soundimage/Sound_Rec_Portrait.txt succes
s.
I/HTC Acoustic( 183): (Record_V_IMIC_Protrait_Stereo,/system/etc/soundimage/Sou
nd_Rec_Portrait.txt) with index 11
I/HTC Acoustic( 183): open /system/etc/soundimage/Sound_Rec_Voice_record.txt su
ccess.
I/HTC Acoustic( 183): (Record_A_IMIC_Mono,/system/etc/soundimage/Sound_Rec_Voic
e_record.txt) with index 12
I/HTC Acoustic( 183): open /system/etc/soundimage/Sound_Rec_Voice_record.txt su
ccess.
I/HTC Acoustic( 183): (Record_A_EMIC_Mono,/system/etc/soundimage/Sound_Rec_Voic
e_record.txt) with index 13
I/HTC Acoustic( 183): open /system/etc/soundimage/Sound_FM_HP.txt success.
I/HTC Acoustic( 183): (FM_Headset,/system/etc/soundimage/Sound_FM_HP.txt) with
index 14
I/HTC Acoustic( 183): open /system/etc/soundimage/Sound_FM_SPK.txt success.
I/HTC Acoustic( 183): (FM_Speaker,/system/etc/soundimage/Sound_FM_SPK.txt) with
index 15
I/HTC Acoustic( 183): htc_effect_mask = 0x3fbfe
D/HTC Acoustic( 183): int android_audio_legacy::support_back_mic(), support_bac
k_mic: 1
I/AudioFlinger( 183): loadHwModule() Loaded primary audio interface from QCOM A
udio HW HAL (audio) handle 1
I/AudioFlinger( 183): HAL output buffer size 1200 frames, normal mix buffer siz
e 1200 frames
W/EffectsFactory( 183): loadLibrary() failed to open /system/lib/soundfx/libcya
nogen-dsp.so
W/EffectsFactory( 183): loadEffect() could not get library cm
W/EffectsFactory( 183): loadEffect() could not get library cm
W/EffectsFactory( 183): loadEffect() could not get library cm
W/EffectsFactory( 183): loadEffect() could not get library cm
I/AudioMixer( 183): found effect "Multichannel Downmix To Stereo" from The Andr
oid Open Source Project
I/AudioFlinger( 183): Using module 1 has the primary audio interface
D/AudioHardwareInterface( 183): setMode(NORMAL)
I/AudioFlinger( 183): AudioFlinger's thread 0x1a930b8 ready to run
I/AudioHardwareMSM8660( 183): Set master volume to 7.
W/AudioFlinger( 183): Thread AudioOut_2 cannot connect to the power manager ser
vice
D/AudioHardwareMSM8660( 183): AudioStreamOutMSM8x60::standby()
W/AudioFlinger( 183): Thread AudioOut_2 cannot connect to the power manager ser
vice
I/AudioHardwareMSM8660( 183): Routing audio to Speakerphone
D/AudioHardwareMSM8660( 183): aic3254_config: device 1 enabled 1
D/AudioHardwareMSM8660( 183): aic3254_config: loading effect Playback_Default
I/HTC Acoustic( 183): set_audio_effect: Playback_Default
I/HTC Acoustic( 183): set_audio_effect: match with name Playback_Default (1)
I/HTC Acoustic( 183): found enabled DSP firmwares and return 0
D/AudioHardwareMSM8660( 183): do_aic3254_control device: 1 mode: 0 record: 0
I/AudioHardwareMSM8660( 183): aic3254 powered off
D/AudioHardwareMSM8660( 183): new_rx = 2
D/AudioHardwareMSM8660( 183): new_tx = 4
D/AudioHardwareMSM8660( 183): updateDeviceInfo() called for default case
D/AudioHardwareMSM8660( 183): updateDeviceInfo: E
D/AudioHardwareMSM8660( 183): simple device switch
D/AudioHardwareMSM8660( 183): update TPA2051_SET_MODE to mode 4 success
E/AudioHardwareMSM8660( 183): unknown stream
I/AudioFlinger( 183): loadHwModule() Loaded a2dp audio interface from A2DP Audi
o HW HAL (audio) handle 3
I/AudioPolicyService( 183): Loaded audio policy from QCOM Audio Policy HAL (aud
io_policy)
D/MDnsDS ( 177): MDnsSdListener::Hander starting up
D/MDnsDS ( 177): MDnsSdListener starting to monitor
D/MDnsDS ( 177): Going to poll with pollCount 1
D/dalvikvm( 303): DexOpt: load 20ms, verify+opt 395ms, 601812 bytes
D/dalvikvm( 181): DexOpt: --- END 'bouncycastle.jar' (success) ---
D/dalvikvm( 181): DEX prep '/system/framework/bouncycastle.jar': unzip in 38ms,
rewrite 484ms
D/dalvikvm( 181): DexOpt: --- BEGIN 'ext.jar' (bootstrap=1) ---
D/dalvikvm( 389): DexOpt: load 36ms, verify+opt 467ms, 940124 bytes
D/dalvikvm( 181): DexOpt: --- END 'ext.jar' (success) ---
D/dalvikvm( 181): DEX prep '/system/framework/ext.jar': unzip in 48ms, rewrite
593ms
D/dalvikvm( 181): DexOpt: --- BEGIN 'framework.jar' (bootstrap=1) ---
I/rmt_storage( 175): rmt_storage write event: handle=1
I/rmt_storage( 175): Try to unblock rmt_storage client thread... (handle=1)
I/rmt_storage( 175): rmt_storage events processing done. (handle=1)
I/rmt_storage( 175): rmt_storage client thread is unblocked. (handle=1)
I/rmt_storage( 175): rmt_storage fop(1) fd(8) handle(1): bytes required=3145216
, offset=0
I/rmt_storage( 175): rmt_storage fop(1) fd(8) handle(1): bytes transferred=3276
8
I/rmt_storage( 175): rmt_storage fop(1) fd(8) handle(1): bytes required=512, of
fset=3145216
E/rmt_storage( 175): rmt_storage fop(1) fd(8) handle(1): failed with error=-1
I/rmt_storage( 175): rmt_storage_send_status fop(1) fd(8) handle(1): error_code
= -1
Please help me fix this reboot loop.
Thank you.

Logcat error on MTK 6592 on CM 12.1

Need help resolving logcat error
Hello hi could someone take a look on my logcat and tell me how to resolve it ? I'm using an MTK 6592 on CM12.1 rom
D/NVRAM ( 175): File_Title_Header iMdCleanNum(105)
D/NVRAM ( 175): File_Title_Header iMdImpntNum(0)
D/NVRAM ( 175): File_Title_Header iMdCoreNum(0)
D/NVRAM ( 175): File_Title_Header iMdDataNum(0)
D/NVRAM ( 175): File_Title_Header iMd2BootNum(0)
D/NVRAM ( 175): File_Title_Header iMd2CleanNum(0)
D/NVRAM ( 175): File_Title_Header iMd2ImpntNum(0)
D/NVRAM ( 175): File_Title_Header iFileBufLen(490)
D/NVRAM ( 175): File_Title_Header BackupFlag(0)
D/NVRAM ( 175): FileOp_RestoreFromFiles MD2IMP start !
D/NVRAM ( 175): [FileOp_RestoreData_All] end !
D/SurfaceFlinger( 158): Set power mode=2, type=0 flinger=0xb6482000
I/hwcomposer( 158): [HWC] Blank(0) Display(0)
D/NVRAM ( 175): enter restore from binregion for DM
D/NVRAM ( 175): [NVRAM]:read:131072
D/NVRAM ( 175): [NVRAM]:read:131072
D/NVRAM ( 175): [NVRAM]:not find DM file in bin region
D/NVRAM ( 175): FileOp_RecoveryData:RestoreFromBinRegionForDM fail
D/NVRAM ( 175): Bin Region Restore to NvRam Fail
D/NVRAM ( 175): Begin excute customer callback!!!
D/NVRAM ( 175): nvram daemon callback will run!!!
D/NVRAM ( 175): Callback return 0
D/NVRAM ( 175): Set property success
D/NVRAM ( 175): NVRAM AP_CFG_RDCL_FILE_AUXADC_LID:2
D/NVRAM ( 175): NVM_GetFileDesc ++
D/NVRAM ( 175): NVM_GetFileDesc ++
D/NVRAM ( 175): NVM_GetCfgFileTable : file_lid = 2
D/NVRAM ( 175): NVM_GetCfgFileTable : file_lid = 1
D/NVRAM ( 175): NVM_GetCfgFileTable done
D/NVRAM ( 175): NVM_GetCfgFileTable done
D/NVRAM ( 175): Open /data/nvram/APCFG/APRDCL/AUXADC,LID:2
D/NVRAM ( 175): Open /data/nvram/APCFG/APRDEB/BT_Addr,LID:1
D/NVRAM ( 175): NVM_CmpFileVerNo 2
D/NVRAM ( 175): NVM_GetCfgFileTable : file_lid = 2
D/NVRAM ( 175): NVM_CmpFileVerNo 1
D/NVRAM ( 175): NVM_CheckVerFile: 0
D/NVRAM ( 175): NVM_GetCfgFileTable : file_lid = 1
D/NVRAM ( 175): New version info file
D/NVRAM ( 175): NVM_CheckVerFile: 0
D/NVRAM ( 175): Load File Version: 000, NvRam File Version: 000
D/NVRAM ( 175): New version info file
D/NVRAM ( 175): no need to enc/dnc
D/NVRAM ( 175): Load File Version: 001, NvRam File Version: 001
D/NVRAM ( 175): no need to enc/dnc
D/NVRAM ( 175): [NVRAM Daemon]wifi lid 30 ++
D/NVRAM ( 175): NVM_GetFileDesc ++
D/NVRAM ( 175): NVM_CheckFileSize : 2 ++
D/NVRAM ( 175): iCustomBeginLID = 26
D/NVRAM ( 175): NVM_CheckVerFile: 1
D/NVRAM ( 175): NVM_GetCfgFileTable : file_lid = 2
D/NVRAM ( 175): NVM_GetCfgFileTable : file_lid = 30
D/NVRAM ( 175): NVM_GetCfgFileTable done
D/NVRAM ( 175): Open /data/nvram/APCFG/APRDEB/WIFI,LID:30
D/NVRAM ( 175): NVM_CheckFileSize : 1 ++
D/NVRAM ( 175): iCustomBeginLID = 26
D/NVRAM ( 175): NVM_CmpFileVerNo 30
D/NVRAM ( 175): NVM_CheckVerFile: 1
D/NVRAM ( 175): NVM_GetCfgFileTable : file_lid = 30
D/NVRAM ( 175): NVM_CheckVerFile: 0
D/NVRAM ( 175): NVM_GetCfgFileTable : file_lid = 1
D/NVRAM ( 175): New version info file
D/NVRAM ( 175): NVM_CheckFileSize:stat_size:66,size in table:64
D/NVRAM ( 175): NVM_ProtectUserData
D/NVRAM ( 175): Load File Version: 000, NvRam File Version: 000
D/NVRAM ( 175): NVM_ProtectUserData:Check File
D/NVRAM ( 175): no need to enc/dnc
D/NVRAM ( 175): NVM_CheckFileSize : 30 ++
D/NVRAM ( 175): touch panel calibration
D/NVRAM ( 175): iCustomBeginLID = 26
D/NVRAM ( 175): NVM_CheckVerFile: 1
D/NVRAM ( 175): NVM_GetCfgFileTable : file_lid = 30
D/NVRAM ( 175): NVM_CheckFileSize:stat_size:514,size in table:512
D/NVRAM ( 175): NVM_ProtectUserData
D/NVRAM ( 175): NVM_ProtectUserData:Check File
I/6620_launcher( 159): open device node succeed.(Node:/dev/stpwmt, fd:3)
I/6620_launcher( 159): keypersist.mtk.wcn.combo.chipid)-value0x6592),chipId:0x6592
I/6620_launcher( 159): chip id is 0x6592
D/NVRAM ( 175): NVM_CheckFile: File is correct!
I/6620_launcher( 159): chiId:0x6592, setting to property(persist.mtk.wcn.combo.chipid)
D/NVRAM ( 175): NVM_ProtectUserData:Check Success
D/NVRAM ( 175): NVM_GetFileDesc ProtectDataFile Check Success!!
D/NVRAM ( 175): NVM_GetFileDesc --
D/NVRAM ( 175): NVM_CheckFileSize:stat_size:78,size in table:76
D/NVRAM ( 175): NVM_ProtectUserData
D/NVRAM ( 175): FD 4 rec_size 64 rec_num 1
D/NVRAM ( 175): NVM_ProtectUserData:Check File
D/NVRAM ( 175): Read NVRAM: [BDAddr e6-68-46-58-a3-ed][Voice 60 00][Codec 23 10 00 00] [Radio 07 80 00 06 05 07][Sleep 03 40 1f 40 1f 00 04][BtFTR 80 00] [TxPWOffset ff ff ff][CoexAdjust 00 00 00 00 00 00]
D/NVRAM ( 175): NVM_CheckFile: File is correct!
D/NVRAM ( 175): NVM_ProtectUserData:Check Success
D/NVRAM ( 175): NVM_GetFileDesc ProtectDataFile Check Success!!
D/NVRAM ( 175): NVM_GetFileDesc --
D/NVRAM ( 175): NVM_GetFileDesc ++
D/NVRAM ( 175): NVM_GetCfgFileTable : file_lid = 12
D/NVRAM ( 175): NVM_GetCfgFileTable done
D/NVRAM ( 175): Open /data/nvram/APCFG/APRDCL/HWMON_ACC,LID:12
D/NVRAM ( 175): NVM_CmpFileVerNo 12
D/NVRAM ( 175): NVM_GetCfgFileTable : file_lid = 12
D/NVRAM ( 175): NVM_CheckVerFile: 0
D/NVRAM ( 175): New version info file
D/NVRAM ( 175): Load File Version: 000, NvRam File Version: 000
D/NVRAM ( 175): no need to enc/dnc
D/NVRAM ( 175): NVM_CheckFileSize : 12 ++
D/NVRAM ( 175): iCustomBeginLID = 26
D/NVRAM ( 175): NVM_CheckVerFile: 1
D/NVRAM ( 175): NVM_GetCfgFileTable : file_lid = 12
D/NVRAM ( 175): NVM_CheckFileSize:stat_size:14,size in table:12
D/NVRAM ( 175): NVM_ProtectUserData
D/NVRAM ( 175): NVM_ProtectUserData:Check File
D/NVRAM ( 175): NVM_CheckFile: File is correct!
D/NVRAM ( 175): NVM_ProtectUserData:Check Success
D/NVRAM ( 175): NVM_GetFileDesc ProtectDataFile Check Success!!
D/NVRAM ( 175): NVM_GetFileDesc --
