ERRORS IN ROMPORTING logcat attached - Android Q&A, Help & Troubleshooting

XDA's.
i had ported a rom to my lg optimus l7 and i find these errors which were not possible to solve
i have atteched the logcat
the main error was that audio was not working
i got that the problem was with media process and audiopolicy
here is the log cat of the error,these error occures when playing a ringtone in setttingd menu
android version is 4.3
and base rom is CM 10.2
ported rom is Cyanfox
please try to help me solving this problem
LOGCAT
Code:
11-05 23:03:59.129: W/AudioPolicyManager(2284): getOutput() could not find output for stream 1, samplingRate 0,format 0, channels 3, flags 0
11-05 23:03:59.129: W/AudioPolicyManager(2284): getOutput() could not find output for stream 1, samplingRate 0,format 0, channels 3, flags 0
11-05 23:03:59.129: W/AudioPolicyManager(2284): getOutput() could not find output for stream 1, samplingRate 44100,format 1, channels 1, flags 4
11-05 23:03:59.129: E/AudioTrack(506): Could not get audio output for stream type 1
11-05 23:03:59.139: E/SoundPool(506): Error creating AudioTrack
11-05 23:03:59.139: I/AudioService(506): Remote Control registerMediaButtonIntent() for PendingIntent{41e7d3d8: PendingIntentRecord{41c15920 com.google.android.music broadcastIntent}}
11-05 23:03:59.149: I/LocalDevicePlayback(2821): play: currentPos=5
11-05 23:03:59.149: I/AudioService(506): AudioFocus requestAudioFocus() from [email protected][email protected]93528
11-05 23:03:59.159: I/AudioService(506): AudioFocus abandonAudioFocus(): removing entry for [email protected][email protected]
11-05 23:03:59.159: E/MediaPlayer(2632): pause called in state 8
11-05 23:03:59.159: E/MediaPlayer(2632): error (-38, 0)
11-05 23:03:59.369: D/dalvikvm(506): GC_FOR_ALLOC freed 823K, 21% free 11309K/14228K, paused 89ms, total 91ms
11-05 23:03:59.509: D/BufferProgressListener(3215): updateCurrentSong: [361, DEFAULT]
11-05 23:03:59.529: I/LocalDevicePlayback(2821): open: id=[361, DEFAULT], playPos=5, fromUser=true, track=Track 2
11-05 23:03:59.559: D/LocalAsyncMediaPlayer(2821): Event logging MUSIC_START_PLAYBACK_REQUESTED: 361/: local playback
11-05 23:03:59.559: D/DownloadQueue(2821): cancelAndPurge: owner=MUSIC_PLAYBACK, policy=2
11-05 23:03:59.569: D/DownloadQueue(2821): getNextTask(): wait
11-05 23:03:59.609: D/QCUtils(2284): extended extractor not needed, return default
11-05 23:03:59.609: D/AwesomePlayer(2284): Before reset_l
11-05 23:03:59.609: D/AwesomePlayer(2284): printFileName fd(41) -> /storage/sdcard1/songs/melle melle.mp3
11-05 23:03:59.619: D/QCUtils(2284): extended extractor not needed, return default
11-05 23:03:59.619: E/AwesomePlayer(2284): LPAPlayer::Clip duration setting of less than 30sec not supported, defaulting to 60sec
11-05 23:03:59.619: E/QC_MP3DEC(2284): component_init: device open fail Loaded -->Invalid
11-05 23:03:59.619: E/QC_MP3DEC(2284): mp3 device already closed
11-05 23:03:59.619: E/QC_MP3DEC(2284): Killing timer thread...
11-05 23:03:59.619: E/QC_MP3DEC(2284): Timer thread exited
11-05 23:03:59.619: E/QC_MP3DEC(2284): Component-deinit m_drv_fd = -1
11-05 23:03:59.619: E/QC_MP3DEC(2284): OMX MP3 component destroyed
11-05 23:03:59.639: E/AwesomePlayer(2284): LPAPlayer::Clip duration setting of less than 30sec not supported, defaulting to 60sec
11-05 23:03:59.649: W/AudioPolicyManager(2284): getOutput() could not find output for stream 3, samplingRate 0,format 0, channels 3, flags 0
11-05 23:03:59.649: E/AwesomePlayer(2284): AudioPlayer start error
11-05 23:03:59.649: E/MetadataRetrieverClient(2284): failed to extract an album art
11-05 23:03:59.649: E/MediaPlayer(2821): error (-19, 0)
11-05 23:03:59.649: E/MediaPlayer(2821): Error (-19,0)
11-05 23:03:59.679: W/LocalDevicePlayback(2821): Failed to open MusicId ([361, DEFAULT]) for playback
11-05 23:03:59.679: D/StreamingClient(2821): currenStreamingPlayEnded: current=null next=null
11-05 23:03:59.699: D/BufferProgressListener(3215): updateCurrentSong: [361, DEFAULT]
11-05 23:03:59.769: I/OMXNodeInstance(2284): OMX_FreeBuffer for buffer header 0x41c0c800 successful
11-05 23:03:59.769: I/OMXNodeInstance(2284): OMX_FreeBuffer for buffer header 0x41c0c748 successful
11-05 23:03:59.769: I/OMXNodeInstance(2284): OMX_FreeBuffer for buffer header 0x41c0c678 successful
11-05 23:03:59.769: I/OMXNodeInstance(2284): OMX_FreeBuffer for buffer header 0x41c0c4c0 successful
11-05 23:03:59.779: I/OMXNodeInstance(2284): OMX_FreeBuffer for buffer header 0x41c0ce00 successful
11-05 23:03:59.779: I/OMXNodeInstance(2284): OMX_FreeBuffer for buffer header 0x41c0ccd8 successful
11-05 23:03:59.779: I/OMXNodeInstance(2284): OMX_FreeBuffer for buffer header 0x41c0cb98 successful
11-05 23:03:59.779: I/OMXNodeInstance(2284): OMX_FreeBuffer for buffer header 0x41c0c988 successful
11-05 23:03:59.809: D/MultiPlayer(2821): Error: -19,0
11-05 23:03:59.969: D/dalvikvm(506): GC_FOR_ALLOC freed 446K, 19% free 11543K/14228K, paused 84ms, total 85ms
11-05 23:04:00.009: D/BufferProgressListener(3215): updateCurrentSong: [361, DEFAULT]
11-05 23:04:00.119: E/MediaPlayer(2632): Error (-38,0)
11-05 23:04:00.119: E/QC_MP3DEC(2284): Execute flush for both I/p O/p port
11-05 23:04:00.119: I/OMXNodeInstance(2284): OMX_FreeBuffer for buffer header 0x41c072e0 successful
11-05 23:04:00.119: I/OMXNodeInstance(2284): OMX_FreeBuffer for buffer header 0x41c05108 successful
11-05 23:04:00.119: I/OMXNodeInstance(2284): OMX_FreeBuffer for buffer header 0x41bf73d8 successful
11-05 23:04:00.119: I/OMXNodeInstance(2284): OMX_FreeBuffer for buffer header 0x41c153b8 successful
11-05 23:04:00.139: E/QC_MP3DEC(2284): Killing timer thread...
11-05 23:04:00.139: E/QC_MP3DEC(2284): Timer thread exited
11-05 23:04:00.139: E/QC_MP3DEC(2284): Component-deinit m_drv_fd = -1
11-05 23:04:00.139: E/QC_MP3DEC(2284): COMPONENT DEINIT...
11-05 23:04:00.139: E/QC_MP3DEC(2284): OMX MP3 component destroyed
11-05 23:04:00.429: D/dalvikvm(2821): GC_FOR_ALLOC freed 509K, 13% free 3760K/4316K, paused 24ms, total 26ms
11-05 23:04:00.459: D/QCUtils(2284): extended extractor not needed, return default
11-05 23:04:00.469: E/MetadataRetrieverClient(2284): failed to extract an album art
11-05 23:04:00.509: I/Diag_Lib(134): rpc_handle_rpc_call: for Xid: 3a1, Prog: 31000000, Vers: d17ed9ea, Proc: 00000014
11-05 23:04:00.509: I/Diag_Lib(134): rpc_handle_rpc_call: Find Status: 0 Xid: 3a1
11-05 23:04:00.509: I/ONCRPC(134): oncrpc_proxy_handle_cmd_rpc_call: Dispatching xid: 3a1
11-05 23:04:00.509: I/ONCRPC(134): oncrpc_xdr_reply_msg_start: Prog: 00000000, Ver: 00000000, Proc: 00000000 Xid: 000003a1
11-05 23:04:00.509: I/ONCRPC(134): oncrpc_msg_reply: Prog: 00000000, Ver: 00000000, Proc: 00000000 Xid: 000003a1
11-05 23:04:00.509: I/ONCRPC(134): oncrpc_proxy_handle_cmd_rpc_call: Dispatch returned for xid: 3a1
11-05 23:04:00.579: D/BufferProgressListener(3215): updateCurrentSong: null
11-05 23:04:00.699: D/QCUtils(2284): extended extractor not needed, return default
11-05 23:04:00.699: E/MetadataRetrieverClient(2284): failed to extract an album art
11-05 23:04:00.749: D/QCUtils(2284): extended extractor not needed, return default
11-05 23:04:00.749: E/MetadataRetrieverClient(2284): failed to extract an album art
11-05 23:04:00.779: I/BaseTrackListView(3215): Need to scroll to: 5 which is larger than the current list size: 0
11-05 23:04:01.269: D/AwesomePlayer(2284): Before reset_l
11-05 23:04:01.269: D/AwesomePlayer(2284): printFileName fd(17) -> /storage/sdcard1/songs/best of enrique/07 Enrique Iglesias - Miss You.mp3
11-05 23:04:01.319: D/QCUtils(2284): extended extractor not needed, return default
11-05 23:04:01.339: E/AwesomePlayer(2284): LPAPlayer::Clip duration setting of less than 30sec not supported, defaulting to 60sec
11-05 23:04:01.339: E/QC_MP3DEC(2284): component_init[0x41c10710]component init: role = OMX.qcom.audio.decoder.mp3
if you need full logcat i can upload
Please Do help me in solving this

Related

[Q] Netflix/HBO/DRM protected content not playing

Hi,
I've been struggling to get Netflix and HBO Nordic working on my Galaxy S2 running Cyanogenmod 10.1 nightlies. I've tried Netflix 2.1.1 and 1.8.1, and a modded HBO 1.0 app bypassing the root check.
Here are some logcat (*:W) excerpts from the different apps.
HBO Nordic app, force closes upon pressing play:
Code:
W/AudioService( 2198): RemoteControlClient died
F/libc (26548): Fatal signal 11 (SIGSEGV) at 0x00000000 (code=1), thread 26548 (drmserver)
W/DrmManagerClientImpl(Native)(26554): DrmManager server died!
E/WVMExtractor(28011): Drm manager failed to initialize.
E/MediaPlayer(26554): error (1, -2147483648)
E/MediaPlayer(26554): Error (1,-2147483648)
W/dalvikvm(26554): threadid=1: thread exiting with uncaught exception (group=0x40f2f930)
E/AndroidRuntime(26554): FATAL EXCEPTION: main
E/AndroidRuntime(26554): java.lang.NullPointerException
E/AndroidRuntime(26554): at com.hbo.android.app.activity.VideoActivity.finishWithError(VideoActivity.java:240)
E/AndroidRuntime(26554): at com.hbo.android.app.activity.VideoActivity.access$2(VideoActivity.java:236)
E/AndroidRuntime(26554): at com.hbo.android.app.activity.VideoActivity$2.onMediaPlayerError(VideoActivity.java:108)
E/AndroidRuntime(26554): at com.hbo.android.app.widget.video.player.PlayerBase.onError(PlayerBase.java:425)
E/AndroidRuntime(26554): at com.hbo.android.app.widget.video.player.internal.BaseVideoView$4.onError(BaseVideoView.java:372)
E/AndroidRuntime(26554): at android.media.MediaPlayer$EventHandler.handleMessage(MediaPlayer.java:2003)
E/AndroidRuntime(26554): at android.os.Handler.dispatchMessage(Handler.java:99)
E/AndroidRuntime(26554): at android.os.Looper.loop(Looper.java:137)
E/AndroidRuntime(26554): at android.app.ActivityThread.main(ActivityThread.java:5191)
E/AndroidRuntime(26554): at java.lang.reflect.Method.invokeNative(Native Method)
E/AndroidRuntime(26554): at java.lang.reflect.Method.invoke(Method.java:511)
E/AndroidRuntime(26554): at com.android.internal.os.ZygoteInit$MethodAndArgsCaller.run(ZygoteInit.java:795)
E/AndroidRuntime(26554): at com.android.internal.os.ZygoteInit.main(ZygoteInit.java:562)
E/AndroidRuntime(26554): at dalvik.system.NativeStart.main(Native Method)
W/ActivityManager( 2198): Force finishing activity com.hbo.android.app/.activity.VideoActivity
W/ActivityManager( 2198): Activity pause timeout for ActivityRecord{41d77aa8 u0 com.hbo.android.app/.activity.VideoActivity}
W/InputDispatcher( 2198): channel '419febd8 com.hbo.android.app/com.hbo.android.app.activity.MainActivity (server)' ~ Consumer closed input channel or an error occurred. events=0x9
E/InputDispatcher( 2198): channel '419febd8 com.hbo.android.app/com.hbo.android.app.activity.MainActivity (server)' ~ Channel is unrecoverably broken and will be disposed!
W/InputDispatcher( 2198): channel '41938168 com.hbo.android.app/com.hbo.android.app.activity.VideoActivity (server)' ~ Consumer closed input channel or an error occurred. events=0x9
E/InputDispatcher( 2198): channel '41938168 com.hbo.android.app/com.hbo.android.app.activity.VideoActivity (server)' ~ Channel is unrecoverably broken and will be disposed!
W/InputDispatcher( 2198): Attempted to unregister already unregistered input channel '419febd8 com.hbo.android.app/com.hbo.android.app.activity.MainActivity (server)'
W/InputDispatcher( 2198): Attempted to unregister already unregistered input channel '41938168 com.hbo.android.app/com.hbo.android.app.activity.VideoActivity (server)'
E/Trace (28321): error opening trace file: No such file or directory (2)
E/Trace (28356): error opening trace file: No such file or directory (2)
Netflix 1.8.1, plays sound and shows subtitles, but no video:
Code:
W/ActivityManager( 2198): Scheduling restart of crashed service com.teamhacksung.tvout/.TvOutService in 5000ms
W/libc (27869): pthread_create sched_setscheduler call failed: Operation not permitted
W/libc (27869): pthread_create sched_setscheduler call failed: Operation not permitted
W/libc (27869): pthread_create sched_setscheduler call failed: Operation not permitted
W/libc (27869): pthread_create sched_setscheduler call failed: Operation not permitted
W/libc (27869): pthread_create sched_setscheduler call failed: Operation not permitted
W/libc (27869): pthread_create sched_setscheduler call failed: Operation not permitted
E/Trace (28011): error opening trace file: No such file or directory (2)
E/SEC_COMP_REGS(28011): .
E/SEC_COMP_REGS(28011): ..
E/SEC_COMP_REGS(28011): libOMX.SEC.AVC.Decoder.so
E/SEC_COMP_REGS(28011): Path & libName : /system/lib/omx/libOMX.SEC.AVC.Decoder.so
E/SEC_COMP_REGS(28011): libOMX.SEC.AVC.Encoder.so
E/SEC_COMP_REGS(28011): Path & libName : /system/lib/omx/libOMX.SEC.AVC.Encoder.so
E/SEC_COMP_REGS(28011): libOMX.SEC.M4V.Decoder.so
E/SEC_COMP_REGS(28011): Path & libName : /system/lib/omx/libOMX.SEC.M4V.Decoder.so
E/SEC_COMP_REGS(28011): libOMX.SEC.M4V.Encoder.so
E/SEC_COMP_REGS(28011): Path & libName : /system/lib/omx/libOMX.SEC.M4V.Encoder.so
E/SEC_COMP_REGS(28011): libOMX.SEC.WMV.Decoder.so
E/SEC_COMP_REGS(28011): Path & libName : /system/lib/omx/libOMX.SEC.WMV.Decoder.so
E/OMXNodeInstance(28011): OMX_GetExtensionIndex failed
E/ ( 1864): egl_android_pixel_format* _egl_android_get_native_buffer_format(android_native_buffer_t*) unsupported native buffer format (0x13)
E/SurfaceTexture( 1864): [SurfaceView] error creating EGLImage: 0x3003
E/SurfaceTexture( 1864): [SurfaceView] updateTexImage: acquire failed: Unknown error 2147483648 (-2147483648)
E/ ( 1864): egl_android_pixel_format* _egl_android_get_native_buffer_format(android_native_buffer_t*) unsupported native buffer format (0x13)
E/SurfaceTexture( 1864): [SurfaceView] error creating EGLImage: 0x3003
E/SurfaceTexture( 1864): [SurfaceView] updateTexImage: acquire failed: Unknown error 2147483648 (-2147483648)
E/BufferQueue( 1864): [SurfaceView] acquireBuffer: max acquired buffer count reached: 2 (max=1)
E/SurfaceTexture( 1864): [SurfaceView] updateTexImage: acquire failed: Function not implemented (-38)
E/Trace (28196): error opening trace file: No such file or directory (2)
W/InputEventReceiver( 2198): Attempted to finish an input event but the input event receiver has already been disposed.
W/InputEventReceiver( 2198): Attempted to finish an input event but the input event receiver has already been disposed.
W/AudioFlinger(28011): session id 277 not found for pid 2198
E/BufferQueue( 1864): [SurfaceView] dequeueBuffer: SurfaceTexture has been abandoned!
E/ACodec (28011): dequeueBuffer failed.
E/BufferQueue( 1864): [SurfaceView] queueBuffer: SurfaceTexture has been abandoned!
E/SurfaceTextureClient(28011): queueBuffer: error queuing buffer to SurfaceTexture, -19
E/NuPlayer(28011): Received error from video decoder, aborting playback.
W/BufferQueue( 1864): [SurfaceView] cancelBuffer: BufferQueue has been abandoned!
W/AudioService( 2198): stream was not muted by this client
E/AudioService( 2198): Could not get client death handler for stream: 3
Netflix 2.1.1, stuck on loading screen:
Code:
W/dalvikvm(28732): method Lcom/netflix/mediaclient/android/widget/NetflixSeekBar;.onKeyChange incorrectly overrides package-private method with same name in Landroid/widget/AbsSeekBar;
E/SEC_COMP_REGS(28732): .
E/SEC_COMP_REGS(28732): ..
E/SEC_COMP_REGS(28732): libOMX.SEC.AVC.Decoder.so
E/SEC_COMP_REGS(28732): Path & libName : /system/lib/omx/libOMX.SEC.AVC.Decoder.so
E/SEC_COMP_REGS(28732): libOMX.SEC.AVC.Encoder.so
E/SEC_COMP_REGS(28732): Path & libName : /system/lib/omx/libOMX.SEC.AVC.Encoder.so
E/SEC_COMP_REGS(28732): libOMX.SEC.M4V.Decoder.so
E/SEC_COMP_REGS(28732): Path & libName : /system/lib/omx/libOMX.SEC.M4V.Decoder.so
E/SEC_COMP_REGS(28732): libOMX.SEC.M4V.Encoder.so
E/SEC_COMP_REGS(28732): Path & libName : /system/lib/omx/libOMX.SEC.M4V.Encoder.so
E/SEC_COMP_REGS(28732): libOMX.SEC.WMV.Decoder.so
E/SEC_COMP_REGS(28732): Path & libName : /system/lib/omx/libOMX.SEC.WMV.Decoder.so
E/OMXNodeInstance(28732): OMX_GetExtensionIndex failed
E/NetflixTransport-JNI(28732): Java_com_netflix_mediaclient_javabridge_transport_NativeTransport_native_1setVOapi systemAndroid set VO API
E/NetflixTransport-JNI(28732): Custom params sw analytics params set
E/Trace (28929): error opening trace file: No such file or directory (2)
E/Trace (28959): error opening trace file: No such file or directory (2)
E/Trace (28976): error opening trace file: No such file or directory (2)
E/nf_service(28732): Unable to get instance of PlayerActivity, only pass stateChnage event to MP
Anyone have a clue what might be wrong? Is it a DRM decrypting process that doesn't work, as I suspect?

Hands Free Google (Voice) Search vs Voice Dialer

I really would like to the the regular voice search started if i have my sleeping (display off) and push the call button on my bluethooth headset.
instead i get the very stop old voice dailer.
this article states that they changed it in search 3.2 (i'm currently running search 3.4).
http://www.androidpolice.com/2014/0...the-old-voice-dialer-with-bluetooth-headsets/
it is correct that if the device is on and the screen unlocked i get, as expected, the new voice search command input
BUT if the device is sleeping it still trigger the ****TY **** COMMAND input (and ruins my idea of heads free via headset)
(the left screenshot in the article above)
Logcat output with device turned off and pushing button on headset....
Code:
E/bt-rfcomm(14656): PORT_DataInd, p_port:0x7580a77c, p_data_co_callback is null
D/HeadsetStateMachine(14656): processVrEvent: state=1 mVoiceRecognitionStarted: false mWaitingforVoiceRecognition: false isInCall: false
I/ActivityManager( 649): START u0 {act=android.intent.action.VOICE_COMMAND flg=0x10000000 cmp=com.google.android.googlequicksearchbox/com.google.android.voicesearch.handsfree.HandsFreeActivity} from pid 14656
I/Timeline(12527): Timeline: Activity_launch_request id:com.google.android.googlequicksearchbox time:8718723
I/ActivityManager( 649): START u0 {act=android.intent.action.VOICE_COMMAND flg=0x10000000 cmp=com.google.android.googlequicksearchbox/com.google.android.voicesearch.handsfree.HandsFreeActivityLegacy} from pid 12527
D/PhoneStatusBar( 774): disable: < expand icons alerts ticker system_info back* home* RECENT clock* search >
W/IInputConnectionWrapper(12527): showStatusIcon on inactive InputConnection
I/Timeline(12527): Timeline: Activity_idle id: [email protected] time:8718822
I/Timeline(12527): Timeline: Activity_idle id: [email protected] time:8718823
I/Timeline( 649): Timeline: Activity_windows_visible id: ActivityRecord{4230fb80 u0 com.google.android.googlequicksearchbox/com.google.android.voicesearch.handsfree.HandsFreeActivityLegacy t62} time:8718842
I/PowerManagerService( 649): Waking up from sleep...
E/PowerHAL( 649): sync_thread: failed to send: No such file or directory
D/SurfaceFlinger( 198): Screen acquired, type=0 flinger=0xb7a31450
I/Timeline(12527): Timeline: Activity_idle id: [email protected] time:8718915
I/WindowManager( 649): No lock screen! [email protected]
V/audio_hw_primary( 201): adev_set_parameters: enter: screen_state=on
D/audio_hw_extn( 201): audio_extn_set_anc_parameters: anc_enabled:0
V/audio_hw_primary( 201): adev_set_parameters: exit with code(-2)
I/audio_a2dp_hw( 201): adev_set_parameters: state 5
I/audio_a2dp_hw( 201): out_set_parameters: state 5
I/str_params( 201): key: 'screen_state' value: 'on'
I/AudioRouter(12527): ROUTE_NONE->ROUTE_BLUETOOTH_REQUIRED
I/MediaFocusControl( 649): AudioFocus requestAudioFocus() from [email protected]@419e4228
I/AudioRouter(12527): BT required, starting SCO
V/Avrcp (14656): New genId = 69, clearing = 1
I/BluetoothController(12527): Starting VR
D/BluetoothHeadset(12527): startVoiceRecognition()
D/BluetoothAdapterService(1103761344)(14656): getState(): mAdapterProperties: [email protected]
D/HeadsetStateMachine(14656): isBluetoothVoiceDialingEnabled mRemoteBrsf: 187supported: 8
D/HeadsetStateMachine(14656): Voice recognition started successfully
D/HeadsetStateMachine(14656): Initiating audio connection for Voice Recognition
V/audio_hw_primary( 201): adev_set_parameters: enter: A2dpSuspended=true
D/audio_hw_extn( 201): audio_extn_set_anc_parameters: anc_enabled:0
V/audio_hw_primary( 201): adev_set_parameters: exit with code(-2)
I/audio_a2dp_hw( 201): adev_set_parameters: state 5
I/audio_a2dp_hw( 201): out_set_parameters: state 5
I/str_params( 201): key: 'A2dpSuspended' value: 'true'
I/audio_a2dp_hw( 201): check_a2dp_stream_started: state 5
W/bt-btm (14656): BTM Remote does not support 3-EDR eSCO
D/BluetoothManager( 948): mReceiver: HEADSET_AUDIO_STATE_CHANGED_ACTION
D/BluetoothManager( 948): ==> new state: 11
D/AudioRouter( 948): onBluetoothIndicationChange false
D/AudioRouter( 948): calculateModeFromCurrentState EARPIECE
D/BluetoothManager( 948): isBluetoothAvailable()...
D/BluetoothAdapterService(1103761344)(14656): getState(): mAdapterProperties: [email protected]
D/BluetoothAdapterService(1103761344)(14656): getState(): mAdapterProperties: com.android.[email protected]
D/BluetoothManager( 948): state = 2for headset: B4:52:7E:FA:DF:29
D/BluetoothManager( 948): ==> true
D/SmartKey Service(12553): isPlaying false
D/SmartKey Service(12553): state = IDDLE
I/GCoreUlr( 1263): Starting service, intent=Intent { act=com.google.android.location.reporting.ACTION_LOCATION_STATUS cmp=com.google.android.gms/com.google.android.location.reporting.service.DispatchingService (has extras) }, extras=Bundle[{status=LocationStatus[cell status: STATUS_SUCCESSFUL, wifi status: STATUS_TIMED_OUT_ON_SCAN, elapsed realtime ns: 24652606874646]}]
D/SmartKey Service(12553): isPlaying false
D/SmartKey Service(12553): state = IDDLE
D/GCoreUlr( 1263): Throttling analytics event: entity, ApiMetadataStore:save_attempt, 1
D/GCoreUlr( 1263): Throttling analytics event: entity, ApiMetadataStore:saved, 1
D/HeadsetStateMachine(14656): Set sample rate: 8000
V/audio_hw_primary( 201): adev_set_parameters: enter: bt_samplerate=8000
D/audio_hw_extn( 201): audio_extn_set_anc_parameters: anc_enabled:0
V/audio_hw_primary( 201): adev_set_parameters: exit with code(-2)
I/audio_a2dp_hw( 201): adev_set_parameters: state 4
I/audio_a2dp_hw( 201): out_set_parameters: state 4
I/str_params( 201): key: 'bt_samplerate' value: '8000'
D/BluetoothManager( 948): mReceiver: HEADSET_AUDIO_STATE_CHANGED_ACTION
D/BluetoothManager( 948): ==> new state: 12
D/AudioRouter( 948): onBluetoothIndicationChange false
D/AudioRouter( 948): calculateModeFromCurrentState EARPIECE
D/BluetoothManager( 948): isBluetoothAvailable()...
D/BluetoothAdapterService(1103761344)(14656): getState(): mAdapterProperties: [email protected]
D/BluetoothAdapterService(1103761344)(14656): getState(): mAdapterProperties: [email protected]
D/BluetoothManager( 948): state = 2for headset: B4:52:7E:FA:DF:29
D/BluetoothManager( 948): ==> true
D/AudioFlinger( 201): start(4097), calling pid 15786 session 395
D/AudioFlinger( 201): ? => ACTIVE (4097) on thread 0xb8c4d728
D/audio_hw_primary( 201): out_set_parameters: enter: usecase(1: low-latency-playback) kvpairs: routing=32
V/audio_hw_primary( 201): out_set_parameters: exit: code(0)
V/audio_hw_primary( 201): start_output_stream: enter: usecase(1: low-latency-playback) devices(0x20)
D/audio_hw_primary( 201): select_devices: out_snd_device(10: bt-sco-headset) in_snd_device(0: )
V/audio_hw_primary( 201): enable_snd_device: snd_device(10: bt-sco-headset)
V/audio_hw_primary( 201): enable_audio_route: enter: usecase(1)
V/audio_hw_primary( 201): enable_audio_route: apply mixer path: low-latency-playback bt-sco
V/audio_hw_primary( 201): enable_audio_route: exit
V/audio_hw_primary( 201): start_output_stream: Opening PCM device card_id(0) device_id(14)
V/audio_hw_primary( 201): start_output_stream: exit
device on and unlocked is like this....
Code:
D/HeadsetStateMachine(14656): processVrEvent: state=1 mVoiceRecognitionStarted: false mWaitingforVoiceRecognition: false isInCall: false
I/ActivityManager( 649): START u0 {act=android.intent.action.VOICE_COMMAND flg=0x10000000 cmp=com.google.android.googlequicksearchbox/com.google.android.voicesearch.handsfree.HandsFreeActivity} from pid 14656
I/HotwordWorker(12527): #onHotwordDetectorStopped(false)
I/MicrophoneInputStream(12527): mic_close [email protected]
V/audio_hw_primary( 201): in_standby: enter
I/ActivityManager( 649): START u0 {act=android.speech.action.WEB_SEARCH flg=0x34000000 pkg=com.google.android.googlequicksearchbox cmp=com.google.android.googlequicksearchbox/.SearchActivity (has extras)} from pid 12527
V/audio_hw_primary( 201): stop_input_stream: enter: usecase(4: audio-record)
V/audio_hw_primary( 201): disable_audio_route: enter: usecase(4)
V/audio_hw_primary( 201): disable_audio_route: reset mixer path: audio-record
V/audio_hw_primary( 201): disable_audio_route: exit
V/audio_hw_primary( 201): disable_snd_device: snd_device(37: voice-rec-mic) refcnt=0
V/audio_hw_primary( 201): stop_input_stream: exit: status(0)
V/audio_hw_primary( 201): in_standby: exit: status(0)
I/Timeline(12527): Timeline: Activity_launch_request id:com.google.android.googlequicksearchbox time:9488919
V/audio_hw_primary( 201): adev_close_input_stream
V/audio_hw_primary( 201): in_standby: enter
V/audio_hw_primary( 201): in_standby: exit: status(0)
I/ActivityManager( 649): START u0 {act=android.intent.action.MAIN flg=0x34000000 pkg=com.google.android.googlequicksearchbox cmp=com.google.android.googlequicksearchbox/com.google.android.velvet.ui.VelvetActivity (has extras)} from pid 12527
I/HotwordRecognitionRnr(12527): Stopping hotword detection.
I/HotwordRecognitionRnr(12527): Hotword detection finished
I/Velvet.Presenter(12527): setupFromIntent(Intent { act=android.intent.action.MAIN flg=0x34400000 pkg=com.google.android.googlequicksearchbox cmp=com.google.android.googlequicksearchbox/com.google.android.velvet.ui.VelvetActivity (has extras) })
I/AudioRouter(12527): ROUTE_NONE->ROUTE_BLUETOOTH_REQUIRED
I/MediaFocusControl( 649): AudioFocus requestAudioFocus() from [email protected]@419e4228
I/AudioRouter(12527): BT required, starting SCO
V/Avrcp (14656): New genId = 73, clearing = 1
I/BluetoothController(12527): Starting VR
D/BluetoothHeadset(12527): startVoiceRecognition()
D/BluetoothAdapterService(1103761344)(14656): getState(): mAdapterProperties: [email protected]
D/HeadsetStateMachine(14656): isBluetoothVoiceDialingEnabled mRemoteBrsf: 187supported: 8
D/HeadsetStateMachine(14656): Voice recognition started successfully
D/HeadsetStateMachine(14656): Initiating audio connection for Voice Recognition
V/audio_hw_primary( 201): adev_set_parameters: enter: A2dpSuspended=true
D/audio_hw_extn( 201): audio_extn_set_anc_parameters: anc_enabled:0
V/audio_hw_primary( 201): adev_set_parameters: exit with code(-2)
I/audio_a2dp_hw( 201): adev_set_parameters: state 5
I/audio_a2dp_hw( 201): out_set_parameters: state 5
I/str_params( 201): key: 'A2dpSuspended' value: 'true'
I/audio_a2dp_hw( 201): check_a2dp_stream_started: state 5
W/bt-btm (14656): BTM Remote does not support 3-EDR eSCO
D/BluetoothManager( 948): mReceiver: HEADSET_AUDIO_STATE_CHANGED_ACTION
D/BluetoothManager( 948): ==> new state: 11
D/AudioRouter( 948): onBluetoothIndicationChange false
D/AudioRouter( 948): calculateModeFromCurrentState EARPIECE
D/BluetoothManager( 948): isBluetoothAvailable()...
D/BluetoothAdapterService(1103761344)(14656): getState(): mAdapterProperties: [email protected]
D/BluetoothAdapterService(1103761344)(14656): getState(): mAdapterProperties: [email protected]
I/MicrophoneInputStream(12527): mic_starting [email protected]
V/Zygote (19412): Switching descriptor 33 to /dev/null
V/Zygote (19412): Switching descriptor 10 to /dev/null
I/ActivityManager( 649): Start proc android.process.acore for content provider com.android.providers.contacts/.ContactsProvider2: pid=19412 uid=10003 gids={50003, 3003, 1028, 1015}
D/BluetoothManager( 948): state = 2for headset: B4:52:7E:FA:DF:29
D/BluetoothManager( 948): ==> true
I/Timeline( 649): Timeline: Activity_windows_visible id: ActivityRecord{420ba150 u0 com.google.android.googlequicksearchbox/com.google.android.velvet.ui.VelvetActivity t58} time:9489060
D/SmartKey Service(12553): isPlaying false
D/SmartKey Service(12553): state = IDDLE
W/GLSUser ( 1233): GoogleAccountDataService.getToken()
D/ActivityThread(19412): handleBindApplication:android.process.acore
D/ActivityThread(19412): setTargetHeapUtilization:0.75
D/ActivityThread(19412): setTargetHeapMinFree:524288
I/Timeline(12527): Timeline: Activity_idle id: [email protected] time:9489151
D/HeadsetStateMachine(14656): Set sample rate: 8000
V/audio_hw_primary( 201): adev_set_parameters: enter: bt_samplerate=8000
D/audio_hw_extn( 201): audio_extn_set_anc_parameters: anc_enabled:0
V/audio_hw_primary( 201): adev_set_parameters: exit with code(-2)
I/audio_a2dp_hw( 201): adev_set_parameters: state 4
I/audio_a2dp_hw( 201): out_set_parameters: state 4
I/str_params( 201): key: 'bt_samplerate' value: '8000'
D/BluetoothManager( 948): mReceiver: HEADSET_AUDIO_STATE_CHANGED_ACTION
D/BluetoothManager( 948): ==> new state: 12
D/AudioRouter( 948): onBluetoothIndicationChange false
D/AudioRouter( 948): calculateModeFromCurrentState EARPIECE
D/BluetoothManager( 948): isBluetoothAvailable()...
D/BluetoothAdapterService(1103761344)(14656): getState(): mAdapterProperties: [email protected]
D/BluetoothAdapterService(1103761344)(14656): getState(): mAdapterProperties: [email protected]
D/BluetoothManager( 948): state = 2for headset: B4:52:7E:FA:DF:29
D/BluetoothManager( 948): ==> true
if the device is locked he falls back to the
com.google.android.googlequicksearchbox/com.google.android.voicesearch.handsfree.HandsFreeActivityLegacy
act****TITY
any help ?!
Running CM 11-20140504-SNAPSHOT-M6-Mako (Nexus 4... but i'd say you figured that out yourself by now)
I also have this problem. Would like to know if Google are working on a fix for the Search app.
this is great info - I've been trying to figure out which activity to enable on the Bluetooth Launch App so that the call button is directed to that activity.
I have tried the com.google.android.googlequicksearchbox.VoiceSearchActivity - but this does not work if phone is locked.
Which other activities have you tried to enable while phone is locked?
This is what happens, in the latest apk, that has hotword detection on while charging. So it wakes up from sleep and goes straight into listening for a command.
Can we initialize the same process using tasker for the bluetooth button pressed?
HTML:
I/HotwordRecognitionRnr(11016): Hotword detection finished
I/HotwordWorker(11016): #onHotwordDetected
I/MicrophoneInputStream(11016): mic_close [email protected]
I/Sdch.Manager(11016): SDCH cache load complete.
I/MediaFocusControl( 748): AudioFocus requestAudioFocus() from android.media.
[email protected]@42687a08
V/KeyguardHostView( 914): hide transport, gen:160
I/AudioRouter(11016): ROUTE_NONE->ROUTE_BLUETOOTH_PREFERRED,CONNECTION_TYPE_NONE
->CONNECTION_TYPE_BVRA
D/BluetoothManagerService( 748): Message: 20
D/BluetoothManagerService( 748): Added callback: android.bluetooth.IBluetoothMa
[email protected]:true
D/BluetoothManagerService( 748): Message: 30
V/Avrcp ( 2450): New genId = 160, clearing = 1
I/HotwordRecognitionRnr(11016): Stopping hotword detection.
I/ActivityManager( 748): START u0 {act=android.intent.action.MAIN flg=0x1401000
0 cmp=com.google.android.googlequicksearchbox/com.google.android.velvet.ui.Velve
tLockscreenActivity (has extras)} from pid 11016
D/dalvikvm(11016): GC_FOR_ALLOC freed 241K, 3% free 19086K/19644K, paused 10ms,
total 15ms
I/dalvikvm-heap(11016): Grow heap (frag case) to 18.973MB for 320016-byte alloca
tion
D/dalvikvm(11016): GC_FOR_ALLOC freed <1K, 3% free 19398K/19960K, paused 11ms, t
otal 11ms
I/MicrophoneInputStream(11016): mic_starting [email protected]
I/IcingCorporaProvider(11016): Updating corpora: APPS=NONE, CONTACTS=DELTA
D/dalvikvm(11016): Trying to load lib /data/app-lib/com.google.android.googlequi
cksearchbox-2/libgoogle_recognizer_jni_l.so 0x42622448
D/BluetoothHeadset(11016): Proxy object connected
I/BluetoothController(11016): No BT device
D/audio_hw_primary( 185): out_set_parameters: enter: usecase(1: low-latency-pla
yback) kvpairs: routing=2
D/audio_hw_primary( 185): select_devices: out_snd_device(0: ) in_snd_device(35:
voice-rec-mic)
D/ ( 185): Failed to fetch the lookup information of the device 0000003E
E/ACDB-LOADER( 185): Error: ACDB AudProc vol returned = -19
I/OMXClient(11016): Using client-side OMX mux.
D/dalvikvm(11016): Added shared lib /data/app-lib/com.google.android.googlequick
searchbox-2/libgoogle_recognizer_jni_l.so 0x42622448
W/Search.SearchUrlHelper(11016): URL param or header written twice. Key: pws, ol
d value: "0" new value: "0"
W/Search.SearchUrlHelper(11016): java.lang.Throwable
W/Search.SearchUrlHelper(11016): at bmz.b(PG:2336)
W/Search.SearchUrlHelper(11016): at bmz.O(PG:2343)
W/Search.SearchUrlHelper(11016): at bmz.dy(PG:2553)
W/Search.SearchUrlHelper(11016): at bmy.a(PG:1152)
W/Search.SearchUrlHelper(11016): at bmy.a(PG:1010)
W/Search.SearchUrlHelper(11016): at gut.a(PG:37)
W/Search.SearchUrlHelper(11016): at gvc.kb(PG:82)
W/Search.SearchUrlHelper(11016): at gvd.asM(PG:38)
W/Search.SearchUrlHelper(11016): at fgj.call(PG:28)
W/Search.SearchUrlHelper(11016): at java.util.concurrent.FutureTask.run(F
utureTask.java:237)
W/Search.SearchUrlHelper(11016): at java.util.concurrent.ScheduledThreadP
oolExecutor$ScheduledFutureTask.access$201(ScheduledThreadPoolExecutor.java:152)
W/Search.SearchUrlHelper(11016): at java.util.concurrent.ScheduledThreadP
oolExecutor$ScheduledFutureTask.run(ScheduledThreadPoolExecutor.java:265)
W/Search.SearchUrlHelper(11016): at java.util.concurrent.ThreadPoolExecut
or.runWorker(ThreadPoolExecutor.java:1112)
W/Search.SearchUrlHelper(11016): at java.util.concurrent.ThreadPoolExecut
or$Worker.run(ThreadPoolExecutor.java:587)
W/Search.SearchUrlHelper(11016): at java.lang.Thread.run(Thread.java:841)
W/Search.SearchUrlHelper(11016): at did.run(PG:46)
E/OMXMaster(11016): A component of name 'OMX.qcom.audio.decoder.aac' already exi
sts, ignoring this one.
D/dalvikvm(11016): GC_CONCURRENT freed 924K, 5% free 19334K/20292K, paused 3ms+4
ms, total 34ms
D/dalvikvm(11016): WAIT_FOR_CONCURRENT_GC blocked 21ms
I/Greco3EngineManager(11016): create_rm: m=GRAMMAR,l=en-US
D/dalvikvm( 1223): GC_CONCURRENT freed 906K, 9% free 19080K/20816K, paused 2ms+2
ms, total 25ms
D/dalvikvm( 1223): WAIT_FOR_CONCURRENT_GC blocked 19ms
D/dalvikvm( 1223): WAIT_FOR_CONCURRENT_GC blocked 21ms
D/dalvikvm(11016): GC_FOR_ALLOC freed 211K, 3% free 19842K/20292K, paused 12ms,
total 12ms
I/Greco3EngineManager(11016): Brought up new g3 instance :/system/usr/srec/en-US
/grammar.config for: en-USin: 29 ms
D/dalvikvm(11016): GC_FOR_ALLOC freed 17K, 3% free 20331K/20784K, paused 13ms, t
otal 13ms
D/ConnectivityService( 748): startUsingNetworkFeature reconnecting to 0: enable
SUPL
D/ConnectivityService( 748): startUsingNetworkFeature X: return APN_REQUEST_STA
RTED
E/LocSvc_eng( 748): W/AgpsReleasedState: unrecognized event 3
D/ConnectivityService( 748): stopUsingNetworkFeature: teardown net 0: enableSUP
L
D/MobileDataStateTracker( 748): supl: Broadcast received: android.intent.action
.ANY_DATA_STATE apnType=supl
D/MobileDataStateTracker( 748): supl: Received state=CONNECTING, old=DISCONNECT
ED, reason=dataEnabled
D/MobileDataStateTracker( 748): supl: setDetailed state, old =IDLE and new stat
e=CONNECTING
D/MobileDataStateTracker( 748): fota: Broadcast received: android.intent.action
.ANY_DATA_STATE apnType=fota
D/MobileDataStateTracker( 748): fota: Received state=DISCONNECTED, old=DISCONNE
CTED, reason=dataEnabled
D/MobileDataStateTracker( 748): dun: Broadcast received: android.intent.action.
ANY_DATA_STATE apnType=dun
D/MobileDataStateTracker( 748): dun: Received state=DISCONNECTED, old=DISCONNEC
TED, reason=dataEnabled
D/MobileDataStateTracker( 748): ia: Broadcast received: android.intent.action.A
NY_DATA_STATE apnType=ia
D/MobileDataStateTracker( 748): ia: Received state=DISCONNECTED, old=DISCONNECT
ED, reason=dataEnabled
D/dalvikvm(11016): GC_FOR_ALLOC freed 10K, 2% free 21193K/21492K, paused 14ms, t
otal 14ms
D/MobileDataStateTracker( 748): hipri: Broadcast received: android.intent.actio
n.ANY_DATA_STATE apnType=hipri
D/MobileDataStateTracker( 748): hipri: Received state=DISCONNECTED, old=DISCONN
ECTED, reason=dataEnabled
D/MobileDataStateTracker( 748): ims: Broadcast received: android.intent.action.
ANY_DATA_STATE apnType=ims
D/MobileDataStateTracker( 748): ims: Received state=DISCONNECTED, old=DISCONNEC
TED, reason=dataEnabled
D/MobileDataStateTracker( 748): default: Broadcast received: android.intent.act
ion.ANY_DATA_STATE apnType=default
D/MobileDataStateTracker( 748): default: Received state=DISCONNECTED, old=DISCO
NNECTED, reason=dataEnabled
D/MobileDataStateTracker( 748): mms: Broadcast received: android.intent.action.
ANY_DATA_STATE apnType=mms
D/MobileDataStateTracker( 748): mms: Received state=DISCONNECTED, old=DISCONNEC
TED, reason=dataEnabled
D/MobileDataStateTracker( 748): cbs: Broadcast received: android.intent.action.
ANY_DATA_STATE apnType=cbs
D/dalvikvm( 1072): GC_CONCURRENT freed 494K, 4% free 18114K/18780K, paused 3ms+2
ms, total 27ms
D/MobileDataStateTracker( 748): cbs: Received state=DISCONNECTED, old=DISCONNEC
TED, reason=dataEnabled
W/GLSUser ( 1185): GoogleAccountDataService.getToken()
W/GLSUser ( 1185): GoogleAccountDataService.getToken()
W/GLSUser ( 1185): GoogleAccountDataService.getToken()
D/dalvikvm( 1057): GC_CONCURRENT freed 627K, 7% free 18877K/20284K, paused 1ms+4
ms, total 26ms
D/dalvikvm(11016): GC_CONCURRENT freed 151K, 2% free 22449K/22712K, paused 11ms+
5ms, total 31ms
I/Adreno-EGL(11016): <qeglDrvAPI_eglInitialize:320>: EGL 1.4 QUALCOMM Build: I04
04c4692afb8623f95c43aeb6d5e13ed4b30ddbDate: 11/06/13
D/dalvikvm( 1086): GC_CONCURRENT freed 384K, 3% free 16745K/17176K, paused 2ms+2
ms, total 16ms
D/PhoneStatusBar( 914): disable: < EXPAND icons alerts TICKER system_info back*
home* RECENT clock search >
D/OpenGLRenderer(11016): Enabling debug mode 0
W/IInputConnectionWrapper(11016): showStatusIcon on inactive InputConnection
I/ActivityManager( 748): Displayed com.google.android.googlequicksearchbox/com.
google.android.velvet.ui.VelvetLockscreenActivity: +608ms (total +611ms)
V/KeyguardServiceDelegate( 748): onScreenTurnedOn(showListener = com.android.in
[email protected])
D/SurfaceFlinger( 182): Screen acquired, type=0 flinger=0xb7da5450
D/qdhwcomposer( 182): hwc_blank: Unblanking display: 0
I/PowerManagerService( 748): Waking up from sleep...
V/KeyguardServiceDelegate( 748): **** SHOWN CALLED ****
I/WindowManager( 748): No lock screen! [email protected]
838
D/dalvikvm( 748): GC_EXPLICIT freed 676K, 25% free 51379K/67720K, paused 3ms+11
ms, total 128ms
D/qdhwcomposer( 182): hwc_blank: Done unblanking display: 0
D/SurfaceControl( 748): Excessive delay in unblankDisplay() while turning scree
n on: 238ms
D/DisplayPowerController( 748): Unblocked screen on after 96822777 ms
I/ActivityManager( 748): Process com.google.android.calendar (pid 10121) has di
ed.
I/VelvetPresenter(11016): setupFromIntent(Intent { act=android.intent.action.MAI
N flg=0x14010000 cmp=com.google.android.googlequicksearchbox/com.google.android.
velvet.ui.VelvetLockscreenActivity (has extras) })
I/VelvetPresenter(11016): Resuming with current state.
giovanni645 said:
This is what happens, in the latest apk, that has hotword detection on while charging. So it wakes up from sleep and goes straight into listening for a command.
Can we initialize the same process using tasker for the bluetooth button pressed?
HTML:
I/HotwordRecognitionRnr(11016): Hotword detection finished
I/HotwordWorker(11016): #onHotwordDetected
I/MicrophoneInputStream(11016): mic_close [email protected]
I/Sdch.Manager(11016): SDCH cache load complete.
I/MediaFocusControl( 748): AudioFocus requestAudioFocus() from android.media.
[email protected]@42687a08
V/KeyguardHostView( 914): hide transport, gen:160
I/AudioRouter(11016): ROUTE_NONE->ROUTE_BLUETOOTH_PREFERRED,CONNECTION_TYPE_NONE
->CONNECTION_TYPE_BVRA
D/BluetoothManagerService( 748): Message: 20
D/BluetoothManagerService( 748): Added callback: android.bluetooth.IBluetoothMa
[email protected]:true
D/BluetoothManagerService( 748): Message: 30
V/Avrcp ( 2450): New genId = 160, clearing = 1
I/HotwordRecognitionRnr(11016): Stopping hotword detection.
I/ActivityManager( 748): START u0 {act=android.intent.action.MAIN flg=0x1401000
0 cmp=com.google.android.googlequicksearchbox/com.google.android.velvet.ui.Velve
tLockscreenActivity (has extras)} from pid 11016
D/dalvikvm(11016): GC_FOR_ALLOC freed 241K, 3% free 19086K/19644K, paused 10ms,
total 15ms
I/dalvikvm-heap(11016): Grow heap (frag case) to 18.973MB for 320016-byte alloca
tion
D/dalvikvm(11016): GC_FOR_ALLOC freed <1K, 3% free 19398K/19960K, paused 11ms, t
otal 11ms
I/MicrophoneInputStream(11016): mic_starting [email protected]
I/IcingCorporaProvider(11016): Updating corpora: APPS=NONE, CONTACTS=DELTA
D/dalvikvm(11016): Trying to load lib /data/app-lib/com.google.android.googlequi
cksearchbox-2/libgoogle_recognizer_jni_l.so 0x42622448
D/BluetoothHeadset(11016): Proxy object connected
I/BluetoothController(11016): No BT device
D/audio_hw_primary( 185): out_set_parameters: enter: usecase(1: low-latency-pla
yback) kvpairs: routing=2
D/audio_hw_primary( 185): select_devices: out_snd_device(0: ) in_snd_device(35:
voice-rec-mic)
D/ ( 185): Failed to fetch the lookup information of the device 0000003E
E/ACDB-LOADER( 185): Error: ACDB AudProc vol returned = -19
I/OMXClient(11016): Using client-side OMX mux.
D/dalvikvm(11016): Added shared lib /data/app-lib/com.google.android.googlequick
searchbox-2/libgoogle_recognizer_jni_l.so 0x42622448
W/Search.SearchUrlHelper(11016): URL param or header written twice. Key: pws, ol
d value: "0" new value: "0"
W/Search.SearchUrlHelper(11016): java.lang.Throwable
W/Search.SearchUrlHelper(11016): at bmz.b(PG:2336)
W/Search.SearchUrlHelper(11016): at bmz.O(PG:2343)
W/Search.SearchUrlHelper(11016): at bmz.dy(PG:2553)
W/Search.SearchUrlHelper(11016): at bmy.a(PG:1152)
W/Search.SearchUrlHelper(11016): at bmy.a(PG:1010)
W/Search.SearchUrlHelper(11016): at gut.a(PG:37)
W/Search.SearchUrlHelper(11016): at gvc.kb(PG:82)
W/Search.SearchUrlHelper(11016): at gvd.asM(PG:38)
W/Search.SearchUrlHelper(11016): at fgj.call(PG:28)
W/Search.SearchUrlHelper(11016): at java.util.concurrent.FutureTask.run(F
utureTask.java:237)
W/Search.SearchUrlHelper(11016): at java.util.concurrent.ScheduledThreadP
oolExecutor$ScheduledFutureTask.access$201(ScheduledThreadPoolExecutor.java:152)
W/Search.SearchUrlHelper(11016): at java.util.concurrent.ScheduledThreadP
oolExecutor$ScheduledFutureTask.run(ScheduledThreadPoolExecutor.java:265)
W/Search.SearchUrlHelper(11016): at java.util.concurrent.ThreadPoolExecut
or.runWorker(ThreadPoolExecutor.java:1112)
W/Search.SearchUrlHelper(11016): at java.util.concurrent.ThreadPoolExecut
or$Worker.run(ThreadPoolExecutor.java:587)
W/Search.SearchUrlHelper(11016): at java.lang.Thread.run(Thread.java:841)
W/Search.SearchUrlHelper(11016): at did.run(PG:46)
E/OMXMaster(11016): A component of name 'OMX.qcom.audio.decoder.aac' already exi
sts, ignoring this one.
D/dalvikvm(11016): GC_CONCURRENT freed 924K, 5% free 19334K/20292K, paused 3ms+4
ms, total 34ms
D/dalvikvm(11016): WAIT_FOR_CONCURRENT_GC blocked 21ms
I/Greco3EngineManager(11016): create_rm: m=GRAMMAR,l=en-US
D/dalvikvm( 1223): GC_CONCURRENT freed 906K, 9% free 19080K/20816K, paused 2ms+2
ms, total 25ms
D/dalvikvm( 1223): WAIT_FOR_CONCURRENT_GC blocked 19ms
D/dalvikvm( 1223): WAIT_FOR_CONCURRENT_GC blocked 21ms
D/dalvikvm(11016): GC_FOR_ALLOC freed 211K, 3% free 19842K/20292K, paused 12ms,
total 12ms
I/Greco3EngineManager(11016): Brought up new g3 instance :/system/usr/srec/en-US
/grammar.config for: en-USin: 29 ms
D/dalvikvm(11016): GC_FOR_ALLOC freed 17K, 3% free 20331K/20784K, paused 13ms, t
otal 13ms
D/ConnectivityService( 748): startUsingNetworkFeature reconnecting to 0: enable
SUPL
D/ConnectivityService( 748): startUsingNetworkFeature X: return APN_REQUEST_STA
RTED
E/LocSvc_eng( 748): W/AgpsReleasedState: unrecognized event 3
D/ConnectivityService( 748): stopUsingNetworkFeature: teardown net 0: enableSUP
L
D/MobileDataStateTracker( 748): supl: Broadcast received: android.intent.action
.ANY_DATA_STATE apnType=supl
D/MobileDataStateTracker( 748): supl: Received state=CONNECTING, old=DISCONNECT
ED, reason=dataEnabled
D/MobileDataStateTracker( 748): supl: setDetailed state, old =IDLE and new stat
e=CONNECTING
D/MobileDataStateTracker( 748): fota: Broadcast received: android.intent.action
.ANY_DATA_STATE apnType=fota
D/MobileDataStateTracker( 748): fota: Received state=DISCONNECTED, old=DISCONNE
CTED, reason=dataEnabled
D/MobileDataStateTracker( 748): dun: Broadcast received: android.intent.action.
ANY_DATA_STATE apnType=dun
D/MobileDataStateTracker( 748): dun: Received state=DISCONNECTED, old=DISCONNEC
TED, reason=dataEnabled
D/MobileDataStateTracker( 748): ia: Broadcast received: android.intent.action.A
NY_DATA_STATE apnType=ia
D/MobileDataStateTracker( 748): ia: Received state=DISCONNECTED, old=DISCONNECT
ED, reason=dataEnabled
D/dalvikvm(11016): GC_FOR_ALLOC freed 10K, 2% free 21193K/21492K, paused 14ms, t
otal 14ms
D/MobileDataStateTracker( 748): hipri: Broadcast received: android.intent.actio
n.ANY_DATA_STATE apnType=hipri
D/MobileDataStateTracker( 748): hipri: Received state=DISCONNECTED, old=DISCONN
ECTED, reason=dataEnabled
D/MobileDataStateTracker( 748): ims: Broadcast received: android.intent.action.
ANY_DATA_STATE apnType=ims
D/MobileDataStateTracker( 748): ims: Received state=DISCONNECTED, old=DISCONNEC
TED, reason=dataEnabled
D/MobileDataStateTracker( 748): default: Broadcast received: android.intent.act
ion.ANY_DATA_STATE apnType=default
D/MobileDataStateTracker( 748): default: Received state=DISCONNECTED, old=DISCO
NNECTED, reason=dataEnabled
D/MobileDataStateTracker( 748): mms: Broadcast received: android.intent.action.
ANY_DATA_STATE apnType=mms
D/MobileDataStateTracker( 748): mms: Received state=DISCONNECTED, old=DISCONNEC
TED, reason=dataEnabled
D/MobileDataStateTracker( 748): cbs: Broadcast received: android.intent.action.
ANY_DATA_STATE apnType=cbs
D/dalvikvm( 1072): GC_CONCURRENT freed 494K, 4% free 18114K/18780K, paused 3ms+2
ms, total 27ms
D/MobileDataStateTracker( 748): cbs: Received state=DISCONNECTED, old=DISCONNEC
TED, reason=dataEnabled
W/GLSUser ( 1185): GoogleAccountDataService.getToken()
W/GLSUser ( 1185): GoogleAccountDataService.getToken()
W/GLSUser ( 1185): GoogleAccountDataService.getToken()
D/dalvikvm( 1057): GC_CONCURRENT freed 627K, 7% free 18877K/20284K, paused 1ms+4
ms, total 26ms
D/dalvikvm(11016): GC_CONCURRENT freed 151K, 2% free 22449K/22712K, paused 11ms+
5ms, total 31ms
I/Adreno-EGL(11016): <qeglDrvAPI_eglInitialize:320>: EGL 1.4 QUALCOMM Build: I04
04c4692afb8623f95c43aeb6d5e13ed4b30ddbDate: 11/06/13
D/dalvikvm( 1086): GC_CONCURRENT freed 384K, 3% free 16745K/17176K, paused 2ms+2
ms, total 16ms
D/PhoneStatusBar( 914): disable: < EXPAND icons alerts TICKER system_info back*
home* RECENT clock search >
D/OpenGLRenderer(11016): Enabling debug mode 0
W/IInputConnectionWrapper(11016): showStatusIcon on inactive InputConnection
I/ActivityManager( 748): Displayed com.google.android.googlequicksearchbox/com.
google.android.velvet.ui.VelvetLockscreenActivity: +608ms (total +611ms)
V/KeyguardServiceDelegate( 748): onScreenTurnedOn(showListener = com.android.in
[email protected])
D/SurfaceFlinger( 182): Screen acquired, type=0 flinger=0xb7da5450
D/qdhwcomposer( 182): hwc_blank: Unblanking display: 0
I/PowerManagerService( 748): Waking up from sleep...
V/KeyguardServiceDelegate( 748): **** SHOWN CALLED ****
I/WindowManager( 748): No lock screen! [email protected]
838
D/dalvikvm( 748): GC_EXPLICIT freed 676K, 25% free 51379K/67720K, paused 3ms+11
ms, total 128ms
D/qdhwcomposer( 182): hwc_blank: Done unblanking display: 0
D/SurfaceControl( 748): Excessive delay in unblankDisplay() while turning scree
n on: 238ms
D/DisplayPowerController( 748): Unblocked screen on after 96822777 ms
I/ActivityManager( 748): Process com.google.android.calendar (pid 10121) has di
ed.
I/VelvetPresenter(11016): setupFromIntent(Intent { act=android.intent.action.MAI
N flg=0x14010000 cmp=com.google.android.googlequicksearchbox/com.google.android.
velvet.ui.VelvetLockscreenActivity (has extras) })
I/VelvetPresenter(11016): Resuming with current state.
Click to expand...
Click to collapse
also, came across this while trying - not possible through tasker eh? -
W/Tasker ( 4242): 15.10.09#Utils: warning: startActivityWrapper: unexpected exc
eption: java.lang.SecurityException: Permission Denial: starting Intent { act=an
droid.intent.action.VIEW cat=[android.intent.category.LAUNCHER] flg=0x30800004 c
mp=com.google.android.googlequicksearchbox/com.google.android.velvet.ui.VelvetLo
ckscreenActivity } from ProcessRecord{43506488 4242:net.dinglisch.android.tasker
m/u0a263} (pid=4242, uid=10263) not exported from uid 10023
I/MusicLeanback( 6024): Conditions not met for autocaching.
I/ActivityManager( 748): START u0 {act=android.intent.action.VIEW cat=[android.
intent.category.LAUNCHER] flg=0x30800004 cmp=com.google.android.googlequicksearc
hbox/com.google.android.velvet.ui.VelvetLockscreenActivity} from pid 4242
W/ActivityManager( 748): Permission Denial: starting Intent { act=android.inten
t.action.VIEW cat=[android.intent.category.LAUNCHER] flg=0x30800004 cmp=com.goog
le.android.googlequicksearchbox/com.google.android.velvet.ui.VelvetLockscreenAct
ivity } from ProcessRecord{43506488 4242:net.dinglisch.android.taskerm/u0a263} (
pid=4242, uid=10263) not exported from uid 10023

[GUIDE] How To Port FIUI to Any Device

Hello everyone!
I'm here again to put together a detailed guide on "How To Port FIUI", which is a ROM that's improving each day with an iOS-based interface and CM11-based system.
{
"lightbox_close": "Close",
"lightbox_next": "Next",
"lightbox_previous": "Previous",
