(CM10)Logcat error: [Adreno200-EGLSUB( 299) ] dev help Needed - HTC EVO 3D

Hello helpers,
i have been porting CM10 to shooteru's it boots and works butter smooth but there is a specific error that logcat is showing.
it has somthing to do with EGL i guess. Please shed some light and help me :angel:.
Full Logcat: http://pastebin.com/tHjzw9ti
error:
Code:
Adreno200-EGLSUB( 299): GetBackBuffer() failed to map the memory for fd=18 offs=0
Adreno200-EGL( 299): <qeglDrvAPI_eglSwapBuffers:3345>: EGL_BAD_ALLOC
Code:
Adreno200-EGLSUB( 299): GetBackBuffer() failed to map the memory for fd=18 offs=0
Adreno200-EGL( 299): <qeglDrvAPI_eglSwapBuffers:3345>: EGL_BAD_ALLOC
PackageManager( 452): Running dexopt on: com.android.email
bluedroid( 452): bt_enable: ret: -1, errno: 19
Adreno ( 299): ioctl code 0xc01c0915 (IOCTL_KGSL_MAP_USER_MEM) failed: errno 12 Out of memory
Adreno200-EGLSUB( 299): GetBackBuffer() failed to map the memory for fd=18 offs=0
Adreno200-EGL( 299): <qeglDrvAPI_eglSwapBuffers:3345>: EGL_BAD_ALLOC
Adreno ( 299): ioctl code 0xc01c0915 (IOCTL_KGSL_MAP_USER_MEM) failed: errno 12 Out of memory
Adreno200-EGLSUB( 299): GetBackBuffer() failed to map the memory for fd=18 offs=0
Adreno200-EGL( 299): <qeglDrvAPI_eglSwapBuffers:3345>: EGL_BAD_ALLOC
bluedroid( 452): bt_enable: ret: -1, errno: 19
Adreno ( 299): ioctl code 0xc01c0915 (IOCTL_KGSL_MAP_USER_MEM) failed: errno 12 Out of memory
Adreno200-EGLSUB( 299): GetBackBuffer() failed to map the memory for fd=18 offs=0
Adreno200-EGL( 299): <qeglDrvAPI_eglSwapBuffers:3345>: EGL_BAD_ALLOC
bluedroid( 452): bt_enable: ret: -1, errno: 19
Adreno ( 299): ioctl code 0xc01c0915 (IOCTL_KGSL_MAP_USER_MEM) failed: errno 12 Out of memory
Adreno200-EGLSUB( 299): GetBackBuffer() failed to map the memory for fd=18 offs=0
Adreno200-EGL( 299): <qeglDrvAPI_eglSwapBuffers:3345>: EGL_BAD_ALLOC
Adreno ( 299): ioctl code 0xc01c0915 (IOCTL_KGSL_MAP_USER_MEM) failed: errno 12 Out of memory
Adreno200-EGLSUB( 299): GetBackBuffer() failed to map the memory for fd=18 offs=0
Adreno200-EGL( 299): <qeglDrvAPI_eglSwapBuffers:3345>: EGL_BAD_ALLOC
bluedroid( 452): bt_enable: ret: -1, errno: 19
Adreno ( 299): ioctl code 0xc01c0915 (IOCTL_KGSL_MAP_USER_MEM) failed: errno 12 Out of memory
Adreno200-EGLSUB( 299): GetBackBuffer() failed to map the memory for fd=18 offs=0
Adreno200-EGL( 299): <qeglDrvAPI_eglSwapBuffers:3345>: EGL_BAD_ALLOC
bluedroid( 452): bt_enable: ret: -1, errno: 19
Adreno ( 299): ioctl code 0xc01c0915 (IOCTL_KGSL_MAP_USER_MEM) failed: errno 12 Out of memory
Adreno200-EGLSUB( 299): GetBackBuffer() failed to map the memory for fd=18 offs=0
Adreno200-EGL( 299): <qeglDrvAPI_eglSwapBuffers:3345>: EGL_BAD_ALLOC
Adreno ( 299): ioctl code 0xc01c0915 (IOCTL_KGSL_MAP_USER_MEM) failed: errno 12 Out of memory
Adreno200-EGLSUB( 299): GetBackBuffer() failed to map the memory for fd=18 offs=0
Adreno200-EGL( 299): <qeglDrvAPI_eglSwapBuffers:3345>: EGL_BAD_ALLOC
bluedroid( 452): bt_enable: ret: -1, errno: 19
Adreno ( 299): ioctl code 0xc01c0915 (IOCTL_KGSL_MAP_USER_MEM) failed: errno 12 Out of memory
Adreno200-EGLSUB( 299): GetBackBuffer() failed to map the memory for fd=18 offs=0
Adreno200-EGL( 299): <qeglDrvAPI_eglSwapBuffers:3345>: EGL_BAD_ALLOC
bluedroid( 452): bt_enable: ret: -1, errno: 19
Adreno ( 299): ioctl code 0xc01c0915 (IOCTL_KGSL_MAP_USER_MEM) failed: errno 12 Out of memory
Adreno200-EGLSUB( 299): GetBackBuffer() failed to map the memory for fd=18 offs=0
Adreno200-EGL( 299): <qeglDrvAPI_eglSwapBuffers:3345>: EGL_BAD_ALLOC
Adreno ( 299): ioctl code 0xc01c0915 (IOCTL_KGSL_MAP_USER_MEM) failed: errno 12 Out of memory
Adreno200-EGLSUB( 299): GetBackBuffer() failed to map the memory for fd=18 offs=0
Adreno200-EGL( 299): <qeglDrvAPI_eglSwapBuffers:3345>: EGL_BAD_ALLOC
brcm_patchram_plus( 583): Done setting line discpline
bluedroid( 452): bt_enable: ret: 0, errno: 19
bluedroid( 452): Starting bluetoothd deamon
BluetoothEventLoop.cpp( 452): get_adapter_path: D-Bus error: org.freedesktop.DBus.Error.ServiceUnknown (The name org.bluez was not provided by any .service files)
BluetoothEventLoop.cpp( 452): get_adapter_path: D-Bus error: org.freedesktop.DBus.Error.ServiceUnknown (The name org.bluez was not provided by any .service files)
BluetoothEventLoop.cpp( 452): get_adapter_path: D-Bus error: org.freedesktop.DBus.Error.ServiceUnknown (The name org.bluez was not provided by any .service files)
BluetoothEventLoop.cpp( 452): get_adapter_path: D-Bus error: org.freedesktop.DBus.Error.ServiceUnknown (The name org.bluez was not provided by any .service files)
Adreno ( 299): ioctl code 0xc01c0915 (IOCTL_KGSL_MAP_USER_MEM) failed: errno 12 Out of memory
Adreno200-EGLSUB( 299): GetBackBuffer() failed to map the memory for fd=18 offs=0
Adreno200-EGL( 299): <qeglDrvAPI_eglSwapBuffers:3345>: EGL_BAD_ALLOC
BluetoothEventLoop.cpp( 452): get_adapter_path: D-Bus error: org.freedesktop.DBus.Error.ServiceUnknown (The name org.bluez was not provided by any .service files)
BluetoothEventLoop.cpp( 452): get_adapter_path: D-Bus error: org.freedesktop.DBus.Error.ServiceUnknown (The name org.bluez was not provided by any .service files)
BluetoothEventLoop.cpp( 452): get_adapter_path: D-Bus error: org.freedesktop.DBus.Error.ServiceUnknown (The name org.bluez was not provided by any .service files)
BluetoothEventLoop.cpp( 452): get_adapter_path: D-Bus error: org.freedesktop.DBus.Error.ServiceUnknown (The name org.bluez was not provided by any .service files)
Adreno ( 299): ioctl code 0xc01c0915 (IOCTL_KGSL_MAP_USER_MEM) failed: errno 12 Out of memory
Adreno200-EGLSUB( 299): GetBackBuffer() failed to map the memory for fd=18 offs=0
Adreno200-EGL( 299): <qeglDrvAPI_eglSwapBuffers:3345>: EGL_BAD_ALLOC
BluetoothEventLoop.cpp( 452): get_adapter_path: D-Bus error: org.freedesktop.DBus.Error.ServiceUnknown (The name org.bluez was not provided by any .service files)
BluetoothEventLoop.cpp( 452): get_adapter_path: D-Bus error: org.freedesktop.DBus.Error.ServiceUnknown (The name org.bluez was not provided by any .service files)
BluetoothEventLoop.cpp( 452): get_adapter_path: D-Bus error: org.freedesktop.DBus.Error.ServiceUnknown (The name org.bluez was not provided by any .service files)
Adreno ( 299): ioctl code 0xc01c0915 (IOCTL_KGSL_MAP_USER_MEM) failed: errno 12 Out of memory
Adreno200-EGLSUB( 299): GetBackBuffer() failed to map the memory for fd=18 offs=0
Adreno200-EGL( 299): <qeglDrvAPI_eglSwapBuffers:3345>: EGL_BAD_ALLOC
Adreno ( 299): ioctl code 0xc01c0915 (IOCTL_KGSL_MAP_USER_MEM) failed: errno 12 Out of memory
Adreno200-EGLSUB( 299): GetBackBuffer() failed to map the memory for fd=18 offs=0
Adreno200-EGL( 299): <qeglDrvAPI_eglSwapBuffers:3345>: EGL_BAD_ALLOC
BluetoothEventLoop.cpp( 452): get_adapter_path: D-Bus error: org.bluez.Error.NoSuchAdapter (No such adapter)
BluetoothEventLoop.cpp( 452): failure setting up Event Loop!
Adreno ( 299): ioctl code 0xc01c0915 (IOCTL_KGSL_MAP_USER_MEM) failed: errno 12 Out of memory
Adreno200-EGLSUB( 299): GetBackBuffer() failed to map the memory for fd=18 offs=0
Adreno200-EGL( 299): <qeglDrvAPI_eglSwapBuffers:3345>: EGL_BAD_ALLOC
Adreno ( 299): ioctl code 0xc01c0915 (IOCTL_KGSL_MAP_USER_MEM) failed: errno 12 Out of memory
Adreno200-EGLSUB( 299): GetBackBuffer() failed to map the memory for fd=18 offs=0
Adreno200-EGL( 299): <qeglDrvAPI_eglSwapBuffers:3345>: EGL_BAD_ALLOC
Adreno ( 299): ioctl code 0xc01c0915 (IOCTL_KGSL_MAP_USER_MEM) failed: errno 12 Out of memory
Adreno200-EGLSUB( 299): GetBackBuffer() failed to map the memory for fd=18 offs=0
Adreno200-EGL( 299): <qeglDrvAPI_eglSwapBuffers:3345>: EGL_BAD_ALLOC
Adreno ( 299): ioctl code 0xc01c0915 (IOCTL_KGSL_MAP_USER_MEM) failed: errno 12 Out of memory
Adreno200-EGLSUB( 299): GetBackBuffer() failed to map the memory for fd=18 offs=0
Adreno200-EGL( 299): <qeglDrvAPI_eglSwapBuffers:3345>: EGL_BAD_ALLOC
Adreno ( 299): ioctl code 0xc01c0915 (IOCTL_KGSL_MAP_USER_MEM) failed: errno 12 Out of memory
Adreno200-EGLSUB( 299): GetBackBuffer() failed to map the memory for fd=18 offs=0
Adreno200-EGL( 299): <qeglDrvAPI_eglSwapBuffers:3345>: EGL_BAD_ALLOC
Adreno ( 299): ioctl code 0xc01c0915 (IOCTL_KGSL_MAP_USER_MEM) failed: errno 12 Out of memory
Adreno200-EGLSUB( 299): GetBackBuffer() failed to map the memory for fd=18 offs=0
Adreno200-EGL( 299): <qeglDrvAPI_eglSwapBuffers:3345>: EGL_BAD_ALLOC
Adreno ( 299): ioctl code 0xc01c0915 (IOCTL_KGSL_MAP_USER_MEM) failed: errno 12 Out of memory
Adreno200-EGLSUB( 299): GetBackBuffer() failed to map the memory for fd=18 offs=0
Adreno200-EGL( 299): <qeglDrvAPI_eglSwapBuffers:3345>: EGL_BAD_ALLOC
Adreno ( 299): ioctl code 0xc01c0915 (IOCTL_KGSL_MAP_USER_MEM) failed: errno 12 Out of memory
Adreno200-EGLSUB( 299): GetBackBuffer() failed to map the memory for fd=18 offs=0
Adreno200-EGL( 299): <qeglDrvAPI_eglSwapBuffers:3345>: EGL_BAD_ALLOC
Adreno ( 299): ioctl code 0xc01c0915 (IOCTL_KGSL_MAP_USER_MEM) failed: errno 12 Out of memory
Adreno200-EGLSUB( 299): GetBackBuffer() failed to map the memory for fd=18 offs=0
Adreno200-EGL( 299): <qeglDrvAPI_eglSwapBuffers:3345>: EGL_BAD_ALLOC
Adreno ( 299): ioctl code 0xc01c0915 (IOCTL_KGSL_MAP_USER_MEM) failed: errno 12 Out of memory
Adreno200-EGLSUB( 299): GetBackBuffer() failed to map the memory for fd=18 offs=0
Adreno200-EGL( 299): <qeglDrvAPI_eglSwapBuffers:3345>: EGL_BAD_ALLOC
Adreno ( 299): ioctl code 0xc01c0915 (IOCTL_KGSL_MAP_USER_MEM) failed: errno 12 Out of memory
Adreno200-EGLSUB( 299): GetBackBuffer() failed to map the memory for fd=18 offs=0
Adreno200-EGL( 299): <qeglDrvAPI_eglSwapBuffers:3345>: EGL_BAD_ALLOC

Related

[Q] Help about "com.android.internal.telephony.CommandExcepti on: RADIO_NOT_AVAILABLE"

[Q] Help about "com.android.internal.telephony.CommandExcepti on: RADIO_NOT_AVAILABLE"
Hi guys, i'm a step closer to have my firt working aosp build (lge p990).
All seems to work expect the GSM Network.
logcat -b radio give me:
D/RILD ( 972): Piss off, kanger
I/PHONE ( 1796): Network Mode set to 0
I/PHONE ( 1796): Cdma Subscription set to 1
I/PHONE ( 1796): RILClassname is
I/PHONE ( 1796): Creating GSMPhone
D/PHONE ( 1796): mDoesRilSendMultipleCallRing=false
D/PHONE ( 1796): mCallRingDelay=3000
W/GSM ( 1796): Can't open /system/etc/voicemail-conf.xml
W/GSM ( 1796): Can't open /system/etc/spn-conf.xml
D/GSM ( 1796): [DSAC DEB] registerForPsRestrictedEnabled
D/GSM ( 1796): [DSAC DEB] registerForPsRestrictedDisabled
D/GSM ( 1796): [GsmDataConnection-1] DataConnection constructor E
D/GSM ( 1796): [GsmDataConnection-1] clearSettings
D/GSM ( 1796): [GsmDataConnection-1] DataConnection constructor X
D/GSM ( 1796): [GsmDataConnection-1] Made GsmDataConnection-1
D/RILJ ( 1796): [0000]> RIL_REQUEST_REPORT_STK_SERVICE_IS_RUNNING
D/RILJ ( 1796): [0000]< RIL_REQUEST_REPORT_STK_SERVICE_IS_RUNNING error: com.android.internal.telephony.CommandException: RADIO_NOT_AVAILABLE
D/STK ( 1796): StkService: StkService: is running
D/STK ( 1796): StkService: NEW sInstance
D/RILJ ( 1796): [0001]> GET_CURRENT_CALLS
D/RILJ ( 1796): [0001]< GET_CURRENT_CALLS error: com.android.internal.telephony.CommandException: RADIO_NOT_AVAILABLE
E/GSM ( 1796): Wrong network type: 0
E/GSM ( 1796): Wrong network type: 0
D/GSM ( 1796): Poll ServiceState done: oldSS=[1 home null null null Unknown CSS not supported 0 0RoamInd: 0DefRoamInd: 0EmergOnly: false] newSS=[1 home null null null Unknown CSS not supported -1 -1RoamInd: -1DefRoamInd: -1EmergOnly: false] oldGprs=1 newGprs=1 oldType=unknown newType=unknown
D/GSM ( 1796): [GsmDataConnection-1] DcInactiveState: msg.what=EVENT_RESET, ignore we're already reset
D/GSM ( 1796): [GsmDataConnection-1] NotifyDisconnectCompleted
D/GSM ( 1796): [DataConnection] Stop poll NetStat
D/GSM ( 1796): [GsmDataConnection-1] clearSettings
D/GSM ( 1796): [DataConnection] Stop poll NetStat
D/GSM ( 1796): [DSAC DEB] trySetupData with mIsPsRestricted=false
D/GSM ( 1796): [IccCard] Broadcasting intent ACTION_SIM_STATE_CHANGED NOT_READY reason null
I/RILJ ( 1796): Couldn't find 'rild' socket; retrying after timeout
I/RILJ ( 1796): Couldn't find 'rild' socket; retrying after timeout
I/RILJ ( 1796): Couldn't find 'rild' socket; retrying after timeout
I/RILJ ( 1796): Couldn't find 'rild' socket; retrying after timeout
I/RILJ ( 1796): Couldn't find 'rild' socket; retrying after timeout
I/RILJ ( 1796): Couldn't find 'rild' socket; retrying after timeout
I/RILJ ( 1796): Couldn't find 'rild' socket; retrying after timeout
E/RILJ ( 1796): Couldn't find 'rild' socket after 8 times, continuing to retry silently
Click to expand...
Click to collapse
What can i check ?
Thank's
spn-conf.xml is new to me I thought gsm phones used apn-conf.xml
Sent from my DROID2 using Tapatalk
GSM
Help at me the same problem:
I/PHONE ( 299): Network Mode set to 1
I/PHONE ( 299): Cdma Subscription set to 1
I/PHONE ( 299): RILClassname is lgeqcom
I/PHONE ( 299): Using LGE Qualcomm RIL
I/PHONE ( 299): Creating GSMPhone
D/PHONE ( 299): mDoesRilSendMultipleCallRing=true
D/PHONE ( 299): mCallRingDelay=3000
W/GSM ( 299): Can't open /system/etc/voicemail-conf.xml
D/GSM ( 299): [DSAC DEB] registerForPsRestrictedEnabled
D/GSM ( 299): [DSAC DEB] registerForPsRestrictedDisabled
D/GSM ( 299): [GsmDataConnection-1] DataConnection constructor E
D/GSM ( 299): [GsmDataConnection-1] clearSettings
D/GSM ( 299): [GsmDataConnection-1] DataConnection constructor X
D/GSM ( 299): [GsmDataConnection-1] Made GsmDataConnection-1
D/RILJ ( 299): [0000]> RIL_REQUEST_REPORT_STK_SERVICE_IS_RUNNING
D/RILJ ( 299): [0000]< RIL_REQUEST_REPORT_STK_SERVICE_IS_RUNNING error: com.android.internal.telephony.CommandException: RADIO_NOT_AVAILABLE
D/STK ( 299): StkService: StkService: is running
D/STK ( 299): StkService: NEW sInstance
D/RILJ ( 299): [0001]> SET_SUPP_SVC_NOTIFICATION
D/RILJ ( 299): [0001]< SET_SUPP_SVC_NOTIFICATION error: com.android.internal.telephony.CommandException: RADIO_NOT_AVAILABLE
D/RILJ ( 299): [0002]> GET_CURRENT_CALLS
D/RILJ ( 299): [0002]< GET_CURRENT_CALLS error: com.android.internal.telephony.CommandException: RADIO_NOT_AVAILABLE
E/GSM ( 299): Wrong network type: 0
E/GSM ( 299): Wrong network type: 0
D/GSM ( 299): Poll ServiceState done: oldSS=[1 home null null null Unknown CSS not supported 0 0RoamInd: 0DefRoamInd: 0EmergOnly: false] newSS=[1 home null null null Unknown CSS not supported -1 -1RoamInd: -1DefRoamInd: -1EmergOnly: false] oldGprs=1 newGprs=1 oldType=unknown newType=unknown
D/GSM ( 299): [GsmDataConnection-1] DcInactiveState: msg.what=EVENT_RESET, ignore we're already reset
D/GSM ( 299): [GsmDataConnection-1] NotifyDisconnectCompleted
D/GSM ( 299): [GsmDataConnection-1] clearSettings
D/GSM ( 299): [DataConnection] Stop poll NetStat
D/GSM ( 299): [DataConnection] Stop poll NetStat
D/GSM ( 299): [DSAC DEB] trySetupData with mIsPsRestricted=false
D/GSM ( 299): [IccCard] Broadcasting intent ACTION_SIM_STATE_CHANGED NOT_READY reason null
D/RILJ ( 299): [0003]> SCREEN_STATE: true
D/RILJ ( 299): [0003]< SCREEN_STATE error: com.android.internal.telephony.CommandException: RADIO_NOT_AVAILABLE
D/GSM ( 299): [DataConnection] Stop poll NetStat
I/RILJ ( 299): Couldn't find 'rild' socket; retrying after timeout
I/RILJ ( 299): Couldn't find 'rild' socket; retrying after timeout
D/STK ( 299): StkService: Return current sInstance
D/STK ( 299): StkAppService$ServiceHandler: OP_BOOT_COMPLETED
I/RILJ ( 299): Couldn't find 'rild' socket; retrying after timeout
I/RILJ ( 299): Couldn't find 'rild' socket; retrying after timeout
I/RILJ ( 299): Couldn't find 'rild' socket; retrying after timeout
I/RILJ ( 299): Couldn't find 'rild' socket; retrying after timeout
I/RILJ ( 299): Couldn't find 'rild' socket; retrying after timeout
D/RILJ ( 299): [0004]> REQUEST_GET_PREFERRED_NETWORK_TYPE
D/RILJ ( 299): [0004]< REQUEST_GET_PREFERRED_NETWORK_TYPE error: com.android.internal.telephony.CommandException: RADIO_NOT_AVAILABLE
E/RILJ ( 299): Couldn't find 'rild' socket after 8 times, continuing to retry silently
D/RILJ ( 299): [0005]> QUERY_AVAILABLE_NETWORKS
D/RILJ ( 299): [0005]< QUERY_AVAILABLE_NETWORKS error: com.android.internal.telephony.CommandException: RADIO_NOT_AVAILABLE
D/RILJ ( 299): [0006]> QUERY_AVAILABLE_NETWORKS
D/RILJ ( 299): [0006]< QUERY_AVAILABLE_NETWORKS error: com.android.internal.telephony.CommandException: RADIO_NOT_AVAILABLE
D/RILJ ( 299): [0007]> REQUEST_SET_PREFERRED_NETWORK_TYPE : 1
D/RILJ ( 299): [0007]< REQUEST_SET_PREFERRED_NETWORK_TYPE error: com.android.internal.telephony.CommandException: RADIO_NOT_AVAILABLE
D/RILJ ( 299): [0008]> REQUEST_GET_PREFERRED_NETWORK_TYPE
D/RILJ ( 299): [0008]< REQUEST_GET_PREFERRED_NETWORK_TYPE error: com.android.internal.telephony.CommandException: RADIO_NOT_AVAILABLE
D/RILJ ( 299): [0009]> REQUEST_SET_PREFERRED_NETWORK_TYPE : 3
D/RILJ ( 299): [0009]< REQUEST_SET_PREFERRED_NETWORK_TYPE error: com.android.internal.telephony.CommandException: RADIO_NOT_AVAILABLE
D/RILJ ( 299): [0010]> REQUEST_GET_PREFERRED_NETWORK_TYPE
D/RILJ ( 299): [0010]< REQUEST_GET_PREFERRED_NETWORK_TYPE error: com.android.internal.telephony.CommandException: RADIO_NOT_AVAILABLE
D/RILJ ( 299): [0011]> QUERY_AVAILABLE_NETWORKS
D/RILJ ( 299): [0011]< QUERY_AVAILABLE_NETWORKS error: com.android.internal.telephony.CommandException: RADIO_NOT_AVAILABLE
D/RILJ ( 299): [0012]> QUERY_AVAILABLE_NETWORKS
D/RILJ ( 299): [0012]< QUERY_AVAILABLE_NETWORKS error: com.android.internal.telephony.CommandException: RADIO_NOT_AVAILABLE
D/RILJ ( 299): [0013]> QUERY_AVAILABLE_NETWORKS
D/RILJ ( 299): [0013]< QUERY_AVAILABLE_NETWORKS error: com.android.internal.telephony.CommandException: RADIO_NOT_AVAILABLE
D/RILJ ( 299): [0014]> QUERY_AVAILABLE_NETWORKS
D/RILJ ( 299): [0014]< QUERY_AVAILABLE_NETWORKS error: com.android.internal.telephony.CommandException: RADIO_NOT_AVAILABLE
D/RILJ ( 299): [0015]> QUERY_AVAILABLE_NETWORKS
D/RILJ ( 299): [0015]< QUERY_AVAILABLE_NETWORKS error: com.android.internal.telephony.CommandException: RADIO_NOT_AVAILABLE
D/PHONE ( 299): VM: PhoneSubInfo.getVoiceMailNUmber:
D/PHONE ( 299): VM: PhoneSubInfo.getVoiceMailNUmber:
D/PHONE ( 299): VM: PhoneSubInfo.getVoiceMailNUmber:
D/PHONE ( 299): VM: PhoneSubInfo.getVoiceMailNUmber:
D/PHONE ( 299): VM: PhoneSubInfo.getVoiceMailNUmber:
D/RILJ ( 299): [0016]> SCREEN_STATE: false
D/RILJ ( 299): [0016]< SCREEN_STATE error: com.android.internal.telephony.CommandException: RADIO_NOT_AVAILABLE
D/GSM ( 299): [DataConnection] Stop poll NetStat
D/RILJ ( 299): [0017]> SCREEN_STATE: true
D/RILJ ( 299): [0017]< SCREEN_STATE error: com.android.internal.telephony.CommandException: RADIO_NOT_AVAILABLE
D/GSM ( 299): [DataConnection] Stop poll NetStat
D/RILJ ( 299): [0018]> SCREEN_STATE: false
D/RILJ ( 299): [0018]< SCREEN_STATE error: com.android.internal.telephony.CommandException: RADIO_NOT_AVAILABLE
D/GSM ( 299): [DataConnection] Stop poll NetStat
D/RILJ ( 299): [0019]> SCREEN_STATE: true
D/RILJ ( 299): [0019]< SCREEN_STATE error: com.android.internal.telephony.CommandException: RADIO_NOT_AVAILABLE
D/GSM ( 299): [DataConnection] Stop poll NetStat
D/RILJ ( 299): [0020]> REQUEST_GET_PREFERRED_NETWORK_TYPE
D/RILJ ( 299): [0020]< REQUEST_GET_PREFERRED_NETWORK_TYPE error: com.android.internal.telephony.CommandException: RADIO_NOT_AVAILABLE
D/RILJ ( 299): [0021]> QUERY_AVAILABLE_NETWORKS
D/RILJ ( 299): [0021]< QUERY_AVAILABLE_NETWORKS error: com.android.internal.telephony.CommandException: RADIO_NOT_AVAILABLE
D/RILJ ( 299): [0022]> QUERY_AVAILABLE_NETWORKS
D/RILJ ( 299): [0022]< QUERY_AVAILABLE_NETWORKS error: com.android.internal.telephony.CommandException: RADIO_NOT_AVAILABLE
D/RILJ ( 299): [0023]> SCREEN_STATE: false
D/RILJ ( 299): [0023]< SCREEN_STATE error: com.android.internal.telephony.CommandException: RADIO_NOT_AVAILABLE
D/GSM ( 299): [DataConnection] Stop poll NetStat
D/RILJ ( 299): [0024]> SCREEN_STATE: true
D/RILJ ( 299): [0024]< SCREEN_STATE error: com.android.internal.telephony.CommandException: RADIO_NOT_AVAILABLE
D/GSM ( 299): [DataConnection] Stop poll NetStat
Somebody can help me?
logs rild
Unable to open router port: No such file or directory
ONCRPC Failed to open device: /dev/oncrpc/30000000:892a3c1c
ERR :MSG Open handle failed, unable to open program 30000000 ver 892a3c1c NOT FOUND
:FILE vendor/qcom/proprietary/oncrpc/oncrpc/oncrpc_cb.c:LINE 231:ARG1 805306368:ARG2 -1993720804:ARG3 0:
ERR :MSG Couldn't setup RPC call :FILE vendor/qcom/proprietary/oncrpc/oncrpc/oncrpc_cb.c:LINE 276:ARG1 0:ARG2 0:ARG3 0:
ERR :MSG Failed to lookup RPC client. prog = 805306368, vers = -1993720804, tout = 0 :FILE vendor/qcom/proprietary/common/build/remote_api_makefiles/../../../modem-apis/ginger/api/libs/remote_apis/cm/src/cm_clnt.c:LINE 148:ARG1 805306368:ARG2 -1993720804:ARG3 0:
Unable to open router port: No such file or directory
ONCRPC Failed to open device: /dev/oncrpc/30000000:892a3c1c
ERR :MSG Open handle failed, unable to open program 30000000 ver 892a3c1c NOT FOUND
:FILE vendor/qcom/proprietary/oncrpc/oncrpc/oncrpc_cb.c:LINE 231:ARG1 805306368:ARG2 -1993720804:ARG3 0:
What is this?
Same PROBLEM
If any1 is reading this message.
I got also the same message in logcat in my android port.
So please help or just reply we will try to work on this.:good:
someone got solution on this?

[Q] Please look at my logcat please!

I am trying to port SEMC Debrand Engine to Galaxy FIt using clean CM7 as base
So far it boots and then bootloops.
Logcat:
Code:
--------- beginning of /dev/log/main
I/cm ( 112): Welcome to Android 2.3.7 / Achotjan's_SEMC-Debrand-engine_v3
I/cm ( 113): _
I/cm ( 114): __ __ _ ___ _ _ __ ___ __ _ _ _ _ __ __))
I/cm ( 115): ((_ \(/'((_( ((\( ((_)((_( (('((\( ((`1( ((_)((_(
I/cm ( 116): )) _))
I/cm ( 117):
I/DEBUG ( 151): debuggerd: Jan 1 2013 02:59:43
--------- beginning of /dev/log/system
I/Vold ( 149): Vold 2.1 (the revenge) firing up
I/Netd ( 150): Netd 1.0 starting
D/Vold ( 149): Volume sdcard state changing -1 (Initializing) -> 0 (No-Media)
D/Vold ( 149): Volume sdcard state changing 0 (No-Media) -> 2 (Pending)
D/Vold ( 149): Volume sdcard state changing 2 (Pending) -> 1 (Idle-Unmounted)
D/AndroidRuntime( 153):
D/AndroidRuntime( 153): >>>>>> AndroidRuntime START com.android.internal.os.ZygoteInit <<<<<<
I/AndroidRuntime( 153): Heap size: -Xmx32m
D/AndroidRuntime( 153): CheckJNI is OFF
I/ ( 154): ServiceManager: 0xad50
I/AudioHardwareMSM72XX( 154): get_audpp_filter
I/AudioHardwareMSM72XX( 154): open /system/etc/AudioFilter.csv success.
I/AudioHardwareMSM72XX( 154): EQ flag = 00.
I/AudioHardwareMSM72XX( 154): EQ flag = 00.
I/AudioHardwareMSM72XX( 154): EQ flag = 00.
D/AudioHardwareInterface( 154): setMode(NORMAL)
I/AudioHardwareMSM72XX( 154): Set master volume to 7.
I/QualcommCameraHardware( 154): getCameraInfo: IN
I/QualcommCameraHardware( 154): getCameraInfo: loading libqcamera at 0xb000e0e8
I/QualcommCameraHardware( 154): getCameraInfo: numOfCameras = 1
I/QualcommCameraHardware( 154): Camera sensor 0 info:
I/QualcommCameraHardware( 154): camera_id: 0
I/QualcommCameraHardware( 154): modes_supported: 1
I/QualcommCameraHardware( 154): position: 0
I/QualcommCameraHardware( 154): sensor_mount_angle: 90
V/QualcommCameraHardware( 154): getCameraInfo: dlclose(libqcamera)
I/QualcommCameraHardware( 154): getCameraInfo: OUT
D/AudioFlinger( 154): setParameters(): io 1, keyvalue routing=2, tid 216, calling tid 154
I/AudioFlinger( 154): AudioFlinger's thread 0xcc68 ready to run
I/AudioHardwareMSM72XX( 154): Routing audio to Speakerphone
D/AudioHardwareMSM72XX( 154): doAudioRouteOrMute() device 6, mMode 0, mMicMute 1, mBuiltinMicSelected 0, muted
I/AudioHardwareMSM72XX( 154): Routing audio to Speakerphone
D/AudioHardwareMSM72XX( 154): setVoiceVolume(1.000000)
I/AudioHardwareMSM72XX( 154): Setting in-call volume to 7 (available range is 0 to 7)
I/SamplingProfilerIntegration( 153): Profiler is disabled.
I/Zygote ( 153): Preloading classes...
E/Zygote ( 153): setreuid() failed. errno: 2
D/dalvikvm( 153): GC_EXPLICIT freed 48K, 77% free 239K/1024K, external 0K/0K, paused 4ms
I/bluetooth_ScoSocket.cpp( 153): Entry name = MY-CAR ScoTypes = 0x7f
I/bluetooth_ScoSocket.cpp( 153): Entry name = Motorola HF850 ScoTypes = 0x7
D/szipinf ( 153): Initializing inflate state
D/dalvikvm( 153): GC_FOR_MALLOC freed 2914K, 57% free 2209K/5123K, external 0K/0K, paused 75ms
D/dalvikvm( 153): GC_FOR_MALLOC freed 2634K, 52% free 2485K/5123K, external 0K/0K, paused 68ms
I/Zygote ( 153): ...preloaded 1829 classes in 5841ms.
D/Zygote ( 153): setreuid() error ignored, same uid.
D/dalvikvm( 153): GC_EXPLICIT freed 887K, 48% free 2685K/5123K, external 0K/0K, paused 55ms
I/Zygote ( 153): Preload resources disabled, skipped.
D/dalvikvm( 153): GC_EXPLICIT freed 25K, 49% free 2660K/5123K, external 0K/0K, paused 45ms
D/dalvikvm( 153): GC_EXPLICIT freed <1K, 49% free 2660K/5123K, external 0K/0K, paused 44ms
D/dalvikvm( 153): GC_EXPLICIT freed <1K, 49% free 2660K/5123K, external 0K/0K, paused 44ms
I/dalvikvm( 153): System server process 254 has been created
I/Zygote ( 153): Accepting command socket connections
I/sysproc ( 254): Entered system_init()
I/sysproc ( 254): ServiceManager: 0xbed50
I/SurfaceFlinger( 254): SurfaceFlinger is starting
I/SurfaceFlinger( 254): dithering enabled
I/SurfaceFlinger( 254): SurfaceFlinger's main thread ready to run. Initializing graphics H/W...
E/SurfaceFlinger( 254): Couldn't open /sys/power/wait_for_fb_sleep or /sys/power/wait_for_fb_wake
I/msm7k.gralloc( 254): using (fd=27)
I/msm7k.gralloc( 254): id = msmfb30_30001
I/msm7k.gralloc( 254): xres = 240 px
I/msm7k.gralloc( 254): yres = 320 px
I/msm7k.gralloc( 254): xres_virtual = 240 px
I/msm7k.gralloc( 254): yres_virtual = 640 px
I/msm7k.gralloc( 254): bpp = 32
I/msm7k.gralloc( 254): r = 24:8
I/msm7k.gralloc( 254): g = 16:8
I/msm7k.gralloc( 254): b = 8:8
I/msm7k.gralloc( 254): width = 38 mm (160.421051 dpi)
I/msm7k.gralloc( 254): height = 51 mm (159.372543 dpi)
I/msm7k.gralloc( 254): refresh rate = 1.34 Hz
D/libEGL ( 254): loaded /system/lib/egl/libGLES_android.so
D/libEGL ( 254): loaded /system/lib/egl/libEGL_adreno200.so
D/libEGL ( 254): loaded /system/lib/egl/libGLESv1_CM_adreno200.so
D/libEGL ( 254): loaded /system/lib/egl/libGLESv2_adreno200.so
E/libEGL ( 254): eglSetSwapRectangleANDROID:1909 error 3008 (EGL_BAD_DISPLAY)
I/SurfaceFlinger( 254): EGL informations:
I/SurfaceFlinger( 254): # of configs : 35
I/SurfaceFlinger( 254): vendor : Android
I/SurfaceFlinger( 254): version : 1.4 Android META-EGL
I/SurfaceFlinger( 254): extensions: EGL_KHR_image EGL_KHR_image_base EGL_KHR_image_pixmap EGL_KHR_gl_texture_2D_image EGL_KHR_gl_texture_cubemap_image EGL_KHR_gl_renderbuffer_image EGL_ANDROID_image_native_buffer EGL_ANDROID_swap_rectangle EGL_ANDROID_get_render_buffer
I/SurfaceFlinger( 254): Client API: OpenGL ES
I/SurfaceFlinger( 254): EGLSurface: 8-8-8-8, config=0x3
I/SurfaceFlinger( 254): OpenGL informations:
I/SurfaceFlinger( 254): vendor : Qualcomm
I/SurfaceFlinger( 254): renderer : Adreno (TM) 200
I/SurfaceFlinger( 254): version : OpenGL ES-CM 1.1
I/SurfaceFlinger( 254): extensions: GL_AMD_compressed_ATC_texture GL_AMD_performance_monitor GL_APPLE_texture_2D_limited_npot GL_EXT_texture_filter_anisotropic GL_EXT_texture_format_BGRA8888 GL_EXT_texture_type_2_10_10_10_REV GL_OES_blend_equation_separate GL_OES_blend_func_separate GL_OES_blend_subtract GL_OES_compressed_ETC1_RGB8_texture GL_OES_compressed_paletted_texture GL_OES_depth_texture GL_OES_draw_texture GL_OES_EGL_image GL_OES_EGL_image_external GL_OES_framebuffer_object GL_OES_matrix_palette GL_OES_packed_depth_stencil GL_OES_point_size_array GL_OES_point_sprite GL_OES_read_format GL_OES_rgb8_rgba8 GL_OES_stencil_wrap GL_OES_texture_cube_map GL_OES_texture_env_crossbar GL_OES_texture_float GL_OES_texture_half_float GL_OES_texture_half_float_linear GL_OES_texture_npot GL_OES_texture_mirrored_repeat GL_QCOM_binning_control GL_QCOM_extended_get GL_QCOM_tiled_rendering GL_AMD_compressed_3DC_texture
I/SurfaceFlinger( 254): GL_MAX_TEXTURE_SIZE = 4096
I/SurfaceFlinger( 254): GL_MAX_VIEWPORT_DIMS = 4096
I/SurfaceFlinger( 254): flags = 00000000
D/SensorService( 254): nuSensorService starting...
E/bdaddr ( 271): Error reading /data/.nvmac_bt.info (unexpected size 18)
E/SensorHAL( 254): __poll_init
E/SensorHAL( 254): +__poll_activate: handle=0 enabled=0
E/SensorHAL( 254): +__poll_activate: handle=1 enabled=0
E/SensorHAL( 254): +__poll_activate: handle=2 enabled=0
E/SensorHAL( 254): +__poll_activate: handle=3 enabled=0
I/SensorService( 254): BMA220
I/SensorService( 254): MMC314X
I/SensorService( 254): Mag & Acc Combo Orientation Sensor
I/SensorService( 254): TAOS
I/sysproc ( 254): System server: starting Android runtime.
I/sysproc ( 254): System server: starting Android services.
I/SystemServer( 254): Entered the Android system server!
D/SensorService( 254): nuSensorService thread starting...
I/sysproc ( 254): System server: entering thread pool.
I/SystemServer( 254): Entropy Service
I/SystemServer( 254): Power Manager
I/SystemServer( 254): Activity Manager
I/ActivityManager( 254): Memory class: 32
D/libEGL ( 270): loaded /system/lib/egl/libGLES_android.so
D/libEGL ( 270): loaded /system/lib/egl/libEGL_adreno200.so
W/UsageStats( 254): Usage stats version changed; dropping
D/libEGL ( 270): loaded /system/lib/egl/libGLESv1_CM_adreno200.so
D/libEGL ( 270): loaded /system/lib/egl/libGLESv2_adreno200.so
E/SurfaceFlinger( 254): eglSwapBuffers: EGL error 0x3008 (EGL_BAD_DISPLAY)
W/zipro ( 270): Unable to open zip '/data/local/bootanimation.zip': No such file or directory
HELP ME PLEASE!
PS. Full logcat http://pastebin.com/wxcMd6Nz
Thanx in Advance!
Logcat shows lot of Sony Ericsson specific libraries and files are missing and because of the dependency, it's throwing error and restarting framework again and again. Why are you trying to use something Sony Ericsson on a Samsung phone?
ivoidwarranty said:
Logcat shows lot of Sony Ericsson specific libraries and files are missing and because of the dependency, it's throwing error and restarting framework again and again. Why are you trying to use something Sony Ericsson on a Samsung phone?
Click to expand...
Click to collapse
Here it is running on Galaxy Y:
http://forum.xda-developers.com/showthread.php?t=1979146
and
Here is original thread (It is CM7, modded to run SE files)
http://forum.xda-developers.com/showthread.php?t=1504633

[Q] Compile CyanogenMod 10.1 problem, I think it should be hwcomposer errors

This post is Google translate, my English is not good, please forgive me
This is my first build CyanogenMod, some errors, boot animation can not see.
I tried a Google error, but did not find a solution, I hope you can give me a little help.
My personal guess is hwcomposer problems that cause errors Adreno200
This is my device : github.com/GentlemanMod/android_device_zte_Silky
thank you for your help ~
Here is my logcat
Code:
--------- beginning of /dev/log/main
I/DEBUG ( 137): debuggerd: Jun 6 2013 22:50:01
I/qcom-bluetooth( 158): /system/etc/init.qcom.bt.sh: init.qcom.bt.sh config = onboot
I/installd( 147): installd firing up
E/cutils ( 147): Failed to read /data/.layout_version: No such file or directory
D/installd( 147): Upgrading /data/media for multi-user
D/installd( 147): Upgrading to shared /data/media/obb
I/qcom-bluetooth( 167): /system/etc/init.qcom.bt.sh: Bluetooth Address programmed successfully
I/cm ( 232): ____ _ _ ____ _ _ ____ ____ ____ _ _ _ _ ____ ___
I/cm ( 236): | \_/ |__| |\ | | | | __ |___ |\ | |\/| | | | \
I/cm ( 237): |___ | | | | \| |__| |__] |___ | \| | | |__| |__/
I/cm ( 247): Welcome to Android 4.2.2 / CyanogenMod-10.1-20130610-UNOFFICIAL-Silky
I/Netd ( 136): Netd 1.0 starting
W/InterfaceController( 136): Warning (Cannot load library: load_library(linker.cpp:771): library "/system/lib/libnetcmdiface.so" not found) while opening the net interface command library
--------- beginning of /dev/log/system
I/Vold ( 132): Vold 2.1 (the revenge) firing up
D/Vold ( 132): Volume sdcard state changing -1 (Initializing) -> 0 (No-Media)
D/Vold ( 132): Volume emmc state changing -1 (Initializing) -> 0 (No-Media)
D/Vold ( 132): Volume emmc state changing 0 (No-Media) -> 2 (Pending)
D/DirectVolume( 132): DirectVolume::handlePartitionAdded -> MAJOR 179, MINOR 1, PARTN 1
D/DirectVolume( 132): DirectVolume::handlePartitionAdded -> MAJOR 179, MINOR 2, PARTN 2
D/DirectVolume( 132): DirectVolume::handlePartitionAdded -> MAJOR 179, MINOR 3, PARTN 3
D/DirectVolume( 132): DirectVolume::handlePartitionAdded -> MAJOR 179, MINOR 4, PARTN 4
D/DirectVolume( 132): DirectVolume::handlePartitionAdded -> MAJOR 179, MINOR 5, PARTN 5
D/DirectVolume( 132): DirectVolume::handlePartitionAdded -> MAJOR 179, MINOR 6, PARTN 6
D/DirectVolume( 132): DirectVolume::handlePartitionAdded -> MAJOR 179, MINOR 7, PARTN 7
D/Vold ( 132): Volume emmc state changing 2 (Pending) -> 1 (Idle-Unmounted)
D/DirectVolume( 132): DirectVolume::handlePartitionAdded -> MAJOR 179, MINOR 8, PARTN 8
W/Vold ( 132): Duplicate state (1)
D/DirectVolume( 132): DirectVolume::handlePartitionAdded -> MAJOR 179, MINOR 9, PARTN 9
W/Vold ( 132): Duplicate state (1)
D/DirectVolume( 132): DirectVolume::handlePartitionAdded -> MAJOR 179, MINOR 10, PARTN 10
W/Vold ( 132): Duplicate state (1)
D/DirectVolume( 132): DirectVolume::handlePartitionAdded -> MAJOR 179, MINOR 11, PARTN 11
W/Vold ( 132): Duplicate state (1)
D/DirectVolume( 132): DirectVolume::handlePartitionAdded -> MAJOR 179, MINOR 12, PARTN 12
W/Vold ( 132): Duplicate state (1)
D/DirectVolume( 132): DirectVolume::handlePartitionAdded -> MAJOR 179, MINOR 13, PARTN 13
W/Vold ( 132): Duplicate state (1)
D/DirectVolume( 132): DirectVolume::handlePartitionAdded -> MAJOR 179, MINOR 14, PARTN 14
W/Vold ( 132): Duplicate state (1)
D/DirectVolume( 132): DirectVolume::handlePartitionAdded -> MAJOR 179, MINOR 15, PARTN 15
W/Vold ( 132): Duplicate state (1)
D/DirectVolume( 132): DirectVolume::handlePartitionAdded -> MAJOR 179, MINOR 16, PARTN 16
W/Vold ( 132): Duplicate state (1)
D/DirectVolume( 132): DirectVolume::handlePartitionAdded -> MAJOR 179, MINOR 17, PARTN 17
W/Vold ( 132): Duplicate state (1)
D/DirectVolume( 132): DirectVolume::handlePartitionAdded -> MAJOR 179, MINOR 18, PARTN 18
W/Vold ( 132): Duplicate state (1)
D/DirectVolume( 132): DirectVolume::handlePartitionAdded -> MAJOR 179, MINOR 19, PARTN 19
W/Vold ( 132): Duplicate state (1)
D/DirectVolume( 132): DirectVolume::handlePartitionAdded -> MAJOR 179, MINOR 20, PARTN 20
W/Vold ( 132): Duplicate state (1)
D/Vold ( 132): Volume sdcard state changing 0 (No-Media) -> 2 (Pending)
D/DirectVolume( 132): DirectVolume::handlePartitionAdded -> MAJOR 179, MINOR 33, PARTN 1
D/Vold ( 132): Volume sdcard state changing 2 (Pending) -> 1 (Idle-Unmounted)
I/SurfaceFlinger( 142): SurfaceFlinger is starting
I/SurfaceFlinger( 142): use dithering
I/SurfaceFlinger( 142): SurfaceFlinger's main thread ready to run. Initializing graphics H/W...
D/libEGL ( 142): loaded /system/lib/egl/libEGL_adreno200.so
I/mediaserver( 146): ServiceManager: 0x4154fed8
I/AudioFlinger( 146): Using default 3000 mSec as standby time.
I/CameraService( 146): CameraService started (pid=146)
E/CameraService( 146): Could not load camera HAL module
I/AudioPolicyManagerBase( 146): loadAudioPolicyConfig() loaded /system/etc/audio_policy.conf
I/AudioFlinger( 146): loadHwModule() Loaded primary audio interface from Default audio HW HAL (audio) handle 1
I/AudioFlinger( 146): HAL output buffer size 1024 frames, normal mix buffer size 1024 frames
I/AudioMixer( 146): found effect "Multichannel Downmix To Stereo" from The Android Open Source Project
I/AudioFlinger( 146): Using module 1 has the primary audio interface
I/AudioFlinger( 146): AudioFlinger's thread 0x41552408 ready to run
W/AudioFlinger( 146): Thread AudioOut_2 cannot connect to the power manager service
I/audio_a2dp_hw( 146): adev_open: adev_open in A2dp_hw module
I/AudioFlinger( 146): loadHwModule() Loaded a2dp audio interface from A2DP Audio HW HAL (audio) handle 3
I/AudioPolicyService( 146): Loaded audio policy from LEGACY Audio Policy HAL (audio_policy)
D/libEGL ( 142): loaded /system/lib/egl/libGLESv1_CM_adreno200.so
D/libEGL ( 142): loaded /system/lib/egl/libGLESv2_adreno200.so
D/AndroidRuntime( 143):
D/AndroidRuntime( 143): >>>>>> AndroidRuntime START com.android.internal.os.ZygoteInit <<<<<<
D/AndroidRuntime( 143): CheckJNI is OFF
I/Adreno200-EGL( 142): <qeglDrvAPI_eglInitialize:299>: EGL 1.4 QUALCOMM build: (Merge)
I/Adreno200-EGL( 142): Build Date: 03/05/13 Tue
I/Adreno200-EGL( 142): Local Branch:
I/Adreno200-EGL( 142): Remote Branch:
I/Adreno200-EGL( 142): Local Patches:
I/Adreno200-EGL( 142): Reconstruct Branch:
W/gralloc ( 142): MSMFB_METADATA_SET failed to configure alpha mode
D/dalvikvm( 143): DexOpt: --- BEGIN 'core.jar' (bootstrap=1) ---
I/gralloc ( 142): using (fd=19)
I/gralloc ( 142): id = msmfb303_80201
I/gralloc ( 142): xres = 480 px
I/gralloc ( 142): yres = 800 px
I/gralloc ( 142): xres_virtual = 480 px
I/gralloc ( 142): yres_virtual = 2400 px
I/gralloc ( 142): bpp = 32
I/gralloc ( 142): r = 24:8
I/gralloc ( 142): g = 16:8
I/gralloc ( 142): b = 8:8
I/gralloc ( 142): width = 76 mm (160.421051 dpi)
I/gralloc ( 142): height = 127 mm (160.000000 dpi)
I/gralloc ( 142): refresh rate = 0.00 Hz
D/CALCFPS ( 142): DEBUG_CALC_FPS: 0
D/CALCFPS ( 142): period: 10
D/CALCFPS ( 142): ignorethresh_us: 500000
D/CALCFPS ( 142): DEBUG_CALC_FPS: 0
D/CALCFPS ( 142): period: 10
D/CALCFPS ( 142): ignorethresh_us: 500000
I/hwcomposer( 142): Initializing Qualcomm Hardware Composer
I/hwcomposer( 142): MDP version: 303
I/hwcomposer( 142): DYN composition threshold : 1.910000
I/SurfaceFlinger( 142): Using composer version 1.0
I/hwcomposer( 142): Initializing UEvent Listener Thread
I/hwcomposer( 142): Initializing VSYNC Thread
W/SurfaceFlinger( 142): getting VSYNC period from fb HAL: -1
W/Adreno200-EGL( 142): <qeglDrvAPI_eglChooseConfig:785>: EGL_BAD_ATTRIBUTE
W/SurfaceFlinger( 142): no suitable EGLConfig found, trying without EGL_FRAMEBUFFER_TARGET_ANDROID
W/SurfaceFlinger( 142): no suitable EGLConfig found, trying without EGL_RECORDABLE_ANDROID
E/Trace ( 142): error opening trace file: No such file or directory (2)
I/SurfaceFlinger( 142): EGL informations:
I/SurfaceFlinger( 142): vendor : Android
I/SurfaceFlinger( 142): version : 1.4 Android META-EGL
I/SurfaceFlinger( 142): extensions: EGL_KHR_image EGL_KHR_image_base EGL_KHR_gl_texture_2D_image EGL_KHR_gl_texture_cubemap_image EGL_KHR_gl_renderbuffer_image EGL_KHR_fence_sync EGL_EXT_create_context_robustness EGL_ANDROID_image_native_buffer
I/SurfaceFlinger( 142): Client API: OpenGL_ES
I/SurfaceFlinger( 142): EGLSurface: 8-8-8-8, config=0x4
I/SurfaceFlinger( 142): OpenGL ES informations:
I/SurfaceFlinger( 142): vendor : Qualcomm
I/SurfaceFlinger( 142): renderer : Adreno (TM) 203
I/SurfaceFlinger( 142): version : OpenGL ES-CM 1.1 [email protected] [email protected] ([email protected])
I/SurfaceFlinger( 142): extensions: GL_EXT_debug_marker GL_AMD_compressed_ATC_texture GL_AMD_performance_monitor GL_APPLE_texture_2D_limited_npot GL_ARB_vertex_buffer_object GL_EXT_texture_filter_anisotropic GL_EXT_texture_format_BGRA8888 GL_EXT_texture_type_2_10_10_10_REV GL_OES_blend_equation_separate GL_OES_blend_func_separate GL_OES_blend_subtract GL_OES_compressed_ETC1_RGB8_texture GL_OES_compressed_paletted_texture GL_OES_depth_texture GL_OES_depth24 GL_OES_draw_texture GL_OES_EGL_image GL_OES_EGL_image_external GL_OES_framebuffer_object GL_OES_matrix_palette GL_OES_packed_depth_stencil GL_OES_point_size_array GL_OES_point_sprite GL_OES_read_format GL_OES_rgb8_rgba8 GL_OES_stencil_wrap GL_OES_texture_cube_map GL_OES_texture_env_crossbar GL_OES_texture_float GL_OES_texture_half_float GL_OES_texture_half_float_linear GL_OES_texture_npot GL_OES_texture_mirrored_repeat GL_QCOM_binning_control GL_QCOM_extended_get GL_QCOM_tiled_rendering GL_AMD_compressed_3DC_texture
I/SurfaceFlinger( 142): GL_MAX_TEXTURE_SIZE = 4096
I/SurfaceFlinger( 142): GL_MAX_VIEWPORT_DIMS = 4096 x 4096
D/SurfaceFlinger( 142): Screen acquired, type=0 flinger=0x40da7318
W/Adreno200-EGLSUB( 142): <GetBackBuffer:2181>: handle base address is NULL
W/Adreno200-ES20( 142): <gl2_surface_swap:43>: GL_OUT_OF_MEMORY
W/Adreno200-EGL( 142): <qeglDrvAPI_eglSwapBuffers:3482>: EGL_BAD_ALLOC
E/SurfaceFlinger( 142): GL error 0x0505
W/Adreno200-EGLSUB( 142): <GetBackBuffer:2181>: handle base address is NULL
W/Adreno200-ES20( 142): <gl2_surface_swap:43>: GL_OUT_OF_MEMORY
W/Adreno200-EGL( 142): <qeglDrvAPI_eglSwapBuffers:3482>: EGL_BAD_ALLOC
D/libEGL ( 455): loaded /system/lib/egl/libEGL_adreno200.so
D/libEGL ( 455): loaded /system/lib/egl/libGLESv1_CM_adreno200.so
D/libEGL ( 455): loaded /system/lib/egl/libGLESv2_adreno200.so
I/Adreno200-EGL( 455): <qeglDrvAPI_eglInitialize:299>: EGL 1.4 QUALCOMM build: (Merge)
I/Adreno200-EGL( 455): Build Date: 03/05/13 Tue
I/Adreno200-EGL( 455): Local Branch:
I/Adreno200-EGL( 455): Remote Branch:
I/Adreno200-EGL( 455): Local Patches:
I/Adreno200-EGL( 455): Reconstruct Branch:
E/Trace ( 455): error opening trace file: No such file or directory (2)
D/dalvikvm( 404): Ignoring duplicate verify attempt on Ljava/lang/Object;
D/MDnsDS ( 136): MDnsSdListener::Hander starting up
D/MDnsDS ( 136): MDnsSdListener starting to monitor
D/MDnsDS ( 136): Going to poll with pollCount 1
W/Adreno200-EGLSUB( 455): <GetBackBuffer:2181>: handle base address is NULL
W/Adreno200-ES20( 455): <gl2_surface_swap:43>: GL_OUT_OF_MEMORY
W/Adreno200-EGL( 455): <qeglDrvAPI_eglSwapBuffers:3482>: EGL_BAD_ALLOC
W/Adreno200-EGLSUB( 455): <GetBackBuffer:2181>: handle base address is NULL
W/Adreno200-ES20( 455): <gl2_surface_swap:43>: GL_OUT_OF_MEMORY
W/Adreno200-EGL( 455): <qeglDrvAPI_eglSwapBuffers:3482>: EGL_BAD_ALLOC
D/dalvikvm( 404): Ignoring duplicate verify attempt on Ljava/lang/Class;
W/Adreno200-EGLSUB( 455): <GetBackBuffer:2181>: handle base address is NULL
W/Adreno200-ES20( 455): <gl2_surface_swap:43>: GL_OUT_OF_MEMORY
W/Adreno200-EGL( 455): <qeglDrvAPI_eglSwapBuffers:3482>: EGL_BAD_ALLOC
D/dalvikvm( 404): Ignoring duplicate verify attempt on Ljava/lang/ref/Reference;
D/dalvikvm( 404): Ignoring duplicate verify attempt on Ljava/lang/ref/ReferenceQueue;
D/dalvikvm( 404): Ignoring duplicate verify attempt on Ljava/lang/ref/FinalizerReference;
W/Adreno200-EGLSUB( 455): <GetBackBuffer:2181>: handle base address is NULL
W/Adreno200-ES20( 455): <gl2_surface_swap:43>: GL_OUT_OF_MEMORY
W/Adreno200-EGL( 455): <qeglDrvAPI_eglSwapBuffers:3482>: EGL_BAD_ALLOC
W/Adreno200-EGLSUB( 455): <GetBackBuffer:2181>: handle base address is NULL
W/Adreno200-ES20( 455): <gl2_surface_swap:43>: GL_OUT_OF_MEMORY
W/Adreno200-EGL( 455): <qeglDrvAPI_eglSwapBuffers:3482>: EGL_BAD_ALLOC
W/Adreno200-EGLSUB( 455): <GetBackBuffer:2181>: handle base address is NULL
W/Adreno200-ES20( 455): <gl2_surface_swap:43>: GL_OUT_OF_MEMORY
W/Adreno200-EGL( 455): <qeglDrvAPI_eglSwapBuffers:3482>: EGL_BAD_ALLOC
W/Adreno200-EGLSUB( 455): <GetBackBuffer:2181>: handle base address is NULL
W/Adreno200-ES20( 455): <gl2_surface_swap:43>: GL_OUT_OF_MEMORY
W/Adreno200-EGL( 455): <qeglDrvAPI_eglSwapBuffers:3482>: EGL_BAD_ALLOC
W/Adreno200-EGLSUB( 455): <GetBackBuffer:2181>: handle base address is NULL
W/Adreno200-ES20( 455): <gl2_surface_swap:43>: GL_OUT_OF_MEMORY
W/Adreno200-EGL( 455): <qeglDrvAPI_eglSwapBuffers:3482>: EGL_BAD_ALLOC
W/Adreno200-EGLSUB( 455): <GetBackBuffer:2181>: handle base address is NULL
W/Adreno200-ES20( 455): <gl2_surface_swap:43>: GL_OUT_OF_MEMORY
W/Adreno200-EGL( 455): <qeglDrvAPI_eglSwapBuffers:3482>: EGL_BAD_ALLOC
W/Adreno200-EGLSUB( 455): <GetBackBuffer:2181>: handle base address is NULL
W/Adreno200-ES20( 455): <gl2_surface_swap:43>: GL_OUT_OF_MEMORY
W/Adreno200-EGL( 455): <qeglDrvAPI_eglSwapBuffers:3482>: EGL_BAD_ALLOC
W/Adreno200-EGLSUB( 455): <GetBackBuffer:2181>: handle base address is NULL
W/Adreno200-ES20( 455): <gl2_surface_swap:43>: GL_OUT_OF_MEMORY
W/Adreno200-EGL( 455): <qeglDrvAPI_eglSwapBuffers:3482>: EGL_BAD_ALLOC
W/Adreno200-EGLSUB( 455): <GetBackBuffer:2181>: handle base address is NULL
W/Adreno200-ES20( 455): <gl2_surface_swap:43>: GL_OUT_OF_MEMORY
W/Adreno200-EGL( 455): <qeglDrvAPI_eglSwapBuffers:3482>: EGL_BAD_ALLOC
W/Adreno200-EGLSUB( 455): <GetBackBuffer:2181>: handle base address is NULL
W/Adreno200-ES20( 455): <gl2_surface_swap:43>: GL_OUT_OF_MEMORY
W/Adreno200-EGL( 455): <qeglDrvAPI_eglSwapBuffers:3482>: EGL_BAD_ALLOC
W/Adreno200-EGLSUB( 455): <GetBackBuffer:2181>: handle base address is NULL
W/Adreno200-ES20( 455): <gl2_surface_swap:43>: GL_OUT_OF_MEMORY
W/Adreno200-EGL( 455): <qeglDrvAPI_eglSwapBuffers:3482>: EGL_BAD_ALLOC
W/Adreno200-EGLSUB( 455): <GetBackBuffer:2181>: handle base address is NULL
W/Adreno200-ES20( 455): <gl2_surface_swap:43>: GL_OUT_OF_MEMORY
W/Adreno200-EGL( 455): <qeglDrvAPI_eglSwapBuffers:3482>: EGL_BAD_ALLOC
W/Adreno200-EGLSUB( 455): <GetBackBuffer:2181>: handle base address is NULL
W/Adreno200-ES20( 455): <gl2_surface_swap:43>: GL_OUT_OF_MEMORY
W/Adreno200-EGL( 455): <qeglDrvAPI_eglSwapBuffers:3482>: EGL_BAD_ALLOC
W/Adreno200-EGLSUB( 455): <GetBackBuffer:2181>: handle base address is NULL
W/Adreno200-ES20( 455): <gl2_surface_swap:43>: GL_OUT_OF_MEMORY
W/Adreno200-EGL( 455): <qeglDrvAPI_eglSwapBuffers:3482>: EGL_BAD_ALLOC
W/Adreno200-EGLSUB( 455): <GetBackBuffer:2181>: handle base address is NULL
W/Adreno200-ES20( 455): <gl2_surface_swap:43>: GL_OUT_OF_MEMORY
W/Adreno200-EGL( 455): <qeglDrvAPI_eglSwapBuffers:3482>: EGL_BAD_ALLOC
W/Adreno200-EGLSUB( 455): <GetBackBuffer:2181>: handle base address is NULL
W/Adreno200-ES20( 455): <gl2_surface_swap:43>: GL_OUT_OF_MEMORY
W/Adreno200-EGL( 455): <qeglDrvAPI_eglSwapBuffers:3482>: EGL_BAD_ALLOC
W/Adreno200-EGLSUB( 455): <GetBackBuffer:2181>: handle base address is NULL
W/Adreno200-ES20( 455): <gl2_surface_swap:43>: GL_OUT_OF_MEMORY
W/Adreno200-EGL( 455): <qeglDrvAPI_eglSwapBuffers:3482>: EGL_BAD_ALLOC
W/Adreno200-EGLSUB( 455): <GetBackBuffer:2181>: handle base address is NULL
W/Adreno200-ES20( 455): <gl2_surface_swap:43>: GL_OUT_OF_MEMORY
W/Adreno200-EGL( 455): <qeglDrvAPI_eglSwapBuffers:3482>: EGL_BAD_ALLOC
W/Adreno200-EGLSUB( 455): <GetBackBuffer:2181>: handle base address is NULL
W/Adreno200-ES20( 455): <gl2_surface_swap:43>: GL_OUT_OF_MEMORY
W/Adreno200-EGL( 455): <qeglDrvAPI_eglSwapBuffers:3482>: EGL_BAD_ALLOC
W/Adreno200-EGLSUB( 455): <GetBackBuffer:2181>: handle base address is NULL
W/Adreno200-ES20( 455): <gl2_surface_swap:43>: GL_OUT_OF_MEMORY
W/Adreno200-EGL( 455): <qeglDrvAPI_eglSwapBuffers:3482>: EGL_BAD_ALLOC
W/Adreno200-EGLSUB( 455): <GetBackBuffer:2181>: handle base address is NULL
W/Adreno200-ES20( 455): <gl2_surface_swap:43>: GL_OUT_OF_MEMORY
W/Adreno200-EGL( 455): <qeglDrvAPI_eglSwapBuffers:3482>: EGL_BAD_ALLOC
D/dalvikvm( 404): DexOpt: load 138ms, verify+opt 1010ms, 1615612 bytes
W/Adreno200-EGLSUB( 455): <GetBackBuffer:2181>: handle base address is NULL
W/Adreno200-ES20( 455): <gl2_surface_swap:43>: GL_OUT_OF_MEMORY
W/Adreno200-EGL( 455): <qeglDrvAPI_eglSwapBuffers:3482>: EGL_BAD_ALLOC
W/Adreno200-EGLSUB( 455): <GetBackBuffer:2181>: handle base address is NULL
W/Adreno200-ES20( 455): <gl2_surface_swap:43>: GL_OUT_OF_MEMORY
W/Adreno200-EGL( 455): <qeglDrvAPI_eglSwapBuffers:3482>: EGL_BAD_ALLOC
W/Adreno200-EGLSUB( 455): <GetBackBuffer:2181>: handle base address is NULL
W/Adreno200-ES20( 455): <gl2_surface_swap:43>: GL_OUT_OF_MEMORY
W/Adreno200-EGL( 455): <qeglDrvAPI_eglSwapBuffers:3482>: EGL_BAD_ALLOC
W/Adreno200-EGLSUB( 455): <GetBackBuffer:2181>: handle base address is NULL
W/Adreno200-ES20( 455): <gl2_surface_swap:43>: GL_OUT_OF_MEMORY
W/Adreno200-EGL( 455): <qeglDrvAPI_eglSwapBuffers:3482>: EGL_BAD_ALLOC
W/Adreno200-EGLSUB( 455): <GetBackBuffer:2181>: handle base address is NULL
W/Adreno200-ES20( 455): <gl2_surface_swap:43>: GL_OUT_OF_MEMORY
W/Adreno200-EGL( 455): <qeglDrvAPI_eglSwapBuffers:3482>: EGL_BAD_ALLOC
W/Adreno200-EGLSUB( 455): <GetBackBuffer:2181>: handle base address is NULL
W/Adreno200-ES20( 455): <gl2_surface_swap:43>: GL_OUT_OF_MEMORY
W/Adreno200-EGL( 455): <qeglDrvAPI_eglSwapBuffers:3482>: EGL_BAD_ALLOC
W/Adreno200-EGLSUB( 455): <GetBackBuffer:2181>: handle base address is NULL
W/Adreno200-ES20( 455): <gl2_surface_swap:43>: GL_OUT_OF_MEMORY
W/Adreno200-EGL( 455): <qeglDrvAPI_eglSwapBuffers:3482>: EGL_BAD_ALLOC
W/Adreno200-EGLSUB( 455): <GetBackBuffer:2181>: handle base address is NULL
W/Adreno200-ES20( 455): <gl2_surface_swap:43>: GL_OUT_OF_MEMORY
W/Adreno200-EGL( 455): <qeglDrvAPI_eglSwapBuffers:3482>: EGL_BAD_ALLOC
W/Adreno200-EGLSUB( 455): <GetBackBuffer:2181>: handle base address is NULL
W/Adreno200-ES20( 455): <gl2_surface_swap:43>: GL_OUT_OF_MEMORY
W/Adreno200-EGL( 455): <qeglDrvAPI_eglSwapBuffers:3482>: EGL_BAD_ALLOC
W/Adreno200-EGLSUB( 455): <GetBackBuffer:2181>: handle base address is NULL
W/Adreno200-ES20( 455): <gl2_surface_swap:43>: GL_OUT_OF_MEMORY
W/Adreno200-EGL( 455): <qeglDrvAPI_eglSwapBuffers:3482>: EGL_BAD_ALLOC
D/dalvikvm( 143): DexOpt: --- END 'core.jar' (success) ---
D/dalvikvm( 143): DEX prep '/system/framework/core.jar': unzip in 140ms, rewrite 1800ms
W/Adreno200-EGLSUB( 455): <GetBackBuffer:2181>: handle base address is NULL
W/Adreno200-ES20( 455): <gl2_surface_swap:43>: GL_OUT_OF_MEMORY
W/Adreno200-EGL( 455): <qeglDrvAPI_eglSwapBuffers:3482>: EGL_BAD_ALLOC
D/dalvikvm( 143): DexOpt: --- BEGIN 'core-junit.jar' (bootstrap=1) ---
D/dalvikvm( 484): DexOpt: load 4ms, verify+opt 11ms, 140460 bytes
W/Adreno200-EGLSUB( 455): <GetBackBuffer:2181>: handle base address is NULL
W/Adreno200-ES20( 455): <gl2_surface_swap:43>: GL_OUT_OF_MEMORY
W/Adreno200-EGL( 455): <qeglDrvAPI_eglSwapBuffers:3482>: EGL_BAD_ALLOC
W/Adreno200-EGLSUB( 455): <GetBackBuffer:2181>: handle base address is NULL
W/Adreno200-ES20( 455): <gl2_surface_swap:43>: GL_OUT_OF_MEMORY
W/Adreno200-EGL( 455): <qeglDrvAPI_eglSwapBuffers:3482>: EGL_BAD_ALLOC
D/dalvikvm( 143): DexOpt: --- END 'core-junit.jar' (success) ---
D/dalvikvm( 143): DEX prep '/system/framework/core-junit.jar': unzip in 0ms, rewrite 84ms
W/Adreno200-EGLSUB( 455): <GetBackBuffer:2181>: handle base address is NULL
W/Adreno200-ES20( 455): <gl2_surface_swap:43>: GL_OUT_OF_MEMORY
W/Adreno200-EGL( 455): <qeglDrvAPI_eglSwapBuffers:3482>: EGL_BAD_ALLOC
